{"id":737058,"date":"2025-08-27T23:20:23","date_gmt":"2025-08-27T20:20:23","guid":{"rendered":"https:\/\/roveyayinevi.com.tr\/index.php\/urun\/birinci-dunya-savasinda-makedonya-muslumanlari\/"},"modified":"2026-04-16T02:46:34","modified_gmt":"2026-04-15T23:46:34","slug":"birinci-dunya-savasinda-makedonya-muslumanlari","status":"publish","type":"product","link":"https:\/\/roveyayinevi.com.tr\/index.php\/urun\/birinci-dunya-savasinda-makedonya-muslumanlari\/","title":{"rendered":"Birinci D\u00fcnya Sava\u015f\u0131&#8217;nda Makedonya M\u00fcsl\u00fcmanlar\u0131"},"content":{"rendered":"<p>Birinci D\u00fcnya Sava\u015f\u0131\u2019n\u0131n b\u00fct\u00fcn y\u0131k\u0131c\u0131l\u0131\u011f\u0131yla s\u00fcrd\u00fc\u011f\u00fc 1916\u2019da Bulgar Genelkurmay\u0131, \u00fclkenin \u00f6nde gelen bilim insanlar\u0131n\u0131 saha ara\u015ft\u0131rmalar\u0131 yapmak \u00fczere Makedonya\u2019ya g\u00f6nderdi. Bulgaristan\u2019da T\u00fcrkolojinin bilimsel temellerini atan ve uzun y\u0131llar Sofya \u00dcniversitesi\u2019nde T\u00fcrk\u00e7e dersleri okutan Dimit\u0131r Gacanov da T\u00fcrkler, Arnavutlar ve Pomaklardan olu\u015fan Makedonya M\u00fcsl\u00fcman toplulu\u011funu ara\u015ft\u0131rmakla g\u00f6revlendirildi. \u0130ki ay boyunca Makedonya topraklar\u0131n\u0131 enine boyuna dola\u015fan bilim insan\u0131n\u0131n demografik yap\u0131y\u0131 g\u00f6steren tablolar e\u015fli\u011finde haz\u0131rlad\u0131\u011f\u0131 rapor \u00f6nemli bir kaynak belge niteli\u011fi kazanm\u0131\u015ft\u0131r. Bulgar T\u00fcrkolo\u011fun raporu, Birinci D\u00fcnya Sava\u015f\u0131 y\u0131llar\u0131nda Makedonya \u00f6zelinde ve Balkanlar genelinde geli\u015fen tarih\u00ee hadiselerin ve demografik s\u00fcre\u00e7lerin daha iyi anla\u015f\u0131lmas\u0131na ve \u00e7\u00f6z\u00fcmlenmesine \u00f6nemli katk\u0131 sa\u011flamaktad\u0131r. <\/p>\n","protected":false},"excerpt":{"rendered":"<p>Birinci D\u00fcnya Sava\u015f\u0131\u2019n\u0131n b\u00fct\u00fcn y\u0131k\u0131c\u0131l\u0131\u011f\u0131yla s\u00fcrd\u00fc\u011f\u00fc 1916\u2019da Bulgar Genelkurmay\u0131, \u00fclkenin \u00f6nde gelen bilim insanlar\u0131n\u0131 saha ara\u015ft\u0131rmalar\u0131 yapmak \u00fczere Makedonya\u2019ya g\u00f6nderdi. Bulgaristan\u2019da T\u00fcrkolojinin bilimsel temellerini atan ve<span class=\"excerpt-hellip\"> [\u2026]<\/span><\/p>\n","protected":false},"featured_media":0,"template":"","meta":{"_monsterinsights_skip_tracking":false,"_monsterinsights_sitenote_active":false,"_monsterinsights_sitenote_note":"","_monsterinsights_sitenote_category":0},"product_brand":[],"product_cat":[12370,12304],"product_tag":[],"class_list":{"0":"post-737058","1":"product","2":"type-product","3":"status-publish","5":"product_cat-arastirma-inceleme","6":"product_cat-tarih","7":"pa_cilt-ciltsiz","8":"pa_tur-kitap","9":"pa_yayinevi-yeditepe-yayinevi","10":"pa_yazar-dimitir-gacanov","12":"first","13":"instock","14":"sale","15":"shipping-taxable","16":"purchasable","17":"product-type-simple"},"_links":{"self":[{"href":"https:\/\/roveyayinevi.com.tr\/index.php\/wp-json\/wp\/v2\/product\/737058","targetHints":{"allow":["GET"]}}],"collection":[{"href":"https:\/\/roveyayinevi.com.tr\/index.php\/wp-json\/wp\/v2\/product"}],"about":[{"href":"https:\/\/roveyayinevi.com.tr\/index.php\/wp-json\/wp\/v2\/types\/product"}],"wp:attachment":[{"href":"https:\/\/roveyayinevi.com.tr\/index.php\/wp-json\/wp\/v2\/media?parent=737058"}],"wp:term":[{"taxonomy":"product_brand","embeddable":true,"href":"https:\/\/roveyayinevi.com.tr\/index.php\/wp-json\/wp\/v2\/product_brand?post=737058"},{"taxonomy":"product_cat","embeddable":true,"href":"https:\/\/roveyayinevi.com.tr\/index.php\/wp-json\/wp\/v2\/product_cat?post=737058"},{"taxonomy":"product_tag","embeddable":true,"href":"https:\/\/roveyayinevi.com.tr\/index.php\/wp-json\/wp\/v2\/product_tag?post=737058"}],"curies":[{"name":"wp","href":"https:\/\/api.w.org\/{rel}","templated":true}]}}