{"id":737045,"date":"2025-08-27T23:20:12","date_gmt":"2025-08-27T20:20:12","guid":{"rendered":"https:\/\/roveyayinevi.com.tr\/index.php\/urun\/charles-darwin-kaya-midyesi-ve-david-bowie-orumcegi\/"},"modified":"2026-04-16T02:46:34","modified_gmt":"2026-04-15T23:46:34","slug":"charles-darwin-kaya-midyesi-ve-david-bowie-orumcegi","status":"publish","type":"product","link":"https:\/\/roveyayinevi.com.tr\/index.php\/urun\/charles-darwin-kaya-midyesi-ve-david-bowie-orumcegi\/","title":{"rendered":"Charles Darwin Kaya Midyesi ve David Bowie \u00d6r\u00fcmce\u011fi"},"content":{"rendered":"<p>Bitki ve hayvanlar\u0131n bilimsel isimleri \u00e7o\u011fumuza anla\u015f\u0131lmaz gelir; bu Latince terimlerin ancak, tozlu odalarda b\u00fcy\u00fcte\u00e7lerle acayip numuneleri inceleyen taksonomistler i\u00e7in ilgi \u00e7ekici olabilece\u011fini d\u00fc\u015f\u00fcn\u00fcr\u00fcz genelde. Evrimsel ekolog Stephen B. Heard ise bize bu \u00f6nyarg\u0131n\u0131n ne kadar yanl\u0131\u015f oldu\u011funu, bilimsel isimlerin ard\u0131nda ne kadar ilgin\u00e7 hik\u00e2yelerin yatabildi\u011fini g\u00f6steriyor.   \u0130sve\u00e7li botanik\u00e7i Carl Linnaeus\u2019\u0131n icad\u0131 olan isimlendirme sistemi sayesinde, bilimsel isimlerin (\u00f6zellikle de belli ki\u015filere g\u00f6nderme yapan \u201ceponim\u201d isimlerin) biliminsanlar\u0131n\u0131n ki\u015filiklerine a\u00e7\u0131lan bir pencere haline geldi\u011fini belirten Heard \u015f\u00f6yle diyor: \u201cEponim isimlerin a\u00e7t\u0131\u011f\u0131 pencereden bakt\u0131\u011f\u0131m\u0131zda, insanl\u0131\u011f\u0131n en iyi ve en k\u00f6t\u00fc yanlar\u0131n\u0131 g\u00f6r\u00fcr\u00fcz. Bilimin, i\u00e7inde \u00e7ok\u00e7a ki\u015filik ve tarih bar\u0131nd\u0131ran b\u00fct\u00fcn\u00fcyle insani bir faaliyet oldu\u011funu ve isimlendirilen t\u00fcr, ona ismini veren ki\u015fi ve isimlendirmeyi yapan biliminsan\u0131 aras\u0131ndaki \u015fa\u015f\u0131rt\u0131c\u0131 ba\u011flant\u0131larla \u015fekillendirildi\u011fini anlar\u0131z.\u201d   Bu isimlerin g\u00f6nderme yapt\u0131\u011f\u0131 ki\u015filer aras\u0131nda kimler yok ki: Charles Darwin ve Alexander von Humboldt gibi me\u015fhur biliminsanlar\u0131; Maria Sibylla Merian gibi, daha az bilinen ama bitki ve hayvan bilimine b\u00fcy\u00fck katk\u0131s\u0131 olmu\u015f insanlar; David Bowie, Beyonc\u00e9 ve Frank Zappa gibi m\u00fczisyenler; Harry Potter ve Y\u00fcz\u00fcklerin Efendisi gibi fantastik romanlar\u0131n ve di\u011fer edebi t\u00fcrlerden eserlerin kahramanlar\u0131; hatta (ne yaz\u0131k ki) Hitler gibi diktat\u00f6rler \u2013 ve daha niceleri.    A\u015fktan nefrete, hayranl\u0131k ve minnetten horg\u00f6r\u00fc ve intikama bir\u00e7ok insani duyguyu bar\u0131nd\u0131ran hik\u00e2yelerle \u00f6r\u00fcl\u00fc olan ve bilim prati\u011finin g\u00fczel yanlar\u0131na oldu\u011fu kadar kimi eksiklerine de dikkat \u00e7eken bu kitab\u0131 b\u00fct\u00fcn bilimseverlere tavsiye ediyoruz. <\/p>\n","protected":false},"excerpt":{"rendered":"<p>Bitki ve hayvanlar\u0131n bilimsel isimleri \u00e7o\u011fumuza anla\u015f\u0131lmaz gelir; bu Latince terimlerin ancak, tozlu odalarda b\u00fcy\u00fcte\u00e7lerle acayip numuneleri inceleyen taksonomistler i\u00e7in ilgi \u00e7ekici olabilece\u011fini d\u00fc\u015f\u00fcn\u00fcr\u00fcz genelde. Evrimsel<span class=\"excerpt-hellip\"> [\u2026]<\/span><\/p>\n","protected":false},"featured_media":0,"template":"","meta":{"_monsterinsights_skip_tracking":false,"_monsterinsights_sitenote_active":false,"_monsterinsights_sitenote_note":"","_monsterinsights_sitenote_category":0},"product_brand":[],"product_cat":[13005,13010],"product_tag":[],"class_list":{"0":"post-737045","1":"product","2":"type-product","3":"status-publish","5":"product_cat-bilim-muhendislik","6":"product_cat-doga-bilimleri","7":"pa_cilt-ciltsiz","8":"pa_tur-kitap","9":"pa_yayinevi-metis-yayinlari","10":"pa_yazar-stephen-b-heard","12":"first","13":"instock","14":"sale","15":"shipping-taxable","16":"purchasable","17":"product-type-simple"},"_links":{"self":[{"href":"https:\/\/roveyayinevi.com.tr\/index.php\/wp-json\/wp\/v2\/product\/737045","targetHints":{"allow":["GET"]}}],"collection":[{"href":"https:\/\/roveyayinevi.com.tr\/index.php\/wp-json\/wp\/v2\/product"}],"about":[{"href":"https:\/\/roveyayinevi.com.tr\/index.php\/wp-json\/wp\/v2\/types\/product"}],"wp:attachment":[{"href":"https:\/\/roveyayinevi.com.tr\/index.php\/wp-json\/wp\/v2\/media?parent=737045"}],"wp:term":[{"taxonomy":"product_brand","embeddable":true,"href":"https:\/\/roveyayinevi.com.tr\/index.php\/wp-json\/wp\/v2\/product_brand?post=737045"},{"taxonomy":"product_cat","embeddable":true,"href":"https:\/\/roveyayinevi.com.tr\/index.php\/wp-json\/wp\/v2\/product_cat?post=737045"},{"taxonomy":"product_tag","embeddable":true,"href":"https:\/\/roveyayinevi.com.tr\/index.php\/wp-json\/wp\/v2\/product_tag?post=737045"}],"curies":[{"name":"wp","href":"https:\/\/api.w.org\/{rel}","templated":true}]}}