{"id":737042,"date":"2025-08-27T23:20:09","date_gmt":"2025-08-27T20:20:09","guid":{"rendered":"https:\/\/roveyayinevi.com.tr\/index.php\/urun\/elestirel-uluslararasi-politik-ekonomi-2\/"},"modified":"2026-04-16T02:46:34","modified_gmt":"2026-04-15T23:46:34","slug":"elestirel-uluslararasi-politik-ekonomi-2","status":"publish","type":"product","link":"https:\/\/roveyayinevi.com.tr\/index.php\/urun\/elestirel-uluslararasi-politik-ekonomi-2\/","title":{"rendered":"Ele\u015ftirel Uluslararas\u0131 Politik Ekonomi 2"},"content":{"rendered":"<p>So\u011fuk Sava\u015f\u2019\u0131n sona erdi\u011fi 1989 y\u0131l\u0131ndan 2007-2008 finansal krizine kadar ABD tek kutuplu bir d\u00fcnyan\u0131n hegemonik g\u00fcc\u00fc oldu. Bu tarihten sonra ABD hegemonyas\u0131n\u0131 sorgulayan yeni g\u00fc\u00e7ler \u00e7\u0131kt\u0131 ve tek kutuplu sistem sona erdi.  D\u00fcnya sisteminde  y\u00fckselen g\u00fc\u00e7ler ad\u0131 verilen ve Brezilya, Rusya, Hindistan, \u00c7in, G\u00fcney Afrika gibi \u00fclkelerden olu\u015fan (BRICS) yeni grupla\u015fmalar ortaya \u00e7\u0131kt\u0131. Hegemonik sistemin zay\u0131flamas\u0131yla sesleri y\u00fckselen bu \u00fclkeler artan ekonomik g\u00fc\u00e7lerine paralel olarak d\u00fcnya sisteminde yerlerini yeniden tan\u0131mlama \u00e7abas\u0131na girdiler. Bu geli\u015fmelere paralel olarak b\u00f6lge ve b\u00f6lgesel g\u00fc\u00e7lere gittik\u00e7e artan bir kuramsal ilgi geli\u015fti.  B\u00f6lge nedir, b\u00f6lgesel g\u00fc\u00e7ler nas\u0131l tan\u0131mlanmal\u0131d\u0131r, b\u00f6lgesel hegemonya nas\u0131l olu\u015fur gibi sorular g\u00fcndeme geldi. Bu kitap d\u00fcnya sisteminin bu b\u00f6lgesel dinamiklerini Ele\u015ftirel Uluslararas\u0131 Politik Ekonomi a\u00e7\u0131s\u0131ndan de\u011ferlendiriyor ve b\u00f6lge olgusuna y\u00f6nelik, ana ak\u0131m Uluslararas\u0131 \u0130li\u015fkiler yakla\u015f\u0131mlar\u0131ndan \u00e7ok daha farkl\u0131 bir bak\u0131\u015f i\u00e7eriyor. B\u00f6lgeler statik ve dura\u011fan birimler olarak de\u011fil, dinamik, s\u0131n\u0131rlar\u0131 s\u00fcrekli olarak de\u011fi\u015fen tarihsel olu\u015fumlar olarak ele al\u0131n\u0131yor. B\u00f6lgeleri kapitalist d\u00fcnya ekonomisinin dinamikleri \u00e7er\u00e7evesinde de\u011ferlendirerek sosyolojik bir b\u00f6lge ve b\u00f6lge \u00e7al\u0131\u015fmalar\u0131 anlay\u0131\u015f\u0131na \u00f6nc\u00fcl\u00fck ediyor.B\u00f6lgesel Politik Ekonomi ve Ele\u015ftirel B\u00f6lge \u00c7al\u0131\u015fmalar\u0131 FARUK YALVA\u00c7 \u2022 ABD D\u0131\u015f Politikas\u0131n\u0131n Ele\u015ftirel Politik Ekonomisi: ABD Hegemonyas\u0131n\u0131n Toplumsal Kaynaklar\u0131 KLEVIS KOLASI \u2022 Avrupa Entegrasyonu, Ele\u015ftirel Politik Ekonomi Yaz\u0131n\u0131 ve Literat\u00fcre Katk\u0131lar\u0131 Elif UZG\u00d6REN &#8211; SEVG\u0130 \u00c7\u0130L\u0130NG\u0130R \u2022 Avrupa\u2019n\u0131n  Di\u011fer Periferisi JOACHIM BECKER \u2022 Neoliberalizm, Azgeli\u015fmi\u015fli\u011fin Geli\u015fmesi ve Letonya Hastal\u0131\u011f\u0131 JANIS BERZINS \u2022 Avrasya Birli\u011fi ve BRICS Sald\u0131r\u0131 Alt\u0131nda KEES VAN DER PIJL \u2022 Tayvan ve Uzakdo\u011fu\u2019da Hegemonik Liderlik M\u00fccadelesi FARUK YALVA\u00c7 \u2022 \u00c7in\u2019in Neoliberal D\u00f6n\u00fc\u015f\u00fcm\u00fc ve Kapitalist D\u00fcnya-Ekonomi\u2019ye Eklemlenmesi EMRE DEM\u0130R \u2022 Altyap\u0131 Yat\u0131r\u0131mlar\u0131n\u0131n Ekonomi-Politi\u011fi: \u00c7in Kamu \u0130ktisadi Te\u015febb\u00fcslerinin Ku\u015fak ve Yol Projesindeki Rol\u00fc ve \u00d6nemi N\u0130LG\u00dcN EL\u0130K\u00dc\u00c7\u00dcK YILDIRIM \u2022 Ortado\u011fu\u2019da Sosyo-Ekolojik \u00c7at\u0131\u015fma, \u0130\u015fbirli\u011fi ve K\u0131tl\u0131\u011f\u0131n Politik Ekonomisi YELDA ER\u00c7ANDIRLI \u2022 K\u00f6rfez \u0130\u015fbirli\u011fi Konseyi\u2019nde Ge\u00e7ici G\u00f6\u00e7men Eme\u011fi ve S\u0131n\u0131f\u0131n Mekansal Yap\u0131lanmas\u0131 ADAM HANIEH \u2022 T\u00fcrkiye Sermayesi Geni\u015flerken: T\u00fcrkiye\u2019nin Sahra-alt\u0131 Afrika Politikas\u0131n\u0131 Yeniden Tart\u0131\u015fmak G\u00d6NEN\u00c7 UYSAL \u2022 Suriye\u2019nin Sosyo-politik D\u00f6n\u00fc\u015f\u00fcm\u00fcn\u00fcn E\u015fitsiz ve Birle\u015fik Geli\u015fmeci Bir De\u011ferlendirmesi: \u201cAskeri-Ticari Kompleksin\u201d Politik Ekonomisi H\u0130KMET MENG\u00dcASLAN \u2022 Brezilya\u2019da Sermayenin Ulusa\u015f\u0131r\u0131 Birikim S\u00fcre\u00e7leri ve Alt-Emperyalist Geli\u015fme ESRA AKGEMC\u0130 \u2022 Altemperyalizm ve Meksika D\u0131\u015f Politikas\u0131nda De\u011fi\u015fimin Politik Ekonomisi ERTAN EROL <\/p>\n","protected":false},"excerpt":{"rendered":"<p>So\u011fuk Sava\u015f\u2019\u0131n sona erdi\u011fi 1989 y\u0131l\u0131ndan 2007-2008 finansal krizine kadar ABD tek kutuplu bir d\u00fcnyan\u0131n hegemonik g\u00fcc\u00fc oldu. Bu tarihten sonra ABD hegemonyas\u0131n\u0131 sorgulayan yeni g\u00fc\u00e7ler<span class=\"excerpt-hellip\"> [\u2026]<\/span><\/p>\n","protected":false},"featured_media":0,"template":"","meta":{"_monsterinsights_skip_tracking":false,"_monsterinsights_sitenote_active":false,"_monsterinsights_sitenote_note":"","_monsterinsights_sitenote_category":0},"product_brand":[],"product_cat":[12337,17225],"product_tag":[],"class_list":{"0":"post-737042","1":"product","2":"type-product","3":"status-publish","5":"product_cat-politika-siyaset","6":"product_cat-uluslararasi-iliskiler","7":"pa_cilt-ciltsiz","8":"pa_tur-kitap","9":"pa_yayinevi-nika-yayinevi","10":"pa_yazar-faruk-yalvac-yelda-ercandirli","12":"first","13":"instock","14":"sale","15":"shipping-taxable","16":"purchasable","17":"product-type-simple"},"_links":{"self":[{"href":"https:\/\/roveyayinevi.com.tr\/index.php\/wp-json\/wp\/v2\/product\/737042","targetHints":{"allow":["GET"]}}],"collection":[{"href":"https:\/\/roveyayinevi.com.tr\/index.php\/wp-json\/wp\/v2\/product"}],"about":[{"href":"https:\/\/roveyayinevi.com.tr\/index.php\/wp-json\/wp\/v2\/types\/product"}],"wp:attachment":[{"href":"https:\/\/roveyayinevi.com.tr\/index.php\/wp-json\/wp\/v2\/media?parent=737042"}],"wp:term":[{"taxonomy":"product_brand","embeddable":true,"href":"https:\/\/roveyayinevi.com.tr\/index.php\/wp-json\/wp\/v2\/product_brand?post=737042"},{"taxonomy":"product_cat","embeddable":true,"href":"https:\/\/roveyayinevi.com.tr\/index.php\/wp-json\/wp\/v2\/product_cat?post=737042"},{"taxonomy":"product_tag","embeddable":true,"href":"https:\/\/roveyayinevi.com.tr\/index.php\/wp-json\/wp\/v2\/product_tag?post=737042"}],"curies":[{"name":"wp","href":"https:\/\/api.w.org\/{rel}","templated":true}]}}