{"id":737035,"date":"2025-08-27T23:20:03","date_gmt":"2025-08-27T20:20:03","guid":{"rendered":"https:\/\/roveyayinevi.com.tr\/index.php\/urun\/medeniyet-tasavvuru\/"},"modified":"2026-04-16T02:46:02","modified_gmt":"2026-04-15T23:46:02","slug":"medeniyet-tasavvuru","status":"publish","type":"product","link":"https:\/\/roveyayinevi.com.tr\/index.php\/urun\/medeniyet-tasavvuru\/","title":{"rendered":"Medeniyet Tasavvuru"},"content":{"rendered":"<p>Hikmeti yitiren hayat, bayatlar, solar. Hakikati yitiren hayatsa, insan\u0131 yaln\u0131zca a\u011flar\u0131na ba\u011flar, soldurur. \u0130lim, hakikatin \u2018s\u00f6z\u2019 h\u00e2lidir. \u0130rfan, hakikatin \u2018g\u00f6z\u2019 (kalp g\u00f6z\u00fc) h\u00e2lidir. Hikmetse hakikatin \u00f6z h\u00e2li. \u0130lim, \u2018\u00e7a\u011fr\u0131\u2019d\u0131r: \u0130l\u00e2h\u00ee \u00e7a\u011fr\u0131. \u0130rfan, \u2018\u00e7a\u011f\u2019d\u0131r: Nebev\u00ee \u00e7a\u011f. Hikmet\u2019se, \u00e7a\u011flayand\u0131r: \u0130l\u00e2h\u00ee \u2018\u00e7a\u011fr\u0131\u2019yla bulu\u015fan, nebev\u00ee \u2018\u00e7a\u011f\u2019la olu\u015fan insan\u0131n, hakikati \u00e7a\u011flayana d\u00f6n\u00fc\u015ft\u00fcrme \u00e7abas\u0131. \u0130lim, \u2018s\u00f6z\u2019\u00fc zenginle\u015ftirir. \u0130rfan, \u2018g\u00f6z\u2019\u00fc derinle\u015ftirir. Hikmet\u2019se, \u2018\u00f6z\u2019\u00fc g\u00fcrle\u015ftirir. \u0130lim, \u2018ribat\u2019t\u0131r: Hakikate ba\u011flanma. \u0130rfan, \u2018irtibat\u2019t\u0131r: Hakikatin ba\u011flar\u0131n\u0131 birbirine ba\u011flama. Hikmet\u2019se, \u2018r\u00e2b\u0131ta\u2019d\u0131r: Ba\u011f kurma, \u00e7a\u011f kurma, \u2018\u00e7a\u011fr\u0131\u2019y\u0131 g\u00fcr\u00fcl g\u00fcr\u00fcl akan, insan\u0131 y\u0131kay\u0131p ar\u0131nd\u0131ran bir \u2018\u00e7a\u011flayan\u2019a kavu\u015fturma. \u0130lim, \u2018bak\u0131\u015f\u2019t\u0131r. \u0130rfan, \u2018ak\u0131\u015f\u2019t\u0131r. Hikmet\u2019se var\u0131\u015f. H\u00e2s\u0131l-\u0131 kel\u00e2m, ilim, hakikatin topra\u011fa d\u00fc\u015f\u00fcr\u00fclen tohumudur. \u0130rfan, hakikat a\u011fac\u0131n\u0131n tomurcuklanmas\u0131d\u0131r. Hikmetse, filizlenen, ye\u015feren, tomurcuklanan hakikat a\u011fac\u0131n\u0131n meyveye durmas\u0131. <\/p>\n","protected":false},"excerpt":{"rendered":"<p>Hikmeti yitiren hayat, bayatlar, solar. Hakikati yitiren hayatsa, insan\u0131 yaln\u0131zca a\u011flar\u0131na ba\u011flar, soldurur. \u0130lim, hakikatin \u2018s\u00f6z\u2019 h\u00e2lidir. \u0130rfan, hakikatin \u2018g\u00f6z\u2019 (kalp g\u00f6z\u00fc) h\u00e2lidir. Hikmetse hakikatin \u00f6z<span class=\"excerpt-hellip\"> [\u2026]<\/span><\/p>\n","protected":false},"featured_media":0,"template":"","meta":{"_monsterinsights_skip_tracking":false,"_monsterinsights_sitenote_active":false,"_monsterinsights_sitenote_note":"","_monsterinsights_sitenote_category":0},"product_brand":[],"product_cat":[12370,12304],"product_tag":[],"class_list":{"0":"post-737035","1":"product","2":"type-product","3":"status-publish","5":"product_cat-arastirma-inceleme","6":"product_cat-tarih","7":"pa_cilt-ciltsiz","8":"pa_tur-kitap","9":"pa_yayinevi-nesil-yayinlari","10":"pa_yazar-yusuf-kaplan","12":"first","13":"instock","14":"sale","15":"shipping-taxable","16":"purchasable","17":"product-type-simple"},"_links":{"self":[{"href":"https:\/\/roveyayinevi.com.tr\/index.php\/wp-json\/wp\/v2\/product\/737035","targetHints":{"allow":["GET"]}}],"collection":[{"href":"https:\/\/roveyayinevi.com.tr\/index.php\/wp-json\/wp\/v2\/product"}],"about":[{"href":"https:\/\/roveyayinevi.com.tr\/index.php\/wp-json\/wp\/v2\/types\/product"}],"wp:attachment":[{"href":"https:\/\/roveyayinevi.com.tr\/index.php\/wp-json\/wp\/v2\/media?parent=737035"}],"wp:term":[{"taxonomy":"product_brand","embeddable":true,"href":"https:\/\/roveyayinevi.com.tr\/index.php\/wp-json\/wp\/v2\/product_brand?post=737035"},{"taxonomy":"product_cat","embeddable":true,"href":"https:\/\/roveyayinevi.com.tr\/index.php\/wp-json\/wp\/v2\/product_cat?post=737035"},{"taxonomy":"product_tag","embeddable":true,"href":"https:\/\/roveyayinevi.com.tr\/index.php\/wp-json\/wp\/v2\/product_tag?post=737035"}],"curies":[{"name":"wp","href":"https:\/\/api.w.org\/{rel}","templated":true}]}}