{"id":737024,"date":"2025-08-27T23:19:43","date_gmt":"2025-08-27T20:19:43","guid":{"rendered":"https:\/\/roveyayinevi.com.tr\/index.php\/urun\/tek-ve-tenha-akif-emre\/"},"modified":"2026-04-16T02:46:01","modified_gmt":"2026-04-15T23:46:01","slug":"tek-ve-tenha-akif-emre","status":"publish","type":"product","link":"https:\/\/roveyayinevi.com.tr\/index.php\/urun\/tek-ve-tenha-akif-emre\/","title":{"rendered":"Tek ve Tenha Akif Emre"},"content":{"rendered":"<p>\u00c2kif Emre modern d\u00fc\u015f\u00fcnceye eklemlenmeye \u00e7al\u0131\u015f\u0131lan \u0130sl\u00e2mc\u0131l\u0131\u011f\u0131 gelene\u011fe, tarih\u00ee tecr\u00fcbeye yaslad\u0131. Modern \u015fehir ve mek\u00e2n telakkisine kar\u015f\u0131 \u0130sl\u00e2m \u015fehirlerinin alt\u0131n\u0131 \u00e7izdi. \u0130sl\u00e2m tarihinin ve M\u00fcsl\u00fcmanlar\u0131n ortaya koyduklar\u0131n\u0131n bir kurgu de\u011fil, ger\u00e7eklik oldu\u011funu \u0131srarla belirtti. Tarihimizdeki \u00e2lim, vel\u00ee, \u00fcstad ve yazarlar\u0131n \u201cruhbanlar\u201d olmad\u0131\u011f\u0131n\u0131 hat\u0131rlatt\u0131. Bat\u0131\u2019n\u0131n ve Modernite\u2019nin evrensel olmad\u0131\u011f\u0131n\u0131 \u0131srarla belirtti. \u0130sl\u00e2m d\u00fc\u015f\u00fcncesinin ve medeniyetinin \u00f6l\u00fc olmad\u0131\u011f\u0131n\u0131, durduruldu\u011funu ve bundan dolay\u0131 da h\u00e2l\u00e2 bug\u00fcn modern d\u00fcnya ve insana en \u00f6nemli imk\u00e2n oldu\u011funu s\u00f6yledi. Modernle\u015fen, selef\u00eele\u015fen, h\u00e2ric\u00eele\u015fen, muhafazak\u00e2rla\u015fan bir d\u00fcnyada b\u00fct\u00fcn imkans\u0131zl\u0131klara ra\u011fmen M\u00fcsl\u00fcmanca durman\u0131n, ya\u015faman\u0131n, ahlakl\u0131 ve ilkeli bir insan olarak kalman\u0131n \u00f6rnek ahlak\u0131n\u0131 ve karakterini g\u00f6sterdi. <\/p>\n","protected":false},"excerpt":{"rendered":"<p>\u00c2kif Emre modern d\u00fc\u015f\u00fcnceye eklemlenmeye \u00e7al\u0131\u015f\u0131lan \u0130sl\u00e2mc\u0131l\u0131\u011f\u0131 gelene\u011fe, tarih\u00ee tecr\u00fcbeye yaslad\u0131. Modern \u015fehir ve mek\u00e2n telakkisine kar\u015f\u0131 \u0130sl\u00e2m \u015fehirlerinin alt\u0131n\u0131 \u00e7izdi. \u0130sl\u00e2m tarihinin ve M\u00fcsl\u00fcmanlar\u0131n ortaya<span class=\"excerpt-hellip\"> [\u2026]<\/span><\/p>\n","protected":false},"featured_media":0,"template":"","meta":{"_monsterinsights_skip_tracking":false,"_monsterinsights_sitenote_active":false,"_monsterinsights_sitenote_note":"","_monsterinsights_sitenote_category":0},"product_brand":[],"product_cat":[13072,12291],"product_tag":[],"class_list":{"0":"post-737024","1":"product","2":"type-product","3":"status-publish","5":"product_cat-arastirma-inceleme-referans","6":"product_cat-edebiyat","7":"pa_cilt-ciltsiz","8":"pa_tur-kitap","9":"pa_yayinevi-muhit-kitap","10":"pa_yazar-dursun-cicek","12":"first","13":"instock","14":"sale","15":"shipping-taxable","16":"purchasable","17":"product-type-simple"},"_links":{"self":[{"href":"https:\/\/roveyayinevi.com.tr\/index.php\/wp-json\/wp\/v2\/product\/737024","targetHints":{"allow":["GET"]}}],"collection":[{"href":"https:\/\/roveyayinevi.com.tr\/index.php\/wp-json\/wp\/v2\/product"}],"about":[{"href":"https:\/\/roveyayinevi.com.tr\/index.php\/wp-json\/wp\/v2\/types\/product"}],"wp:attachment":[{"href":"https:\/\/roveyayinevi.com.tr\/index.php\/wp-json\/wp\/v2\/media?parent=737024"}],"wp:term":[{"taxonomy":"product_brand","embeddable":true,"href":"https:\/\/roveyayinevi.com.tr\/index.php\/wp-json\/wp\/v2\/product_brand?post=737024"},{"taxonomy":"product_cat","embeddable":true,"href":"https:\/\/roveyayinevi.com.tr\/index.php\/wp-json\/wp\/v2\/product_cat?post=737024"},{"taxonomy":"product_tag","embeddable":true,"href":"https:\/\/roveyayinevi.com.tr\/index.php\/wp-json\/wp\/v2\/product_tag?post=737024"}],"curies":[{"name":"wp","href":"https:\/\/api.w.org\/{rel}","templated":true}]}}