{"id":737022,"date":"2025-08-27T23:19:41","date_gmt":"2025-08-27T20:19:41","guid":{"rendered":"https:\/\/roveyayinevi.com.tr\/index.php\/urun\/bir-boru-hatti-nasil-patlatilir\/"},"modified":"2026-04-16T02:46:01","modified_gmt":"2026-04-15T23:46:01","slug":"bir-boru-hatti-nasil-patlatilir","status":"publish","type":"product","link":"https:\/\/roveyayinevi.com.tr\/index.php\/urun\/bir-boru-hatti-nasil-patlatilir\/","title":{"rendered":"Bir Boru Hatt\u0131 Nas\u0131l Patlat\u0131l\u0131r"},"content":{"rendered":"<p>\u00dcnl\u00fc iklim ara\u015ft\u0131rmac\u0131s\u0131 (ve SUV lastiklerini s\u00f6nd\u00fcren ve k\u00f6m\u00fcr madenlerindeki sabotajlar\u0131 ger\u00e7ekle\u015ftiren aktivistlerden biri olan) Andreas Malm, kar\u015f\u0131 kar\u015f\u0131ya kald\u0131\u011f\u0131m\u0131z ekolojik \u00e7\u00f6k\u00fc\u015f s\u00fcrecinde, iklim hareketinin kulland\u0131\u011f\u0131 y\u00f6ntemlerin daha da keskinle\u015fmesi i\u00e7in ate\u015fli bir \u00e7a\u011fr\u0131 yap\u0131yor.Diktat\u00f6rleri ala\u015fa\u011f\u0131 eden halk devrimlerinden, apartheid kar\u015f\u0131t\u0131 harekete ve kad\u0131nlar\u0131n oy hakk\u0131 i\u00e7in s\u00fcfrajetlerin sabotajlar\u0131yla ger\u00e7ekle\u015fen kitlesel de\u011fi\u015fimin nas\u0131l ger\u00e7ekle\u015fti\u011fine de\u011fin bir kar\u015f\u0131 tarih anlat\u0131m\u0131 da sunan Malm, m\u00fclkiyet y\u0131k\u0131m\u0131n\u0131n ve hayatlara zarar vermeden ger\u00e7ekle\u015ftirilecek bir \u015fiddet bi\u00e7iminin stratejik olarak kabul edilmesinin devrimci de\u011fi\u015fim i\u00e7in tek yol oldu\u011funu savunuyor.Almanya ormanlar\u0131ndan Londra sokaklar\u0131na, \u0130ran\u2019dan Irak \u00e7\u00f6llerine kadar ya\u015fanan farkl\u0131 eylem d\u00f6ng\u00fclerini kendine \u00f6zg\u00fc bir anlat\u0131mla sunan Malm, pasifizm ve \u015fiddet, demokrasi ve sosyal de\u011fi\u015fim, strateji ve taktikler ve son olarak da iklim hareketinin siyasi tavr\u0131 ve etik anlay\u0131\u015f\u0131 \u00fczerine hem y\u00fcreklerimize hitap ediyor hem de zihinlerimizi kurcalayan \u00e7arp\u0131c\u0131 bir tart\u0131\u015fma sunuyor: Sivil direni\u015f mi, yoksa sabotaj m\u0131? Alevler i\u00e7inde bir d\u00fcnyada nas\u0131l m\u00fccadele etmeliyiz?<\/p>\n","protected":false},"excerpt":{"rendered":"<p>\u00dcnl\u00fc iklim ara\u015ft\u0131rmac\u0131s\u0131 (ve SUV lastiklerini s\u00f6nd\u00fcren ve k\u00f6m\u00fcr madenlerindeki sabotajlar\u0131 ger\u00e7ekle\u015ftiren aktivistlerden biri olan) Andreas Malm, kar\u015f\u0131 kar\u015f\u0131ya kald\u0131\u011f\u0131m\u0131z ekolojik \u00e7\u00f6k\u00fc\u015f s\u00fcrecinde, iklim hareketinin kulland\u0131\u011f\u0131<span class=\"excerpt-hellip\"> [\u2026]<\/span><\/p>\n","protected":false},"featured_media":0,"template":"","meta":{"_monsterinsights_skip_tracking":false,"_monsterinsights_sitenote_active":false,"_monsterinsights_sitenote_note":"","_monsterinsights_sitenote_category":0},"product_brand":[],"product_cat":[13005,37328],"product_tag":[],"class_list":{"0":"post-737022","1":"product","2":"type-product","3":"status-publish","5":"product_cat-bilim-muhendislik","6":"product_cat-diger-bilim-muhendislik","7":"pa_cilt-ciltsiz","8":"pa_tur-kitap","9":"pa_yayinevi-ayrinti-yayinlari","10":"pa_yazar-andreas-malm","12":"first","13":"instock","14":"sale","15":"shipping-taxable","16":"purchasable","17":"product-type-simple"},"_links":{"self":[{"href":"https:\/\/roveyayinevi.com.tr\/index.php\/wp-json\/wp\/v2\/product\/737022","targetHints":{"allow":["GET"]}}],"collection":[{"href":"https:\/\/roveyayinevi.com.tr\/index.php\/wp-json\/wp\/v2\/product"}],"about":[{"href":"https:\/\/roveyayinevi.com.tr\/index.php\/wp-json\/wp\/v2\/types\/product"}],"wp:attachment":[{"href":"https:\/\/roveyayinevi.com.tr\/index.php\/wp-json\/wp\/v2\/media?parent=737022"}],"wp:term":[{"taxonomy":"product_brand","embeddable":true,"href":"https:\/\/roveyayinevi.com.tr\/index.php\/wp-json\/wp\/v2\/product_brand?post=737022"},{"taxonomy":"product_cat","embeddable":true,"href":"https:\/\/roveyayinevi.com.tr\/index.php\/wp-json\/wp\/v2\/product_cat?post=737022"},{"taxonomy":"product_tag","embeddable":true,"href":"https:\/\/roveyayinevi.com.tr\/index.php\/wp-json\/wp\/v2\/product_tag?post=737022"}],"curies":[{"name":"wp","href":"https:\/\/api.w.org\/{rel}","templated":true}]}}