{"id":737002,"date":"2025-08-27T23:19:20","date_gmt":"2025-08-27T20:19:20","guid":{"rendered":"https:\/\/roveyayinevi.com.tr\/index.php\/urun\/bogurtlen-adinda-bir-porsuk\/"},"modified":"2026-04-05T02:53:16","modified_gmt":"2026-04-04T23:53:16","slug":"bogurtlen-adinda-bir-porsuk","status":"publish","type":"product","link":"https:\/\/roveyayinevi.com.tr\/index.php\/urun\/bogurtlen-adinda-bir-porsuk\/","title":{"rendered":"B\u00f6\u011f\u00fcrtlen Ad\u0131nda Bir Porsuk"},"content":{"rendered":"<p>Lewis yol kenar\u0131nda g\u00f6rd\u00fc\u011f\u00fc t\u00fcy yuma\u011f\u0131n\u0131n yaral\u0131 bir porsuk yavrusu oldu\u011funu anlad\u0131\u011f\u0131nda ne yapaca\u011f\u0131n\u0131 bilemedi!.. Minik porsu\u011fun bir baca\u011f\u0131 yaral\u0131yd\u0131 ve hareket edemiyor gibi g\u00f6r\u00fcn\u00fcyordu. Lewis yavru porsu\u011fa ne oldu\u011funu anlamak i\u00e7in yakla\u015f\u0131nca, hayvan \u00e7ok korktu ve s\u00fcr\u00fcnerek park etmi\u015f bir minib\u00fcs\u00fcn alt\u0131na ka\u00e7t\u0131. Lewis araban\u0131n alt\u0131na girip, B\u00f6\u011f\u00fcrtlen ad\u0131n\u0131 verdi\u011fi porsu\u011fu d\u0131\u015far\u0131 \u00e7\u0131karmak i\u00e7in kararl\u0131yd\u0131; ama babas\u0131 ona engel oldu ve hayvanlar\u0131 koruma derne\u011fini yard\u0131ma \u00e7a\u011f\u0131rd\u0131. Ancak minib\u00fcs\u00fcn tekerle\u011finin \u00fcst\u00fcne gizlenen minik porsu\u011fu d\u0131\u015far\u0131 \u00e7\u0131karmak m\u00fcmk\u00fcn g\u00f6r\u00fcnm\u00fcyordu. Uzun u\u011fra\u015f\u0131lar\u0131n sonunda itfaiyeyi yard\u0131ma \u00e7a\u011f\u0131rmaktan ba\u015fka \u00e7are kalmam\u0131\u015ft\u0131\u2026 <\/p>\n","protected":false},"excerpt":{"rendered":"<p>Lewis yol kenar\u0131nda g\u00f6rd\u00fc\u011f\u00fc t\u00fcy yuma\u011f\u0131n\u0131n yaral\u0131 bir porsuk yavrusu oldu\u011funu anlad\u0131\u011f\u0131nda ne yapaca\u011f\u0131n\u0131 bilemedi!.. Minik porsu\u011fun bir baca\u011f\u0131 yaral\u0131yd\u0131 ve hareket edemiyor gibi g\u00f6r\u00fcn\u00fcyordu. Lewis<span class=\"excerpt-hellip\"> [\u2026]<\/span><\/p>\n","protected":false},"featured_media":0,"template":"","meta":{"_monsterinsights_skip_tracking":false,"_monsterinsights_sitenote_active":false,"_monsterinsights_sitenote_note":"","_monsterinsights_sitenote_category":0},"product_brand":[],"product_cat":[12275,12274],"product_tag":[],"class_list":{"0":"post-737002","1":"product","2":"type-product","3":"status-publish","5":"product_cat-6-12-yas-kitaplari","6":"product_cat-cocuk-ve-genclik-kitaplari","7":"pa_cilt-ciltsiz","8":"pa_tur-kitap","9":"pa_yayinevi-is-bankasi-kultur-yayinlari","10":"pa_yazar-sarah-hawkins","12":"first","13":"instock","14":"sale","15":"shipping-taxable","16":"purchasable","17":"product-type-simple"},"_links":{"self":[{"href":"https:\/\/roveyayinevi.com.tr\/index.php\/wp-json\/wp\/v2\/product\/737002","targetHints":{"allow":["GET"]}}],"collection":[{"href":"https:\/\/roveyayinevi.com.tr\/index.php\/wp-json\/wp\/v2\/product"}],"about":[{"href":"https:\/\/roveyayinevi.com.tr\/index.php\/wp-json\/wp\/v2\/types\/product"}],"wp:attachment":[{"href":"https:\/\/roveyayinevi.com.tr\/index.php\/wp-json\/wp\/v2\/media?parent=737002"}],"wp:term":[{"taxonomy":"product_brand","embeddable":true,"href":"https:\/\/roveyayinevi.com.tr\/index.php\/wp-json\/wp\/v2\/product_brand?post=737002"},{"taxonomy":"product_cat","embeddable":true,"href":"https:\/\/roveyayinevi.com.tr\/index.php\/wp-json\/wp\/v2\/product_cat?post=737002"},{"taxonomy":"product_tag","embeddable":true,"href":"https:\/\/roveyayinevi.com.tr\/index.php\/wp-json\/wp\/v2\/product_tag?post=737002"}],"curies":[{"name":"wp","href":"https:\/\/api.w.org\/{rel}","templated":true}]}}