{"id":736989,"date":"2025-08-27T23:19:05","date_gmt":"2025-08-27T20:19:05","guid":{"rendered":"https:\/\/roveyayinevi.com.tr\/index.php\/urun\/ilk-ve-son-serisi-set-4-kitap\/"},"modified":"2025-09-18T01:40:55","modified_gmt":"2025-09-17T22:40:55","slug":"ilk-ve-son-serisi-set-4-kitap","status":"publish","type":"product","link":"https:\/\/roveyayinevi.com.tr\/index.php\/urun\/ilk-ve-son-serisi-set-4-kitap\/","title":{"rendered":"\u0130lk ve Son Serisi Set (4 Kitap)"},"content":{"rendered":"<p>Setimiz, \u201c\u0130lk ve Son\u201d serisinin; 1. Kitab\u0131: Yarat\u0131l\u0131\u015f, 2. Kitab\u0131: \u00d6l\u00fcm\u00fcn Do\u011fu\u015fu, 3. Kitab\u0131: Hermes ve 4. Kitab\u0131: Mukadderat eserlerinden olu\u015fmaktad\u0131r. Seri tamamlanm\u0131\u015ft\u0131r.YARATILI\u015e:\u201cSen Voyvoda Vlad\u2019\u0131 tan\u0131yor musun?\u201dEn b\u00fcy\u00fck yan\u0131lg\u0131d\u0131r, tarihe birilerinin g\u00f6r\u00fc\u015f a\u00e7\u0131s\u0131ndan bakmak.\u201cEvet, do\u011fru duydun. Ben sizin bildi\u011finiz tarihin \u00e7ok \u00f6ncesinde yarat\u0131ld\u0131m.\u201dBildikleriniz, size anlat\u0131lan yalanlard\u0131. Siz yalanlar\u0131 ger\u00e7ek sand\u0131n\u0131z.\u201cTek \u015fart\u0131m var: Vampir \u0131rk\u0131n\u0131n benden geldi\u011fini sizden ba\u015fkas\u0131 bilmeyecek. Gerisini konu\u015faca\u011f\u0131z.\u201dVampirlerin babas\u0131 yoktur, annesi vard\u0131r; bunu, sadece o ve siz bileceksiniz.Birka\u00e7 diyalo\u011fu ve bunlar hakk\u0131ndaki d\u00fc\u015f\u00fcncelerimizi okudunuz. Anlat\u0131lmayan ger\u00e7eklerle dolu tarihi \u00f6\u011frendi\u011finizde kendinizi sorgulamak isteyeceksiniz. Kan Emiciler, Anadolu\u2019da yarat\u0131ld\u0131.\u00d6L\u00dcM\u00dcN DO\u011eU\u015eU:\u201cBen \u00f6ld\u00fcrd\u00fcm. Ama su\u00e7lu ben de\u011filim. Su\u00e7lu \u00f6len, su\u00e7lu \u00f6ld\u00fcren de\u011fil.\u201d \u00d6l\u00fcm denen illet, benimle beraber annemin karn\u0131nda b\u00fcy\u00fcd\u00fc ve benim i\u00e7imde d\u00fcnyaya geldi. Bu nedenden dolay\u0131 -ben- \u00f6ld\u00fcrd\u00fcm. Ama su\u00e7lu ben de\u011filim, diyorum. E\u011fer bir su\u00e7lu bulmak istiyorsan annemi kand\u0131ran y\u0131lan var. \u0130kna olmad\u0131ysan babam\u0131 inand\u0131ran annem var, seni su\u00e7layan babam var. Lakin ben su\u00e7lu de\u011filim, benim g\u00fcnah\u0131m yok. \u00d6ld\u00fcrd\u00fc\u011f\u00fcm karde\u015fimin su\u00e7u var, benim yok. Tek masum benim. Bir g\u00fcn d\u00fcnyaya geri gelece\u011fim ve \u201cSunak sunaca\u011f\u0131m\u2026 Yaratt\u0131\u011f\u0131n t\u00fcm varl\u0131klar\u0131n\u0131n kan\u0131n\u0131 ta\u015f\u0131yan bir sunak daha sunaca\u011f\u0131m. And\u0131m olsun. \u00c2min\u201dHERMES:Bedenden D\u00fcnya\u2019ya gelen, ilk insan olan Kabil\u2019in; Tanr\u0131\u2019n\u0131n kendi kurban\u0131n\u0131 kabul etmemesinden dolay\u0131 Tanr\u0131\u2019ya ba\u015fkald\u0131rmas\u0131 ve D\u00fcnya\u2019ya tekrar gelerek bir k\u00e2se i\u00e7inde k\u00e2inatta yarat\u0131lm\u0131\u015f t\u00fcm canl\u0131lar\u0131n kan\u0131 olan bir sunu daha sunmak i\u00e7in yapt\u0131\u011f\u0131 plan\u0131n ilk a\u015famas\u0131d\u0131r.\u201cKarde\u015fim, onun yeri benim yaratt\u0131\u011f\u0131m \u00e7ukurdur. Onu buraya yolla! \u0130nsanl\u0131\u011fa verilen se\u00e7me hakk\u0131n\u0131n yanl\u0131\u015f oldu\u011funu babam\u0131za g\u00f6sterece\u011fim.\u201d Kay\u0131\u011f\u0131n d\u00fcmeni karanl\u0131\u011f\u0131n en dip rotas\u0131na do\u011fru k\u0131r\u0131ld\u0131. Karde\u015fimin Kabil&#8217;e ne yapaca\u011f\u0131n\u0131 \u00e7ok merak ediyordum ama sorgulama g\u00fcd\u00fcm\u00fcz yoktu. Biz melekler sadece d\u00fczenin i\u015fleyi\u015fini sa\u011flamakla y\u00fck\u00fcml\u00fcyd\u00fck.\u201c&#8217;\u0130lk ve Son\u201d serisinin \u00fc\u00e7\u00fcnc\u00fc kitab\u0131 olan bu kitap olaylar\u0131n ba\u015flang\u0131c\u0131d\u0131r. \u2018Yarat\u0131l\u0131\u015f\u2019 ile ba\u015flayan, \u2018\u00d6l\u00fcm\u00fcn Do\u011fu\u015fu\u2019 ile s\u00fcren bu maceram\u0131z devam etmektedir.MUKADDERAT:Hi\u00e7li\u011fi var eden, yoklu\u011fun i\u00e7inde ki \u00f6zd\u00fc.Basit kelimelerle anlatmaya kalksa \u201cNe cennetteyim ne cehennemde; ne Araf beni kabul etti ne de bug\u00fcne kadar kabul edilen inan\u00e7lar bana yol g\u00f6sterdi.\u201d c\u00fcmlesiyle anlatmay\u0131 tercih ederdi. \u0130nsanlara bulundu\u011fu yeri tarif edemezdi. Var olmak ile yok olmak aras\u0131ndaki sava\u015fta iki taraf\u0131n da kendisi oldu\u011funu, galip ve ma\u011flup olman\u0131n manas\u0131z kald\u0131\u011f\u0131n\u0131, \u00e7\u0131k\u0131\u015f kap\u0131s\u0131n\u0131n olmad\u0131\u011f\u0131 bir ortamda elinde kap\u0131 anahtar\u0131yla gezmenin delilik de\u011fil de ger\u00e7e\u011fe ula\u015fmak oldu\u011funu anlatmak i\u00e7in insanl\u0131\u011f\u0131 en ba\u015fa d\u00f6nd\u00fcrmek gerekliydi.Ba\u015flad\u0131\u011f\u0131m\u0131z yerdeyiz. Ba\u015flang\u0131\u00e7 da karanl\u0131kt\u0131, son da karanl\u0131k. Belki de g\u00f6remedi\u011fimde karanl\u0131k, g\u00f6rd\u00fc\u011f\u00fcm\u00fczde ayd\u0131nl\u0131k diyoruz. G\u00f6rd\u00fc\u011f\u00fcm\u00fcz; \u0131\u015f\u0131k siyah\u0131n ta kendisi, \u0131\u015f\u0131ks\u0131zl\u0131k ayd\u0131nl\u0131\u011f\u0131n ger\u00e7e\u011fi olabilir mi? Duyamad\u0131\u011f\u0131m\u0131z y\u00fcksek ve al\u00e7ak sesleri yok sayd\u0131\u011f\u0131m\u0131z gibi sadece alg\u0131lad\u0131\u011f\u0131m\u0131z renkleri kabul edip i\u00e7erisinde veya ard\u0131nda olanlar\u0131 da yok olarak kabul ediyor olabilir miyiz? Bizler g\u00f6rmediklerimizden korktu\u011fumuz i\u00e7in ger\u00e7eklerin \u00fcst\u00fcn\u00fc \u00f6rterek onlar\u0131 yok sayd\u0131\u011f\u0131m\u0131z ger\u00e7e\u011fi, ger\u00e7ekleri gizleyebiliyor mu?<\/p>\n","protected":false},"excerpt":{"rendered":"<p>Setimiz, \u201c\u0130lk ve Son\u201d serisinin; 1. Kitab\u0131: Yarat\u0131l\u0131\u015f, 2. Kitab\u0131: \u00d6l\u00fcm\u00fcn Do\u011fu\u015fu, 3. Kitab\u0131: Hermes ve 4. Kitab\u0131: Mukadderat eserlerinden olu\u015fmaktad\u0131r. Seri tamamlanm\u0131\u015ft\u0131r.YARATILI\u015e:\u201cSen Voyvoda Vlad\u2019\u0131 tan\u0131yor<span class=\"excerpt-hellip\"> [\u2026]<\/span><\/p>\n","protected":false},"featured_media":0,"template":"","meta":{"_monsterinsights_skip_tracking":false,"_monsterinsights_sitenote_active":false,"_monsterinsights_sitenote_note":"","_monsterinsights_sitenote_category":0},"product_brand":[],"product_cat":[12291,14777],"product_tag":[],"class_list":{"0":"post-736989","1":"product","2":"type-product","3":"status-publish","5":"product_cat-edebiyat","6":"product_cat-fantastik","7":"pa_cilt-set","8":"pa_tur-kitap","9":"pa_yayinevi-vaveyla-yayincilik","10":"pa_yazar-umit-dagci","12":"first","13":"instock","14":"sale","15":"shipping-taxable","16":"purchasable","17":"product-type-simple"},"_links":{"self":[{"href":"https:\/\/roveyayinevi.com.tr\/index.php\/wp-json\/wp\/v2\/product\/736989","targetHints":{"allow":["GET"]}}],"collection":[{"href":"https:\/\/roveyayinevi.com.tr\/index.php\/wp-json\/wp\/v2\/product"}],"about":[{"href":"https:\/\/roveyayinevi.com.tr\/index.php\/wp-json\/wp\/v2\/types\/product"}],"wp:attachment":[{"href":"https:\/\/roveyayinevi.com.tr\/index.php\/wp-json\/wp\/v2\/media?parent=736989"}],"wp:term":[{"taxonomy":"product_brand","embeddable":true,"href":"https:\/\/roveyayinevi.com.tr\/index.php\/wp-json\/wp\/v2\/product_brand?post=736989"},{"taxonomy":"product_cat","embeddable":true,"href":"https:\/\/roveyayinevi.com.tr\/index.php\/wp-json\/wp\/v2\/product_cat?post=736989"},{"taxonomy":"product_tag","embeddable":true,"href":"https:\/\/roveyayinevi.com.tr\/index.php\/wp-json\/wp\/v2\/product_tag?post=736989"}],"curies":[{"name":"wp","href":"https:\/\/api.w.org\/{rel}","templated":true}]}}