{"id":736984,"date":"2025-08-27T23:19:00","date_gmt":"2025-08-27T20:19:00","guid":{"rendered":"https:\/\/roveyayinevi.com.tr\/index.php\/urun\/dunyanin-durumu-uzerine-50-yanlis-bilgi\/"},"modified":"2026-04-16T02:45:59","modified_gmt":"2026-04-15T23:45:59","slug":"dunyanin-durumu-uzerine-50-yanlis-bilgi","status":"publish","type":"product","link":"https:\/\/roveyayinevi.com.tr\/index.php\/urun\/dunyanin-durumu-uzerine-50-yanlis-bilgi\/","title":{"rendered":"D\u00fcnyan\u0131n Durumu \u00dczerine 50 Yanl\u0131\u015f Bilgi"},"content":{"rendered":"<p>Yanl\u0131\u015f bilgilerin bir vir\u00fcs gibi yay\u0131ld\u0131\u011f\u0131 bu \u00e7a\u011fda, bir\u00e7o\u011fumuz fark\u0131nda olmadan ger\u00e7e\u011fi buland\u0131ranlar\u0131n etkisi alt\u0131nda kal\u0131yoruz. Uluslararas\u0131 Stratejik \u0130li\u015fkiler Enstit\u00fcs\u00fc\u2019n\u00fcn (IRIS) kurucusu, jeopolitik uzman\u0131 Pascal Boniface, D\u00fcnyan\u0131n Durumu \u00dczerine 50 Yanl\u0131\u015f Bilgi\u2019de \u00e7a\u011fda\u015f d\u00fcnyan\u0131n ger\u00e7eklerini ele\u015ftirel bir bak\u0131\u015fla okura sunuyor.   K\u00fcreselle\u015fmeden ter\u00f6rizme, 11 Eyl\u00fcl\u2019den Covid-19 krizine bir\u00e7ok konuda yanl\u0131\u015f bilinenleri yap\u0131bozuma u\u011fratan Boniface, kamuoyunda tart\u0131\u015fma yaratan g\u00fcncel meseleleri ele al\u0131yor. <\/p>\n","protected":false},"excerpt":{"rendered":"<p>Yanl\u0131\u015f bilgilerin bir vir\u00fcs gibi yay\u0131ld\u0131\u011f\u0131 bu \u00e7a\u011fda, bir\u00e7o\u011fumuz fark\u0131nda olmadan ger\u00e7e\u011fi buland\u0131ranlar\u0131n etkisi alt\u0131nda kal\u0131yoruz. Uluslararas\u0131 Stratejik \u0130li\u015fkiler Enstit\u00fcs\u00fc\u2019n\u00fcn (IRIS) kurucusu, jeopolitik uzman\u0131 Pascal Boniface,<span class=\"excerpt-hellip\"> [\u2026]<\/span><\/p>\n","protected":false},"featured_media":0,"template":"","meta":{"_monsterinsights_skip_tracking":false,"_monsterinsights_sitenote_active":false,"_monsterinsights_sitenote_note":"","_monsterinsights_sitenote_category":0},"product_brand":[],"product_cat":[13590,12337],"product_tag":[],"class_list":{"0":"post-736984","1":"product","2":"type-product","3":"status-publish","5":"product_cat-arastirma-inceleme-politika-siyaset","6":"product_cat-politika-siyaset","7":"pa_cilt-ciltsiz","8":"pa_tur-kitap","9":"pa_yayinevi-nemesis-kitap","10":"pa_yazar-pascal-boniface","12":"first","13":"instock","14":"sale","15":"shipping-taxable","16":"purchasable","17":"product-type-simple"},"_links":{"self":[{"href":"https:\/\/roveyayinevi.com.tr\/index.php\/wp-json\/wp\/v2\/product\/736984","targetHints":{"allow":["GET"]}}],"collection":[{"href":"https:\/\/roveyayinevi.com.tr\/index.php\/wp-json\/wp\/v2\/product"}],"about":[{"href":"https:\/\/roveyayinevi.com.tr\/index.php\/wp-json\/wp\/v2\/types\/product"}],"wp:attachment":[{"href":"https:\/\/roveyayinevi.com.tr\/index.php\/wp-json\/wp\/v2\/media?parent=736984"}],"wp:term":[{"taxonomy":"product_brand","embeddable":true,"href":"https:\/\/roveyayinevi.com.tr\/index.php\/wp-json\/wp\/v2\/product_brand?post=736984"},{"taxonomy":"product_cat","embeddable":true,"href":"https:\/\/roveyayinevi.com.tr\/index.php\/wp-json\/wp\/v2\/product_cat?post=736984"},{"taxonomy":"product_tag","embeddable":true,"href":"https:\/\/roveyayinevi.com.tr\/index.php\/wp-json\/wp\/v2\/product_tag?post=736984"}],"curies":[{"name":"wp","href":"https:\/\/api.w.org\/{rel}","templated":true}]}}