{"id":736981,"date":"2025-08-27T23:18:56","date_gmt":"2025-08-27T20:18:56","guid":{"rendered":"https:\/\/roveyayinevi.com.tr\/index.php\/urun\/adorno\/"},"modified":"2026-04-16T02:45:59","modified_gmt":"2026-04-15T23:45:59","slug":"adorno","status":"publish","type":"product","link":"https:\/\/roveyayinevi.com.tr\/index.php\/urun\/adorno\/","title":{"rendered":"Adorno"},"content":{"rendered":"<p>Theodor W. Adorno, \u0130kinci D\u00fcnya Sava\u015f\u0131 sonras\u0131 d\u00f6nemin \u00f6nde gelen filozof ve toplum kuramc\u0131lar\u0131ndan biridir. Ele\u015ftirel Kuram\u0131n geli\u015fmesinde \u00f6nemli rol\u00fc olan, \u00f6zg\u00fcn ve de genellikle zor olan yaz\u0131lar\u0131 sadece temel felsefi sorular ileri s\u00fcrmekle kalmay\u0131p ayn\u0131 zamanda edebiyat, sanat, m\u00fczik, sosyoloji ve siyaset kuram\u0131na ili\u015fkin derin analizler de sunar. Bu kapsaml\u0131 kitapta Brian O\u2019Connor, Adorno\u2019nun felsefesini, onun eserleriyle ilk kez kar\u015f\u0131la\u015fanlara a\u00e7\u0131klamaktad\u0131r. O\u2019Connor, bu ama\u00e7la, ya\u015fam\u0131 ve entelekt\u00fcel \u00e7evresinin ba\u011flam\u0131n\u0131 olu\u015fturan ana felsefi g\u00f6r\u00fc\u015fleri arac\u0131l\u0131\u011f\u0131yla Adorno felsefesinin merkezi unsurlar\u0131n\u0131 de\u011ferlendiriyor. Bu ba\u011flamda Ayd\u0131nlanman\u0131n diyalekti\u011fi, \u015feyle\u015fme, b\u00fct\u00fcnsellik, dolay\u0131mlama, \u00f6zde\u015flik, \u00f6zde\u015fsizlik, deneyim, negatif diyalektik, i\u00e7kinlik, \u00f6zg\u00fcrl\u00fck, \u00f6zerklik ve sanatta taklit gibi kavramlar\u0131, felsefesinin temel alanlar\u0131 \u00fczerinden tart\u0131\u015f\u0131yor. Kronoloji ve terimler s\u00f6zl\u00fc\u011f\u00fcn\u00fcn yan\u0131 s\u0131ra ek okuma \u00f6nerileri de i\u00e7eren Adorno, felsefe, edebiyat, sosyoloji ve k\u00fclt\u00fcrel \u00e7al\u0131\u015fmalarla ilgilenenler i\u00e7in ideal bir giri\u015f kitab\u0131&#8230;<\/p>\n","protected":false},"excerpt":{"rendered":"<p>Theodor W. Adorno, \u0130kinci D\u00fcnya Sava\u015f\u0131 sonras\u0131 d\u00f6nemin \u00f6nde gelen filozof ve toplum kuramc\u0131lar\u0131ndan biridir. Ele\u015ftirel Kuram\u0131n geli\u015fmesinde \u00f6nemli rol\u00fc olan, \u00f6zg\u00fcn ve de genellikle zor<span class=\"excerpt-hellip\"> [\u2026]<\/span><\/p>\n","protected":false},"featured_media":0,"template":"","meta":{"_monsterinsights_skip_tracking":false,"_monsterinsights_sitenote_active":false,"_monsterinsights_sitenote_note":"","_monsterinsights_sitenote_category":0},"product_brand":[],"product_cat":[12388,26788],"product_tag":[],"class_list":{"0":"post-736981","1":"product","2":"type-product","3":"status-publish","5":"product_cat-felsefe","6":"product_cat-filozoflar","7":"pa_cilt-ciltsiz","8":"pa_tur-kitap","9":"pa_yayinevi-alfa-yayinlari","10":"pa_yazar-brian-oconnor","12":"first","13":"instock","14":"sale","15":"shipping-taxable","16":"purchasable","17":"product-type-simple"},"_links":{"self":[{"href":"https:\/\/roveyayinevi.com.tr\/index.php\/wp-json\/wp\/v2\/product\/736981","targetHints":{"allow":["GET"]}}],"collection":[{"href":"https:\/\/roveyayinevi.com.tr\/index.php\/wp-json\/wp\/v2\/product"}],"about":[{"href":"https:\/\/roveyayinevi.com.tr\/index.php\/wp-json\/wp\/v2\/types\/product"}],"wp:attachment":[{"href":"https:\/\/roveyayinevi.com.tr\/index.php\/wp-json\/wp\/v2\/media?parent=736981"}],"wp:term":[{"taxonomy":"product_brand","embeddable":true,"href":"https:\/\/roveyayinevi.com.tr\/index.php\/wp-json\/wp\/v2\/product_brand?post=736981"},{"taxonomy":"product_cat","embeddable":true,"href":"https:\/\/roveyayinevi.com.tr\/index.php\/wp-json\/wp\/v2\/product_cat?post=736981"},{"taxonomy":"product_tag","embeddable":true,"href":"https:\/\/roveyayinevi.com.tr\/index.php\/wp-json\/wp\/v2\/product_tag?post=736981"}],"curies":[{"name":"wp","href":"https:\/\/api.w.org\/{rel}","templated":true}]}}