{"id":736976,"date":"2025-08-27T23:18:52","date_gmt":"2025-08-27T20:18:52","guid":{"rendered":"https:\/\/roveyayinevi.com.tr\/index.php\/urun\/tanrica-kadinlar\/"},"modified":"2026-03-28T02:51:52","modified_gmt":"2026-03-27T23:51:52","slug":"tanrica-kadinlar","status":"publish","type":"product","link":"https:\/\/roveyayinevi.com.tr\/index.php\/urun\/tanrica-kadinlar\/","title":{"rendered":"Tanr\u0131\u00e7a Kad\u0131nlar"},"content":{"rendered":"<p>Bir Tanr\u0131\u00e7a Kad\u0131n olman\u0131n t\u00fcm s\u0131rlar\u0131n\u0131 okumaya haz\u0131r m\u0131s\u0131n? Ger\u00e7ek bir Rahim Kad\u0131n olursan, efor sarf etmeden, hayat\u0131ndaki ili\u015fkini d\u00fczeltme g\u00fcc\u00fcne sahip olursun. Erkekler senin i\u00e7in yar\u0131\u015f\u0131rlar. Sen u\u011fra\u015fmazs\u0131n. O erkek, senin yan\u0131ndayken, do\u011fal olarak evrilir, \u015fifalan\u0131r. O erkek taraf\u0131ndan adanm\u0131\u015fl\u0131kla sevilirsin. I\u015f\u0131lt\u0131n kendili\u011finden artar, etraf\u0131nda dikkat \u00e7ekersin. Hem de do\u011fal olarak, \u00f6zel bir \u015fey yapmadan. Sadece bedenin i\u00e7in de\u011fil, ruhun i\u00e7in de be\u011fenilirsin. Erkekler, seni yok etmek, k\u00fc\u00e7\u00fcltmek, bat\u0131rmaya \u00e7al\u0131\u015fmak yerine, seninle birlikte y\u00fccelebilmek i\u00e7in u\u011fra\u015fmaya ba\u015flar. Her Tanr\u0131\u00e7a Kad\u0131n gibi gen\u00e7le\u015firsin. Bu d\u00fcnyada ge\u00e7irdi\u011fin y\u0131llar, basit bir rakamdan ibaret olur. Cinsellikte ise hazlar\u0131n en y\u00fckse\u011fini yakalamaya ba\u015flars\u0131n. B\u00f6ylece, bu hazz\u0131 sana verebilecek erkekler, sana do\u011fru m\u0131knat\u0131s gibi \u00e7ekilmeye ba\u015flarlar. S\u0131radan, al\u0131\u015f\u0131lm\u0131\u015f ili\u015fki problemleri ile alakan kalmaz. Aldat\u0131lmak, kand\u0131r\u0131lmak, kullan\u0131lmak, \u00e7ok gerilerde kal\u0131r. Bu kitapta, \u015fu anda Tanr\u0131\u00e7a Kad\u0131n olmay\u0131 ba\u015farm\u0131\u015f olanlar\u0131n ger\u00e7ek \u00f6yk\u00fcs\u00fcn\u00fc, kendi kalemlerinden bulacaks\u0131n. Rahim G\u00fcc\u00fcn\u00fc kullanabilmen i\u00e7in gerekli ad\u0131mlar\u0131 \u00f6\u011freneceksin. Ve en \u00f6nemlisi, \u0130lahi Koruma alt\u0131na girebilmenin yollar\u0131n\u0131 bulacaks\u0131n. Bir Tanr\u0131\u00e7a Kad\u0131n olmak ve Rahim G\u00fcc\u00fcn\u00fc eline almak ister misin? \u00d6yleyse bu kitapta bulaca\u011f\u0131n t\u00fcm uygulamalar\u0131 yapmaya ba\u015flayabilirsin.<\/p>\n","protected":false},"excerpt":{"rendered":"<p>Bir Tanr\u0131\u00e7a Kad\u0131n olman\u0131n t\u00fcm s\u0131rlar\u0131n\u0131 okumaya haz\u0131r m\u0131s\u0131n? Ger\u00e7ek bir Rahim Kad\u0131n olursan, efor sarf etmeden, hayat\u0131ndaki ili\u015fkini d\u00fczeltme g\u00fcc\u00fcne sahip olursun. Erkekler senin i\u00e7in<span class=\"excerpt-hellip\"> [\u2026]<\/span><\/p>\n","protected":false},"featured_media":0,"template":"","meta":{"_monsterinsights_skip_tracking":false,"_monsterinsights_sitenote_active":false,"_monsterinsights_sitenote_note":"","_monsterinsights_sitenote_category":0},"product_brand":[],"product_cat":[12364,12376],"product_tag":[],"class_list":{"0":"post-736976","1":"product","2":"type-product","3":"status-publish","5":"product_cat-genel-konular","6":"product_cat-kisisel-gelisim","7":"pa_cilt-ciltsiz","8":"pa_tur-kitap","9":"pa_yayinevi-inkilap-kitabevi","10":"pa_yazar-seda-diker","12":"first","13":"instock","14":"sale","15":"shipping-taxable","16":"purchasable","17":"product-type-simple"},"_links":{"self":[{"href":"https:\/\/roveyayinevi.com.tr\/index.php\/wp-json\/wp\/v2\/product\/736976","targetHints":{"allow":["GET"]}}],"collection":[{"href":"https:\/\/roveyayinevi.com.tr\/index.php\/wp-json\/wp\/v2\/product"}],"about":[{"href":"https:\/\/roveyayinevi.com.tr\/index.php\/wp-json\/wp\/v2\/types\/product"}],"wp:attachment":[{"href":"https:\/\/roveyayinevi.com.tr\/index.php\/wp-json\/wp\/v2\/media?parent=736976"}],"wp:term":[{"taxonomy":"product_brand","embeddable":true,"href":"https:\/\/roveyayinevi.com.tr\/index.php\/wp-json\/wp\/v2\/product_brand?post=736976"},{"taxonomy":"product_cat","embeddable":true,"href":"https:\/\/roveyayinevi.com.tr\/index.php\/wp-json\/wp\/v2\/product_cat?post=736976"},{"taxonomy":"product_tag","embeddable":true,"href":"https:\/\/roveyayinevi.com.tr\/index.php\/wp-json\/wp\/v2\/product_tag?post=736976"}],"curies":[{"name":"wp","href":"https:\/\/api.w.org\/{rel}","templated":true}]}}