{"id":736967,"date":"2025-08-27T23:18:41","date_gmt":"2025-08-27T20:18:41","guid":{"rendered":"https:\/\/roveyayinevi.com.tr\/index.php\/urun\/kesin-doneceksiniz\/"},"modified":"2026-04-16T02:45:59","modified_gmt":"2026-04-15T23:45:59","slug":"kesin-doneceksiniz","status":"publish","type":"product","link":"https:\/\/roveyayinevi.com.tr\/index.php\/urun\/kesin-doneceksiniz\/","title":{"rendered":"Kesin D\u00f6neceksiniz"},"content":{"rendered":"<p>Kesin D\u00f6neceksiniz k\u0131sa ve yo\u011fun, dramatik ve ola\u011fan\u00fcst\u00fc bir hik\u00e2ye. Bu hik\u00e2yede eski bir edebiyat do\u00e7enti Refik \u00c7avu\u015f\u2019un i\u015fsiz ge\u00e7en seksen y\u0131l\u0131na ve bir g\u00fcn\u00fcne \u015fahitlik ediyoruz. Novellalarda \u00e7o\u011fu kez rastlad\u0131\u011f\u0131m\u0131z gibi burada da tecrit edilmi\u015f, d\u0131\u015flanm\u0131\u015f ve ileti\u015fimsizlik nedeniyle ac\u0131 \u00e7eken yaln\u0131z bir kahraman\u0131m\u0131z var. Refik \u00c7avu\u015f\u2019un hayat\u0131ndaki belirsizlik ve \u00f6ng\u00f6r\u00fclemezlik o kadar had safhada ki okur giderek artan bir gerilimin girdab\u0131 i\u00e7ine \u00e7ekiliyor. Nitekim \u00f6yle bir an geliyor ki hi\u00e7bir \u015fey art\u0131k eskisi gibi olmuyor.   Y\u0131llard\u0131r kendi hayat\u0131n\u0131 bir pencereden izleyen Refik \u00c7avu\u015f, tam\u0131 tam\u0131na seksen y\u0131l ve bir g\u00fcn s\u00fcren bir bekleyi\u015ften sonra nihayet \u00f6zg\u00fcrle\u015fiyor. Kesin D\u00f6neceksiniz bu anlamda bilinmezli\u011fin prangalar\u0131ndan kurtulan bir adam\u0131n \u00f6zg\u00fcrle\u015fme hik\u00e2yesi.   G\u00f6khan Yavuz Demir, trajik ve sars\u0131c\u0131 bir anlat\u0131m\u0131 mizahla birle\u015ftirirken, zaman\u0131n r\u00f6lativitesiyle oynamaktan da ka\u00e7\u0131nm\u0131yor.   \u201cDon Quijote T\u00fcrk edebiyat\u0131nda, belki d\u00fcnya edebiyat\u0131nda da, daha \u00f6nce hi\u00e7 bu kadar do\u011fru i\u015flevle kullan\u0131lmad\u0131.\u201d   Selahattin \u00d6zpalab\u0131y\u0131klar <\/p>\n","protected":false},"excerpt":{"rendered":"<p>Kesin D\u00f6neceksiniz k\u0131sa ve yo\u011fun, dramatik ve ola\u011fan\u00fcst\u00fc bir hik\u00e2ye. Bu hik\u00e2yede eski bir edebiyat do\u00e7enti Refik \u00c7avu\u015f\u2019un i\u015fsiz ge\u00e7en seksen y\u0131l\u0131na ve bir g\u00fcn\u00fcne \u015fahitlik<span class=\"excerpt-hellip\"> [\u2026]<\/span><\/p>\n","protected":false},"featured_media":0,"template":"","meta":{"_monsterinsights_skip_tracking":false,"_monsterinsights_sitenote_active":false,"_monsterinsights_sitenote_note":"","_monsterinsights_sitenote_category":0},"product_brand":[],"product_cat":[12291,12711],"product_tag":[],"class_list":{"0":"post-736967","1":"product","2":"type-product","3":"status-publish","5":"product_cat-edebiyat","6":"product_cat-roman-oyku","7":"pa_cilt-ciltsiz","8":"pa_tur-kitap","9":"pa_yayinevi-yeni-insan-yayinlari","10":"pa_yazar-gokhan-yavuz-demir","12":"first","13":"instock","14":"sale","15":"shipping-taxable","16":"purchasable","17":"product-type-simple"},"_links":{"self":[{"href":"https:\/\/roveyayinevi.com.tr\/index.php\/wp-json\/wp\/v2\/product\/736967","targetHints":{"allow":["GET"]}}],"collection":[{"href":"https:\/\/roveyayinevi.com.tr\/index.php\/wp-json\/wp\/v2\/product"}],"about":[{"href":"https:\/\/roveyayinevi.com.tr\/index.php\/wp-json\/wp\/v2\/types\/product"}],"wp:attachment":[{"href":"https:\/\/roveyayinevi.com.tr\/index.php\/wp-json\/wp\/v2\/media?parent=736967"}],"wp:term":[{"taxonomy":"product_brand","embeddable":true,"href":"https:\/\/roveyayinevi.com.tr\/index.php\/wp-json\/wp\/v2\/product_brand?post=736967"},{"taxonomy":"product_cat","embeddable":true,"href":"https:\/\/roveyayinevi.com.tr\/index.php\/wp-json\/wp\/v2\/product_cat?post=736967"},{"taxonomy":"product_tag","embeddable":true,"href":"https:\/\/roveyayinevi.com.tr\/index.php\/wp-json\/wp\/v2\/product_tag?post=736967"}],"curies":[{"name":"wp","href":"https:\/\/api.w.org\/{rel}","templated":true}]}}