{"id":736965,"date":"2025-08-27T23:18:39","date_gmt":"2025-08-27T20:18:39","guid":{"rendered":"https:\/\/roveyayinevi.com.tr\/index.php\/urun\/cumhuriyetin-yikiminda-numaraci-cumhuriyetciler\/"},"modified":"2026-04-16T02:45:59","modified_gmt":"2026-04-15T23:45:59","slug":"cumhuriyetin-yikiminda-numaraci-cumhuriyetciler","status":"publish","type":"product","link":"https:\/\/roveyayinevi.com.tr\/index.php\/urun\/cumhuriyetin-yikiminda-numaraci-cumhuriyetciler\/","title":{"rendered":"Cumhuriyet&#8217;in Y\u0131k\u0131m\u0131nda Numarac\u0131 Cumhuriyet\u00e7iler"},"content":{"rendered":"<p>Cumhuriyet ayd\u0131nlanmas\u0131n\u0131n bayraktarlar\u0131ndan, \u00f6l\u00fcms\u00fcz Atat\u00fcrk\u00e7\u00fc Prof. Dr. ahmet Taner K\u0131\u015flal\u0131&#8217;n\u0131n, T\u00fcrk siyasal ya\u015fam\u0131na ve yaz\u0131n\u0131na arma\u011fan\u0131 olan &#8220;Numarac\u0131 Cumhuriyet\u00e7i&#8221; deyimi, Cumhuriyet ilkelerinin ve kurucu felsefenin en a\u011f\u0131r yaralar\u0131 ald\u0131\u011f\u0131 g\u00fcn\u00fcm\u00fczde, bu gerilemede pay\u0131 olan &#8220;s\u00f6zde ayd\u0131n&#8221;lar\u0131 tan\u0131mlamak i\u00e7in kullan\u0131lmaktad\u0131r. Bu kitap, olan biteri bildikleri halde bilmezden gelerek gerici iktidara &#8220;bilgelik&#8221; pizmeti sunarak payanda olanlar i\u00e7in yaz\u0131lm\u0131\u015ft\u0131r. &#8220;Numarac\u0131 Cumhuriyet\u00e7i&#8221;lerin yalanlar\u0131n\u0131, utanma duygular\u0131n\u0131 yitiri\u015flerini, tarihi ger\u00e7ekleri nas\u0131l \u00e7ar;\u0131tt\u0131klar\u0131n\u0131 ibretle, ihanetlerini an\u0131msayarak ve Atat\u00fcrk T\u00fcrkiyesi&#8217;ne sahip \u00e7\u0131kma bilinciyle okuyacaks\u0131n\u0131z.<\/p>\n","protected":false},"excerpt":{"rendered":"<p>Cumhuriyet ayd\u0131nlanmas\u0131n\u0131n bayraktarlar\u0131ndan, \u00f6l\u00fcms\u00fcz Atat\u00fcrk\u00e7\u00fc Prof. Dr. ahmet Taner K\u0131\u015flal\u0131&#8217;n\u0131n, T\u00fcrk siyasal ya\u015fam\u0131na ve yaz\u0131n\u0131na arma\u011fan\u0131 olan &#8220;Numarac\u0131 Cumhuriyet\u00e7i&#8221; deyimi, Cumhuriyet ilkelerinin ve kurucu felsefenin en<span class=\"excerpt-hellip\"> [\u2026]<\/span><\/p>\n","protected":false},"featured_media":0,"template":"","meta":{"_monsterinsights_skip_tracking":false,"_monsterinsights_sitenote_active":false,"_monsterinsights_sitenote_note":"","_monsterinsights_sitenote_category":0},"product_brand":[],"product_cat":[12370,12304],"product_tag":[],"class_list":{"0":"post-736965","1":"product","2":"type-product","3":"status-publish","5":"product_cat-arastirma-inceleme","6":"product_cat-tarih","7":"pa_cilt-ciltsiz","8":"pa_tur-kitap","9":"pa_yayinevi-cumhuriyet-kitaplari","10":"pa_yazar-cumhuriyet-kitaplari-kolektif","12":"first","13":"instock","14":"sale","15":"shipping-taxable","16":"purchasable","17":"product-type-simple"},"_links":{"self":[{"href":"https:\/\/roveyayinevi.com.tr\/index.php\/wp-json\/wp\/v2\/product\/736965","targetHints":{"allow":["GET"]}}],"collection":[{"href":"https:\/\/roveyayinevi.com.tr\/index.php\/wp-json\/wp\/v2\/product"}],"about":[{"href":"https:\/\/roveyayinevi.com.tr\/index.php\/wp-json\/wp\/v2\/types\/product"}],"wp:attachment":[{"href":"https:\/\/roveyayinevi.com.tr\/index.php\/wp-json\/wp\/v2\/media?parent=736965"}],"wp:term":[{"taxonomy":"product_brand","embeddable":true,"href":"https:\/\/roveyayinevi.com.tr\/index.php\/wp-json\/wp\/v2\/product_brand?post=736965"},{"taxonomy":"product_cat","embeddable":true,"href":"https:\/\/roveyayinevi.com.tr\/index.php\/wp-json\/wp\/v2\/product_cat?post=736965"},{"taxonomy":"product_tag","embeddable":true,"href":"https:\/\/roveyayinevi.com.tr\/index.php\/wp-json\/wp\/v2\/product_tag?post=736965"}],"curies":[{"name":"wp","href":"https:\/\/api.w.org\/{rel}","templated":true}]}}