{"id":736947,"date":"2025-08-27T23:18:20","date_gmt":"2025-08-27T20:18:20","guid":{"rendered":"https:\/\/roveyayinevi.com.tr\/index.php\/urun\/sivil-orumcegin-aginda\/"},"modified":"2026-03-31T10:31:14","modified_gmt":"2026-03-31T07:31:14","slug":"sivil-orumcegin-aginda","status":"publish","type":"product","link":"https:\/\/roveyayinevi.com.tr\/index.php\/urun\/sivil-orumcegin-aginda\/","title":{"rendered":"Sivil \u00d6r\u00fcmce\u011fin A\u011f\u0131nda"},"content":{"rendered":"<p>\u00b7         \u201cNe zaman \u00e7ok iyi bir ara\u015ft\u0131rma okusam hep d\u00fc\u015f\u00fcn\u00fcr\u00fcm, \u2018Ke\u015fke U\u011fur Mumcu da bunu okusayd\u0131\u2019 diye. \u0130\u015fte Sivil \u00d6r\u00fcmcek kitab\u0131 da bunlar\u0131n en \u00f6nde gelenlerinden. [Cumhuriyet, 8 Ocak 2006] Meczup sever bir toplumda ak\u0131l sever bir birey olmak dayan\u0131lmas\u0131 g\u00fc\u00e7 bir i\u015fkenceye benzer. Birbirini izleyen eserleriyle [Project Democracy-\u2018Sivil \u00d6r\u00fcmce\u011fin A\u011f\u0131nda\u2019, \u2018Ulus Da\u011f\u0131na D\u00fc\u015fen Ate\u015f\u2019, \u201858 G\u00fcn-Mustafa Kemal ile Filistin\u2019den Anayurdun Da\u011flar\u0131na\u2019] art\u0131k firmala\u015fm\u0131\u015f olan Mustafa Y\u0131ld\u0131r\u0131m da b\u00f6yle ki\u015filerden biri. Kitaplar\u0131yla d\u0131\u015fa vuruyor isyan\u0131n\u0131.\u201d Ali Sirmen, \u201cMeczup Yaratmak\u201d, Cumhuriyet, 30 Temmuz 2006 \u00b7         \u201cMustafa Y\u0131ld\u0131r\u0131m\u2019\u0131n dillere destan \u2018Sivil \u00d6r\u00fcmce\u011fin A\u011f\u0131nda\u2019 adl\u0131 kitab\u0131n\u0131n 60 sayfas\u0131 Soros\u2019un marifetlerine ayr\u0131lm\u0131\u015f; oku oku bitmiyor, telefon rehberine benziyor, i\u00e7indeki isimleri saya saya t\u00fcketemiyorsun.\u201d \u0130lhan Sel\u00e7uk, Cumhuriyet, 21 Haziran 2005 \u00b7         \u201cMustafa Y\u0131ld\u0131r\u0131m\u2019\u0131n \u00f6nceki \u00e7al\u0131\u015fmalar\u0131n\u0131, Sivil \u00d6r\u00fcmce\u011fin A\u011f\u0131nda\u2019y\u0131, 58 G\u00fcn\u2019\u00fc, Ulus Da\u011f\u0131\u2019na D\u00fc\u015fen Ate\u015f\u2019i bilmeyen, giderek okumayan kalmam\u0131\u015ft\u0131r san\u0131r\u0131m. Yurdunun ve b\u00fct\u00fcn d\u00fcnyan\u0131n ba\u015f\u0131na \u00f6r\u00fclen \u00e7oraplar\u0131 g\u00f6r\u00fcp y\u00fcre\u011fine ate\u015f d\u00fc\u015fen bu bilin\u00e7li, \u00e7al\u0131\u015fkan insan, son olarak yine \u00e7ok \u00f6nemli bir konuya el atm\u0131\u015f.\u201d Bertan Onaran, Cumhuriyet, 23 A\u011fustos 2006 \u00b7         \u201cBu vak\u0131flar\u0131n d\u00fcr\u00fcst olanlar\u0131 vard\u0131r. Ancak \u00e7o\u011funlu\u011fu masum ta\u015fra k\u0131zlar\u0131 gibi, \u00f6nce yard\u0131m almakta, sonra giderek a\u011fa d\u00fc\u015fmektedir. Mustafa Y\u0131ld\u0131r\u0131m\u2019\u0131n Sivil \u00d6r\u00fcmce\u011fin A\u011f\u0131nda adl\u0131 kitab\u0131nda bu konu \u00e7ok a\u00e7\u0131k anlat\u0131lmaktad\u0131r. Mutlaka okumal\u0131s\u0131n\u0131z.\u201d Melih A\u015f\u0131k, Milliyet, 10 Eyl\u00fcl 2005 \u00b7         \u201cBiliyor muydunuz, Mustafa Y\u0131ld\u0131r\u0131m\u2019\u0131n kaleme ald\u0131\u011f\u0131 \u2018Project Democracy-Sivil \u00d6r\u00fcmce\u011fin A\u011f\u0131nda\u2019 isimli kitab\u0131n\u0131n&#8230; Baz\u0131 sivil toplum \u00f6rg\u00fctlerinin ne denli \u2018naylon\u2019 oldu\u011funu belgelerle \u2018sille-tokat\u2019 ortaya koydu\u011funu&#8230;\u201d \u015eakir S\u00fcter, Ak\u015fam, 25 Ekim 2005   \u00b7         \u201cMustafa Y\u0131ld\u0131r\u0131m, T\u00fcrkiye\u2019de tan\u0131d\u0131\u011f\u0131m en iyi ve ger\u00e7ek\u00e7i ara\u015ft\u0131rmac\u0131lardan biri. Onun Sivil \u00d6r\u00fcmce\u011fin A\u011f\u0131nda isimli kitab\u0131, bug\u00fcne kadar okuduklar\u0131m\u0131n en muhte\u015femi idi. \u00dclkemizi sarmala alan i\u00e7 ve d\u0131\u015f g\u00fc\u00e7ler o kitapta belgeleriyle anlat\u0131lm\u0131\u015ft\u0131.\u201d Emin \u00c7\u00f6la\u015fan, S\u00f6zc\u00fc, 2 Ocak 2011 <\/p>\n","protected":false},"excerpt":{"rendered":"<p>\u00b7 \u201cNe zaman \u00e7ok iyi bir ara\u015ft\u0131rma okusam hep d\u00fc\u015f\u00fcn\u00fcr\u00fcm, \u2018Ke\u015fke U\u011fur Mumcu da bunu okusayd\u0131\u2019 diye. \u0130\u015fte Sivil \u00d6r\u00fcmcek kitab\u0131 da bunlar\u0131n en \u00f6nde gelenlerinden.<span class=\"excerpt-hellip\"> [\u2026]<\/span><\/p>\n","protected":false},"featured_media":0,"template":"","meta":{"_monsterinsights_skip_tracking":false,"_monsterinsights_sitenote_active":false,"_monsterinsights_sitenote_note":"","_monsterinsights_sitenote_category":0},"product_brand":[],"product_cat":[12338,12337],"product_tag":[],"class_list":{"0":"post-736947","1":"product","2":"type-product","3":"status-publish","5":"product_cat-dunya-siyaseti-ve-politikasi","6":"product_cat-politika-siyaset","7":"pa_cilt-ciltsiz","8":"pa_tur-kitap","9":"pa_yayinevi-sia-kitap","10":"pa_yazar-mustafa-yildirim","12":"first","13":"instock","14":"sale","15":"shipping-taxable","16":"purchasable","17":"product-type-simple"},"_links":{"self":[{"href":"https:\/\/roveyayinevi.com.tr\/index.php\/wp-json\/wp\/v2\/product\/736947","targetHints":{"allow":["GET"]}}],"collection":[{"href":"https:\/\/roveyayinevi.com.tr\/index.php\/wp-json\/wp\/v2\/product"}],"about":[{"href":"https:\/\/roveyayinevi.com.tr\/index.php\/wp-json\/wp\/v2\/types\/product"}],"wp:attachment":[{"href":"https:\/\/roveyayinevi.com.tr\/index.php\/wp-json\/wp\/v2\/media?parent=736947"}],"wp:term":[{"taxonomy":"product_brand","embeddable":true,"href":"https:\/\/roveyayinevi.com.tr\/index.php\/wp-json\/wp\/v2\/product_brand?post=736947"},{"taxonomy":"product_cat","embeddable":true,"href":"https:\/\/roveyayinevi.com.tr\/index.php\/wp-json\/wp\/v2\/product_cat?post=736947"},{"taxonomy":"product_tag","embeddable":true,"href":"https:\/\/roveyayinevi.com.tr\/index.php\/wp-json\/wp\/v2\/product_tag?post=736947"}],"curies":[{"name":"wp","href":"https:\/\/api.w.org\/{rel}","templated":true}]}}