{"id":736945,"date":"2025-08-27T23:18:18","date_gmt":"2025-08-27T20:18:18","guid":{"rendered":"https:\/\/roveyayinevi.com.tr\/index.php\/urun\/yeni-ufuklarin-pesinde\/"},"modified":"2026-04-16T02:45:58","modified_gmt":"2026-04-15T23:45:58","slug":"yeni-ufuklarin-pesinde","status":"publish","type":"product","link":"https:\/\/roveyayinevi.com.tr\/index.php\/urun\/yeni-ufuklarin-pesinde\/","title":{"rendered":"Yeni Ufuklar\u0131n Pe\u015finde"},"content":{"rendered":"<p>14 Temmuz 2015\u2019te muhte\u015fem bir \u015fey oldu. D\u00fcnya\u2019dan 4,5 milyar kilometre uzakta New Horizons isimli k\u00fc\u00e7\u00fck bir NASA uzay arac\u0131, saatte 50.000 kilometreden fazla h\u0131zla Pl\u00fcton\u2019un yan\u0131ndan ge\u00e7ti. New Horizons\u2019\u0131n D\u00fcnya\u2019ya g\u00f6nderdi\u011fi foto\u011fraflar yedi k\u0131tadaki gazetelerin ba\u015f sayfas\u0131n\u0131 s\u00fcsledi ve NASA\u2019n\u0131n internet sitesi 2 milyardan fazla ki\u015fi taraf\u0131ndan ziyaret edildi. Anlayaca\u011f\u0131n\u0131z, bu k\u00fc\u00e7\u00fck gezegen t\u00fcm d\u00fcnyay\u0131 heyecana bo\u011fdu. Peki, t\u00fcm bunlar nas\u0131l ger\u00e7ekle\u015fti? Yeni Ufuklar\u0131n Pe\u015finde: Pl\u00fcton\u2019a Yap\u0131lan Destans\u0131 \u0130lk Yolculu\u011fun \u00d6yk\u00fcs\u00fc on y\u0131llar s\u00fcren \u00e7aban\u0131n, NASA\u2019n\u0131n i\u00e7inde ve d\u0131\u015f\u0131ndaki siyasi tart\u0131\u015fmalar\u0131n, New Horizons\u2019\u0131 hayata ge\u00e7irmek ve u\u00e7urmak i\u00e7in gereken becerinin hik\u00e2yesi. Projenin ba\u015f\u0131ndaki bilim insan\u0131 Alan Stern\u2019\u00fcn ola\u011fan\u00fcst\u00fc hik\u00e2yesini okurken, insanl\u0131\u011f\u0131n gidebilece\u011fi s\u0131n\u0131rlar\u0131 tekrar ke\u015ffedeceksiniz.   \u201cSonunu bilmenize ra\u011fmen okurken yerinizde duramayacaks\u0131n\u0131z. Ba\u015f\u0131ndan sonuna kadar projenin i\u00e7inde olan iki yazar g\u00fc\u00e7l\u00fcklerle dolu s\u00fcreci muhte\u015fem bir anlat\u0131yla aktarmay\u0131 ba\u015farm\u0131\u015f.\u201d    \u2013 Marcia Bartusiak, Wall Street Journal \u201cTeknik jargonda kaybolman\u0131z\u0131 engelleyen bir \u00fcslupla kaleme al\u0131nm\u0131\u015f muhte\u015fem bir kitap. Stern ve Grinspoon, heyecan verici ve s\u00fcr\u00fckleyici bir yolculu\u011fa \u00e7\u0131kman\u0131z\u0131 sa\u011fl\u0131yor.\u201d \u2013 Scott Stantis, Chicago Tribune \u201cPop\u00fcler bilimde bir klasik olmaya aday. S\u00fcr\u00fckleyici.\u201d \u2013 Publishers Weekly   \u201cBir gerilim \u00f6yk\u00fcs\u00fc niteli\u011finde uzay ve bilim kitab\u0131.\u201d   \u2013 Andrew Dansby, Houston Chronicle <\/p>\n","protected":false},"excerpt":{"rendered":"<p>14 Temmuz 2015\u2019te muhte\u015fem bir \u015fey oldu. D\u00fcnya\u2019dan 4,5 milyar kilometre uzakta New Horizons isimli k\u00fc\u00e7\u00fck bir NASA uzay arac\u0131, saatte 50.000 kilometreden fazla h\u0131zla Pl\u00fcton\u2019un<span class=\"excerpt-hellip\"> [\u2026]<\/span><\/p>\n","protected":false},"featured_media":0,"template":"","meta":{"_monsterinsights_skip_tracking":false,"_monsterinsights_sitenote_active":false,"_monsterinsights_sitenote_note":"","_monsterinsights_sitenote_category":0},"product_brand":[],"product_cat":[13005,13006],"product_tag":[],"class_list":{"0":"post-736945","1":"product","2":"type-product","3":"status-publish","5":"product_cat-bilim-muhendislik","6":"product_cat-populer-bilim","7":"pa_cilt-ciltsiz","8":"pa_tur-kitap","9":"pa_yayinevi-sahi-kitap","10":"pa_yazar-alan-stern-david-grinspoon","12":"first","13":"instock","14":"sale","15":"shipping-taxable","16":"purchasable","17":"product-type-simple"},"_links":{"self":[{"href":"https:\/\/roveyayinevi.com.tr\/index.php\/wp-json\/wp\/v2\/product\/736945","targetHints":{"allow":["GET"]}}],"collection":[{"href":"https:\/\/roveyayinevi.com.tr\/index.php\/wp-json\/wp\/v2\/product"}],"about":[{"href":"https:\/\/roveyayinevi.com.tr\/index.php\/wp-json\/wp\/v2\/types\/product"}],"wp:attachment":[{"href":"https:\/\/roveyayinevi.com.tr\/index.php\/wp-json\/wp\/v2\/media?parent=736945"}],"wp:term":[{"taxonomy":"product_brand","embeddable":true,"href":"https:\/\/roveyayinevi.com.tr\/index.php\/wp-json\/wp\/v2\/product_brand?post=736945"},{"taxonomy":"product_cat","embeddable":true,"href":"https:\/\/roveyayinevi.com.tr\/index.php\/wp-json\/wp\/v2\/product_cat?post=736945"},{"taxonomy":"product_tag","embeddable":true,"href":"https:\/\/roveyayinevi.com.tr\/index.php\/wp-json\/wp\/v2\/product_tag?post=736945"}],"curies":[{"name":"wp","href":"https:\/\/api.w.org\/{rel}","templated":true}]}}