{"id":736937,"date":"2025-08-27T23:18:09","date_gmt":"2025-08-27T20:18:09","guid":{"rendered":"https:\/\/roveyayinevi.com.tr\/index.php\/urun\/kisi-beklerken\/"},"modified":"2026-04-16T02:45:57","modified_gmt":"2026-04-15T23:45:57","slug":"kisi-beklerken","status":"publish","type":"product","link":"https:\/\/roveyayinevi.com.tr\/index.php\/urun\/kisi-beklerken\/","title":{"rendered":"K\u0131\u015f\u0131 Beklerken"},"content":{"rendered":"<p>Beyaz, \u0131slak, so\u011fuk ve yumu\u015fak . . . Ke\u00e7i kar\u0131 b\u00f6yle tarif etmi\u015fti! Sincap, bu k\u0131\u015f ilk kar tanesi g\u00f6ky\u00fcz\u00fcnden d\u00fc\u015fmeden uyumamaya kararl\u0131. Dostlar\u0131 Kirpi ile Ay\u0131 da\u2026 Ancak k\u0131\u015f geciktik\u00e7e gecikiyor, uyan\u0131k kalmak gittik\u00e7e zorla\u015f\u0131yor\u2026 Peki, \u00f6mr\u00fcnde hi\u00e7 ka\u00e7 g\u00f6rmemi\u015f bu \u00fc\u00e7 arkada\u015f kar\u0131n ya\u011fmaya ba\u015flad\u0131\u011f\u0131n\u0131 fark edebilecek mi?<\/p>\n","protected":false},"excerpt":{"rendered":"<p>Beyaz, \u0131slak, so\u011fuk ve yumu\u015fak . . . Ke\u00e7i kar\u0131 b\u00f6yle tarif etmi\u015fti! Sincap, bu k\u0131\u015f ilk kar tanesi g\u00f6ky\u00fcz\u00fcnden d\u00fc\u015fmeden uyumamaya kararl\u0131. Dostlar\u0131 Kirpi ile<span class=\"excerpt-hellip\"> [\u2026]<\/span><\/p>\n","protected":false},"featured_media":0,"template":"","meta":{"_monsterinsights_skip_tracking":false,"_monsterinsights_sitenote_active":false,"_monsterinsights_sitenote_note":"","_monsterinsights_sitenote_category":0},"product_brand":[],"product_cat":[12913,12274],"product_tag":[],"class_list":{"0":"post-736937","1":"product","2":"type-product","3":"status-publish","5":"product_cat-3-6-yas-kitaplari","6":"product_cat-cocuk-ve-genclik-kitaplari","7":"pa_cilt-ciltsiz","8":"pa_tur-kitap","9":"pa_yayinevi-kuraldisi-yayinevi","10":"pa_yazar-sebastian-meschenmoser","12":"first","13":"instock","14":"sale","15":"shipping-taxable","16":"purchasable","17":"product-type-simple"},"_links":{"self":[{"href":"https:\/\/roveyayinevi.com.tr\/index.php\/wp-json\/wp\/v2\/product\/736937","targetHints":{"allow":["GET"]}}],"collection":[{"href":"https:\/\/roveyayinevi.com.tr\/index.php\/wp-json\/wp\/v2\/product"}],"about":[{"href":"https:\/\/roveyayinevi.com.tr\/index.php\/wp-json\/wp\/v2\/types\/product"}],"wp:attachment":[{"href":"https:\/\/roveyayinevi.com.tr\/index.php\/wp-json\/wp\/v2\/media?parent=736937"}],"wp:term":[{"taxonomy":"product_brand","embeddable":true,"href":"https:\/\/roveyayinevi.com.tr\/index.php\/wp-json\/wp\/v2\/product_brand?post=736937"},{"taxonomy":"product_cat","embeddable":true,"href":"https:\/\/roveyayinevi.com.tr\/index.php\/wp-json\/wp\/v2\/product_cat?post=736937"},{"taxonomy":"product_tag","embeddable":true,"href":"https:\/\/roveyayinevi.com.tr\/index.php\/wp-json\/wp\/v2\/product_tag?post=736937"}],"curies":[{"name":"wp","href":"https:\/\/api.w.org\/{rel}","templated":true}]}}