{"id":736925,"date":"2025-08-27T23:17:58","date_gmt":"2025-08-27T20:17:58","guid":{"rendered":"https:\/\/roveyayinevi.com.tr\/index.php\/urun\/pratik-tarim-uygulamalari\/"},"modified":"2026-04-16T02:45:56","modified_gmt":"2026-04-15T23:45:56","slug":"pratik-tarim-uygulamalari","status":"publish","type":"product","link":"https:\/\/roveyayinevi.com.tr\/index.php\/urun\/pratik-tarim-uygulamalari\/","title":{"rendered":"Pratik Tar\u0131m Uygulamalar\u0131"},"content":{"rendered":"<p>Tar\u0131msal \u00fcretim insanl\u0131k tarihiyle beraber ya\u015fam\u0131n bir par\u00e7as\u0131 olmu\u015f ve sevginin kayna\u011f\u0131n\u0131 olu\u015fturmu\u015ftur. Bu kitap hem \u00fcreticilere, hem tar\u0131m \u00f6\u011frencilerine ve as\u0131l ama\u00e7 olan tar\u0131msal \u00fcretime ba\u015flayacaklara pratik yararlar sa\u011flamas\u0131 i\u00e7in haz\u0131rlanm\u0131\u015ft\u0131r. Pratik Tar\u0131m Uygulamalar\u0131 ile ilgili detayl\u0131 bilgiler hem \u00fcreticilere hem yeni ba\u015flayacaklara temel kaynak olacak \u015fekilde bu kitapta yer bulmu\u015ftur. Sebze ve meyve \u00fcretimi, s\u00fcs bitkileri yeti\u015ftiricili\u011fi, budama, sulama, g\u00fcbreleme, bitki besleme bozukluklar\u0131, bitki hastal\u0131k ve zararl\u0131lar\u0131 ile yabanc\u0131 otlar\u0131, hobi bah\u00e7elerinin olu\u015fturma konular\u0131nda pratik uygulama bilgileri verilerek \u00fcretim yap\u0131labilme te\u015fvik edilmi\u015ftir. T\u00fcm pratik bilgileri vermeye \u00e7al\u0131\u015fan bu kitab\u0131n teknik elamanlara, e\u011fitimcilere, tar\u0131m \u00f6\u011frencilerine, \u00fcreticilere ve merakl\u0131lar\u0131na yeterli kaynak olu\u015fturabilmesi \u00fcmit edilmektedir. <\/p>\n","protected":false},"excerpt":{"rendered":"<p>Tar\u0131msal \u00fcretim insanl\u0131k tarihiyle beraber ya\u015fam\u0131n bir par\u00e7as\u0131 olmu\u015f ve sevginin kayna\u011f\u0131n\u0131 olu\u015fturmu\u015ftur. Bu kitap hem \u00fcreticilere, hem tar\u0131m \u00f6\u011frencilerine ve as\u0131l ama\u00e7 olan tar\u0131msal \u00fcretime<span class=\"excerpt-hellip\"> [\u2026]<\/span><\/p>\n","protected":false},"featured_media":0,"template":"","meta":{"_monsterinsights_skip_tracking":false,"_monsterinsights_sitenote_active":false,"_monsterinsights_sitenote_note":"","_monsterinsights_sitenote_category":0},"product_brand":[],"product_cat":[13005,13010],"product_tag":[],"class_list":{"0":"post-736925","1":"product","2":"type-product","3":"status-publish","5":"product_cat-bilim-muhendislik","6":"product_cat-doga-bilimleri","7":"pa_cilt-ciltsiz","8":"pa_tur-kitap","9":"pa_yayinevi-efil-yayinevi","10":"pa_yazar-hulya-akat-ibrahim-yokas","12":"first","13":"instock","14":"sale","15":"shipping-taxable","16":"purchasable","17":"product-type-simple"},"_links":{"self":[{"href":"https:\/\/roveyayinevi.com.tr\/index.php\/wp-json\/wp\/v2\/product\/736925","targetHints":{"allow":["GET"]}}],"collection":[{"href":"https:\/\/roveyayinevi.com.tr\/index.php\/wp-json\/wp\/v2\/product"}],"about":[{"href":"https:\/\/roveyayinevi.com.tr\/index.php\/wp-json\/wp\/v2\/types\/product"}],"wp:attachment":[{"href":"https:\/\/roveyayinevi.com.tr\/index.php\/wp-json\/wp\/v2\/media?parent=736925"}],"wp:term":[{"taxonomy":"product_brand","embeddable":true,"href":"https:\/\/roveyayinevi.com.tr\/index.php\/wp-json\/wp\/v2\/product_brand?post=736925"},{"taxonomy":"product_cat","embeddable":true,"href":"https:\/\/roveyayinevi.com.tr\/index.php\/wp-json\/wp\/v2\/product_cat?post=736925"},{"taxonomy":"product_tag","embeddable":true,"href":"https:\/\/roveyayinevi.com.tr\/index.php\/wp-json\/wp\/v2\/product_tag?post=736925"}],"curies":[{"name":"wp","href":"https:\/\/api.w.org\/{rel}","templated":true}]}}