{"id":736922,"date":"2025-08-27T23:17:55","date_gmt":"2025-08-27T20:17:55","guid":{"rendered":"https:\/\/roveyayinevi.com.tr\/index.php\/urun\/ortadogunun-sahlari-vezirleri-piyonlari\/"},"modified":"2026-04-16T02:45:56","modified_gmt":"2026-04-15T23:45:56","slug":"ortadogunun-sahlari-vezirleri-piyonlari","status":"publish","type":"product","link":"https:\/\/roveyayinevi.com.tr\/index.php\/urun\/ortadogunun-sahlari-vezirleri-piyonlari\/","title":{"rendered":"Ortado\u011fu\u2019nun \u015eahlar\u0131 Vezirleri Piyonlar\u0131"},"content":{"rendered":"<p>\u00b7         Ortado\u011fu satranc\u0131nda hangi liderler \u015fah, hangileri vezir, hangileri piyondu? \u00b7         Erdo\u011fan\u2019\u0131n Ortado\u011fu satranc\u0131ndaki rol\u00fc neydi? \u00b7         Beyaz Saray\u2019daki \u00e7ok \u00f6nemli Erdo\u011fan raporu\u2026 \u00b7         Siyasi \u0130slam, T\u00fcrkiye\u2019den \u00f6nce ilk kez hangi \u00fclkede denendi? \u00b7         Nur Batur\u2019un Saddam H\u00fcseyin\u2019den Yaser Arafat\u2019a, Benazir Butto\u2019dan Be\u015far Esad\u2019a, \u015eimon Peres\u2019den Muhammed Mursi\u2019ye, Tar\u0131k Aziz\u2019den Mahmud Abbas\u2019a kadar Ortado\u011fu\u2019nun kaderini \u00e7izen liderlerle yapt\u0131\u011f\u0131 g\u00f6r\u00fc\u015fmelerin perde arkas\u0131 ve ilk kez yay\u0131mlanan b\u00f6l\u00fcmleri\u2026 \u00b7         Gladio lideri Cossiga \u00fcnl\u00fc s\u00f6yle\u015fisinde T\u00fcrk ordusu ve Erdo\u011fan i\u00e7in ne dedi? \u00b7         Nur Batur\u2019un 30 y\u0131l sonra ilk kez a\u00e7\u0131klad\u0131\u011f\u0131 Genelkurmay g\u00f6r\u00fc\u015fmeleri\u2026 \u00b7         \u00d6zal-D\u0131\u015fi\u015fleri-TSK aras\u0131ndaki K\u00fcrt satranc\u0131: Petrol kar\u015f\u0131l\u0131\u011f\u0131 K\u00fcrt federe devletini tan\u0131ma stratejisinde kim neyi savundu, kim neye kar\u015f\u0131 \u00e7\u0131kt\u0131? 30 y\u0131ld\u0131r a\u00e7\u0131klanmayan o tart\u0131\u015fmalar, konu\u015fmalar, MGK g\u00f6r\u00fc\u015fmeleri\u2026 \u00b7         Hem D\u0131\u015fi\u015fleri hem TSK K\u00fcrt sorununda nas\u0131l b\u00f6l\u00fcnd\u00fc? \u00b7         Sa\u011f kolu, Erdo\u011fan\u2019\u0131n Davos\u2019ta \u015eimon Peres\u2019i bilerek hedef ald\u0131\u011f\u0131n\u0131 s\u00f6yledi. Peki neden? Erdo\u011fan\u2019\u0131n plan\u0131 neydi? \u00b7         Erdo\u011fan M\u0131s\u0131r\u2019da M\u00fcsl\u00fcman Karde\u015fler\u2019in i\u00e7i\u015flerine neden ve nas\u0131l kar\u0131\u015ft\u0131? Usta gazeteci Nur Batur, Ortado\u011fu\u2019nun kanl\u0131 satranc\u0131n\u0131 ve b\u00f6lgenin \u015fahlar\u0131n\u0131, vezirlerini, piyonlar\u0131n\u0131 yazd\u0131\u2026 <\/p>\n","protected":false},"excerpt":{"rendered":"<p>\u00b7 Ortado\u011fu satranc\u0131nda hangi liderler \u015fah, hangileri vezir, hangileri piyondu? \u00b7 Erdo\u011fan\u2019\u0131n Ortado\u011fu satranc\u0131ndaki rol\u00fc neydi? \u00b7 Beyaz Saray\u2019daki \u00e7ok \u00f6nemli Erdo\u011fan raporu\u2026 \u00b7 Siyasi \u0130slam,<span class=\"excerpt-hellip\"> [\u2026]<\/span><\/p>\n","protected":false},"featured_media":0,"template":"","meta":{"_monsterinsights_skip_tracking":false,"_monsterinsights_sitenote_active":false,"_monsterinsights_sitenote_note":"","_monsterinsights_sitenote_category":0},"product_brand":[],"product_cat":[13590,12337],"product_tag":[],"class_list":{"0":"post-736922","1":"product","2":"type-product","3":"status-publish","5":"product_cat-arastirma-inceleme-politika-siyaset","6":"product_cat-politika-siyaset","7":"pa_cilt-ciltsiz","8":"pa_tur-kitap","9":"pa_yayinevi-kirmizi-kedi-yayinevi","10":"pa_yazar-nur-batur","12":"first","13":"instock","14":"sale","15":"shipping-taxable","16":"purchasable","17":"product-type-simple"},"_links":{"self":[{"href":"https:\/\/roveyayinevi.com.tr\/index.php\/wp-json\/wp\/v2\/product\/736922","targetHints":{"allow":["GET"]}}],"collection":[{"href":"https:\/\/roveyayinevi.com.tr\/index.php\/wp-json\/wp\/v2\/product"}],"about":[{"href":"https:\/\/roveyayinevi.com.tr\/index.php\/wp-json\/wp\/v2\/types\/product"}],"wp:attachment":[{"href":"https:\/\/roveyayinevi.com.tr\/index.php\/wp-json\/wp\/v2\/media?parent=736922"}],"wp:term":[{"taxonomy":"product_brand","embeddable":true,"href":"https:\/\/roveyayinevi.com.tr\/index.php\/wp-json\/wp\/v2\/product_brand?post=736922"},{"taxonomy":"product_cat","embeddable":true,"href":"https:\/\/roveyayinevi.com.tr\/index.php\/wp-json\/wp\/v2\/product_cat?post=736922"},{"taxonomy":"product_tag","embeddable":true,"href":"https:\/\/roveyayinevi.com.tr\/index.php\/wp-json\/wp\/v2\/product_tag?post=736922"}],"curies":[{"name":"wp","href":"https:\/\/api.w.org\/{rel}","templated":true}]}}