{"id":736920,"date":"2025-08-27T23:17:53","date_gmt":"2025-08-27T20:17:53","guid":{"rendered":"https:\/\/roveyayinevi.com.tr\/index.php\/urun\/gorklu-suyun-kurumasin\/"},"modified":"2026-04-16T02:45:56","modified_gmt":"2026-04-15T23:45:56","slug":"gorklu-suyun-kurumasin","status":"publish","type":"product","link":"https:\/\/roveyayinevi.com.tr\/index.php\/urun\/gorklu-suyun-kurumasin\/","title":{"rendered":"G\u00f6rkl\u00fc Suyun Kurumas\u0131n"},"content":{"rendered":"<p>G\u00f6n\u00fcl Yonar, mitoloji \u00e7al\u0131\u015fmalar\u0131n\u0131n bu yeni veriminde, kad\u0131n arketiplerinin T\u00fcrk destanlar\u0131 ve halk anlat\u0131lar\u0131ndaki anahtar vazifesi g\u00f6ren temel karakterleri \u00fczerinden bir tasnife giri\u015fiyor ve tarihsel maceram\u0131z boyunca de\u011fi\u015fmeyen bir s\u00f6ylen \u00e7ekirde\u011fi etraf\u0131nda, k\u00fclt\u00fcrel etkile\u015fimlerin a\u011f\u0131nda d\u00f6n\u00fc\u015ferek hayat\u0131m\u0131za s\u00fcrg\u00fcn veren mitsel k\u00f6kleri irdeliyor. Geni\u015f T\u00fcrk co\u011frafyas\u0131n\u0131n yayg\u0131n anlat\u0131lar\u0131ndan s\u00fcz\u00fclerek gelen alp, bilge, anne, e\u015f, a\u015f\u0131k, sava\u015f\u00e7\u0131 ve y\u0131k\u0131c\u0131 kad\u0131n imajlar\u0131n\u0131n mitsel devirlerin g\u00f6lgelerinden s\u0131yr\u0131larak &#8220;Ebedi Di\u015fi&#8221;nin vahdeti i\u00e7inde bizi nas\u0131l ku\u015fatt\u0131\u011f\u0131n\u0131n hikayesini okumak i\u00e7in elveri\u015fli bir ba\u015flang\u0131\u00e7, G\u00f6rkl\u00fc Suyun Kurumas\u0131n. <\/p>\n","protected":false},"excerpt":{"rendered":"<p>G\u00f6n\u00fcl Yonar, mitoloji \u00e7al\u0131\u015fmalar\u0131n\u0131n bu yeni veriminde, kad\u0131n arketiplerinin T\u00fcrk destanlar\u0131 ve halk anlat\u0131lar\u0131ndaki anahtar vazifesi g\u00f6ren temel karakterleri \u00fczerinden bir tasnife giri\u015fiyor ve tarihsel maceram\u0131z<span class=\"excerpt-hellip\"> [\u2026]<\/span><\/p>\n","protected":false},"featured_media":0,"template":"","meta":{"_monsterinsights_skip_tracking":false,"_monsterinsights_sitenote_active":false,"_monsterinsights_sitenote_note":"","_monsterinsights_sitenote_category":0},"product_brand":[],"product_cat":[12718,12858],"product_tag":[],"class_list":{"0":"post-736920","1":"product","2":"type-product","3":"status-publish","5":"product_cat-din","6":"product_cat-mitolojiler","7":"pa_cilt-ciltsiz","8":"pa_tur-kitap","9":"pa_yayinevi-otuken-nesriyat","10":"pa_yazar-gonul-yonar","12":"first","13":"instock","14":"sale","15":"shipping-taxable","16":"purchasable","17":"product-type-simple"},"_links":{"self":[{"href":"https:\/\/roveyayinevi.com.tr\/index.php\/wp-json\/wp\/v2\/product\/736920","targetHints":{"allow":["GET"]}}],"collection":[{"href":"https:\/\/roveyayinevi.com.tr\/index.php\/wp-json\/wp\/v2\/product"}],"about":[{"href":"https:\/\/roveyayinevi.com.tr\/index.php\/wp-json\/wp\/v2\/types\/product"}],"wp:attachment":[{"href":"https:\/\/roveyayinevi.com.tr\/index.php\/wp-json\/wp\/v2\/media?parent=736920"}],"wp:term":[{"taxonomy":"product_brand","embeddable":true,"href":"https:\/\/roveyayinevi.com.tr\/index.php\/wp-json\/wp\/v2\/product_brand?post=736920"},{"taxonomy":"product_cat","embeddable":true,"href":"https:\/\/roveyayinevi.com.tr\/index.php\/wp-json\/wp\/v2\/product_cat?post=736920"},{"taxonomy":"product_tag","embeddable":true,"href":"https:\/\/roveyayinevi.com.tr\/index.php\/wp-json\/wp\/v2\/product_tag?post=736920"}],"curies":[{"name":"wp","href":"https:\/\/api.w.org\/{rel}","templated":true}]}}