{"id":736918,"date":"2025-08-27T23:17:51","date_gmt":"2025-08-27T20:17:51","guid":{"rendered":"https:\/\/roveyayinevi.com.tr\/index.php\/urun\/avrupa-hunlari-2\/"},"modified":"2026-04-16T02:45:56","modified_gmt":"2026-04-15T23:45:56","slug":"avrupa-hunlari-2","status":"publish","type":"product","link":"https:\/\/roveyayinevi.com.tr\/index.php\/urun\/avrupa-hunlari-2\/","title":{"rendered":"Avrupa Hunlar\u0131"},"content":{"rendered":"<p>Erken d\u00f6nem \u201cDo\u011fu Avrupa Tarihi\u201d alan\u0131nda Avrupa Hunlar\u0131 ya da Bat\u0131 Hunlar\u0131 gibi isimlerle bilinen ve en g\u00f6rkemli d\u00f6nemlerini Attila\u2019n\u0131n egemenlik g\u00fcnlerinde ya\u015fam\u0131\u015f olan Hunlarla ilgili \u00e7al\u0131\u015fmalar d\u00fcnya tarih\u00e7ili\u011finin uzun y\u0131llar boyunca ilgisine mazhar olmu\u015f ve konuya dair pek \u00e7ok bilimsel \u00fcretim ortaya konulmu\u015ftur.Yak\u0131n bir zaman dilimine g\u00f6z at\u0131ld\u0131\u011f\u0131nda ise Avrupa Hunlar\u0131\u2019na dair kaleme al\u0131nan T\u00fcrk\u00e7e \u00e7al\u0131\u015fmalarla birlikte, terc\u00fcme eserlerin say\u0131s\u0131nda da bir art\u0131\u015f oldu\u011fu g\u00f6zlemlense de bu konunun T\u00fcrk tarihinin di\u011fer alanlar\u0131na g\u00f6re daha az ra\u011fbet g\u00f6rd\u00fc\u011f\u00fcn\u00fc ifade edebiliriz. Avrupa Hunlar\u0131\u2019na dair temel kaynaklarda yer alan da\u011f\u0131n\u0131k bilgiler s\u0131n\u0131rl\u0131 bir siyas\u00ee tarih in\u015fas\u0131n\u0131 m\u00fcmk\u00fcn k\u0131lmakla birlikte, k\u00fclt\u00fcrel unsurlara dair daha fazla arg\u00fcman i\u00e7erir niteliktedir. Hun egemenli\u011finin tesis edildi\u011fi b\u00f6lgelerde yap\u0131lan arkeolojik \u00e7al\u0131\u015fmalar da k\u00fclt\u00fcr tarihine y\u00f6nelik bilgileri kuvvetlendirir tarzdad\u0131r. Avrupa Hunlar\u0131\u2019n\u0131n bilinen, s\u0131n\u0131rl\u0131 say\u0131daki kelime varl\u0131\u011f\u0131 filolojik \u00e7al\u0131\u015fmalar\u0131 da zorla\u015ft\u0131rmaktad\u0131r. Bunlarla birlikte, kavim hareketlerinin takibinin son derece zor oldu\u011fu bir zaman diliminde, d\u00f6nemin m\u00fcelliflerinin eserlerindeki karma\u015f\u0131k bilgiler, \u00f6zellikle Avrupa Hunlar\u0131\u2019n\u0131n erken tarihleri \u00fczerinde bir sis perdesi olu\u015fturmaktad\u0131r. Bunun gibi birtak\u0131m zorluklar Avrupa Hun tarihi konusundaki \u00fcretimi s\u0131n\u0131rland\u0131ran nedenler aras\u0131nda g\u00f6r\u00fclebilir. Bu \u00e7al\u0131\u015fmada; \u00fclkemizde s\u0131n\u0131rl\u0131 say\u0131daki Avrupa Hun tarihi ara\u015ft\u0131rmalar\u0131na edeb\u00ee unsurlar\u0131 dahil ederek bir nebze de olsa katk\u0131da bulunma gayreti vard\u0131r. Bu fikirden hareketle, kitab\u0131n ilk b\u00f6l\u00fcm\u00fcn\u00fc Hun siyas\u00ee tarihine y\u00f6nelik hadiseler olu\u015ftururken ikinci b\u00f6l\u00fcmde destan ve efsanelerde Hunlar\u0131n izi s\u00fcr\u00fclmeye \u00e7al\u0131\u015f\u0131lm\u0131\u015ft\u0131r.\u0130kinci b\u00f6l\u00fcm\u00fcn\u00fcn sonunda terc\u00fcmesi yap\u0131lan \u2018Buda\u2019n\u0131n \u00d6l\u00fcm\u00fc\u2019 adl\u0131 yapay destan, Macarlar aras\u0131ndaki \u2018Hunluk\u2019 d\u00fc\u015f\u00fcncesinin en g\u00fczel \u00f6rneklerinden birisidir. Avrupa Hunlar\u0131 -Tarih ve Destan- isimli bu eserin yazar\u0131 Umut \u00dcren, J\u00e1nos Arany taraf\u0131ndan kaleme al\u0131nan ve Hun-Macar akrabal\u0131\u011f\u0131n\u0131 i\u015fleyen bu destan\u0131 T\u00fcrk\u00e7eye terc\u00fcme ederken gayesinin yaln\u0131zca, bu ozan ve destan\u0131 T\u00fcrk okuruna tan\u0131tmak oldu\u011funun alt\u0131n\u0131 \u00e7izmi\u015ftir.<\/p>\n","protected":false},"excerpt":{"rendered":"<p>Erken d\u00f6nem \u201cDo\u011fu Avrupa Tarihi\u201d alan\u0131nda Avrupa Hunlar\u0131 ya da Bat\u0131 Hunlar\u0131 gibi isimlerle bilinen ve en g\u00f6rkemli d\u00f6nemlerini Attila\u2019n\u0131n egemenlik g\u00fcnlerinde ya\u015fam\u0131\u015f olan Hunlarla ilgili<span class=\"excerpt-hellip\"> [\u2026]<\/span><\/p>\n","protected":false},"featured_media":0,"template":"","meta":{"_monsterinsights_skip_tracking":false,"_monsterinsights_sitenote_active":false,"_monsterinsights_sitenote_note":"","_monsterinsights_sitenote_category":0},"product_brand":[],"product_cat":[12370,12304],"product_tag":[],"class_list":{"0":"post-736918","1":"product","2":"type-product","3":"status-publish","5":"product_cat-arastirma-inceleme","6":"product_cat-tarih","7":"pa_cilt-ciltsiz","8":"pa_tur-kitap","9":"pa_yayinevi-otuken-nesriyat","10":"pa_yazar-umut-uren","12":"first","13":"instock","14":"sale","15":"shipping-taxable","16":"purchasable","17":"product-type-simple"},"_links":{"self":[{"href":"https:\/\/roveyayinevi.com.tr\/index.php\/wp-json\/wp\/v2\/product\/736918","targetHints":{"allow":["GET"]}}],"collection":[{"href":"https:\/\/roveyayinevi.com.tr\/index.php\/wp-json\/wp\/v2\/product"}],"about":[{"href":"https:\/\/roveyayinevi.com.tr\/index.php\/wp-json\/wp\/v2\/types\/product"}],"wp:attachment":[{"href":"https:\/\/roveyayinevi.com.tr\/index.php\/wp-json\/wp\/v2\/media?parent=736918"}],"wp:term":[{"taxonomy":"product_brand","embeddable":true,"href":"https:\/\/roveyayinevi.com.tr\/index.php\/wp-json\/wp\/v2\/product_brand?post=736918"},{"taxonomy":"product_cat","embeddable":true,"href":"https:\/\/roveyayinevi.com.tr\/index.php\/wp-json\/wp\/v2\/product_cat?post=736918"},{"taxonomy":"product_tag","embeddable":true,"href":"https:\/\/roveyayinevi.com.tr\/index.php\/wp-json\/wp\/v2\/product_tag?post=736918"}],"curies":[{"name":"wp","href":"https:\/\/api.w.org\/{rel}","templated":true}]}}