{"id":736914,"date":"2025-08-27T23:17:47","date_gmt":"2025-08-27T20:17:47","guid":{"rendered":"https:\/\/roveyayinevi.com.tr\/index.php\/urun\/gunlerden-bir-gun\/"},"modified":"2026-04-16T02:45:56","modified_gmt":"2026-04-15T23:45:56","slug":"gunlerden-bir-gun","status":"publish","type":"product","link":"https:\/\/roveyayinevi.com.tr\/index.php\/urun\/gunlerden-bir-gun\/","title":{"rendered":"G\u00fcnlerden Bir G\u00fcn"},"content":{"rendered":"<p>Giusi Quarenghi\u2019nin e\u011flenceli metni ve Simona Mulazzani\u2019nin harika \u00e7izimleri bizi esnemelerin bulutlara d\u00f6n\u00fc\u015febildi\u011fi, trenlerin denize girip yunuslara \u0131sl\u0131k \u00e7almay\u0131 \u00f6\u011fretti\u011fi ger\u00e7ek\u00fcst\u00fc bir d\u00fcnyaya davet ediyor.   G\u00fcnlerden Bir G\u00fcn, hayal g\u00fcc\u00fcn\u00fc yans\u0131tan, belki de ancak bir \u00e7ocu\u011fun bak\u0131\u015f a\u00e7\u0131s\u0131yla kavranabilecek d\u00fc\u015fsel ve \u015fiirsel bir anlat\u0131m&#8230;   Giusi Quarenghi 1951\u2019de Val Taleggio\u2019da do\u011fdu, k\u00fc\u00e7\u00fck bir da\u011f k\u00f6y\u00fcnde b\u00fcy\u00fcd\u00fc. E\u011fitiminin ard\u0131ndan sinema, \u00e7izgi film ve televizyon alanlar\u0131nda \u00e7al\u0131\u015ft\u0131; senaryolar yazd\u0131. 1982 y\u0131l\u0131nda yay\u0131mlanan Ahi, che male (Ah \u0130\u015fte Bu Ac\u0131tt\u0131!) adl\u0131 ilk kitab\u0131n\u0131n ard\u0131ndan, \u00e7ocuklar ve gen\u00e7ler i\u00e7in yazmaya ba\u015flad\u0131. 2006\u2019da, \u0130talya\u2019n\u0131n en \u00f6nemli \u00e7ocuk kitaplar\u0131 \u00f6d\u00fcllerinden Andersen En \u0130yi Yazar \u00d6d\u00fcl\u00fc\u2019n\u00fc kazand\u0131.   Simona Mulazzani Milano\u2019da do\u011fdu ve \u0130talya\u2019n\u0131n Pesaro kentinde ya\u015f\u0131yor. 100\u2019den fazla yeti\u015fkin ve \u00e7ocuk kitab\u0131 resimledi. 2005\u2019te New York Society of Illustration taraf\u0131ndan g\u00fcm\u00fc\u015f madalya ile \u00f6d\u00fcllendirildi. 2016\u2019da, \u0130talya\u2019n\u0131n en \u00f6nemli \u00e7ocuk kitaplar\u0131 \u00f6d\u00fcllerinden Andersen En \u0130yi \u0130ll\u00fcstrat\u00f6r \u00d6d\u00fcl\u00fc\u2019n\u00fc kazand\u0131. <\/p>\n","protected":false},"excerpt":{"rendered":"<p>Giusi Quarenghi\u2019nin e\u011flenceli metni ve Simona Mulazzani\u2019nin harika \u00e7izimleri bizi esnemelerin bulutlara d\u00f6n\u00fc\u015febildi\u011fi, trenlerin denize girip yunuslara \u0131sl\u0131k \u00e7almay\u0131 \u00f6\u011fretti\u011fi ger\u00e7ek\u00fcst\u00fc bir d\u00fcnyaya davet ediyor. G\u00fcnlerden<span class=\"excerpt-hellip\"> [\u2026]<\/span><\/p>\n","protected":false},"featured_media":0,"template":"","meta":{"_monsterinsights_skip_tracking":false,"_monsterinsights_sitenote_active":false,"_monsterinsights_sitenote_note":"","_monsterinsights_sitenote_category":0},"product_brand":[],"product_cat":[12274,12284],"product_tag":[],"class_list":{"0":"post-736914","1":"product","2":"type-product","3":"status-publish","5":"product_cat-cocuk-ve-genclik-kitaplari","6":"product_cat-hikayeler","7":"pa_cilt-ciltsiz","8":"pa_tur-kitap","9":"pa_yayinevi-koc-universitesi-yayinlari","10":"pa_yazar-giusi-quarenghi","12":"first","13":"instock","14":"sale","15":"shipping-taxable","16":"purchasable","17":"product-type-simple"},"_links":{"self":[{"href":"https:\/\/roveyayinevi.com.tr\/index.php\/wp-json\/wp\/v2\/product\/736914","targetHints":{"allow":["GET"]}}],"collection":[{"href":"https:\/\/roveyayinevi.com.tr\/index.php\/wp-json\/wp\/v2\/product"}],"about":[{"href":"https:\/\/roveyayinevi.com.tr\/index.php\/wp-json\/wp\/v2\/types\/product"}],"wp:attachment":[{"href":"https:\/\/roveyayinevi.com.tr\/index.php\/wp-json\/wp\/v2\/media?parent=736914"}],"wp:term":[{"taxonomy":"product_brand","embeddable":true,"href":"https:\/\/roveyayinevi.com.tr\/index.php\/wp-json\/wp\/v2\/product_brand?post=736914"},{"taxonomy":"product_cat","embeddable":true,"href":"https:\/\/roveyayinevi.com.tr\/index.php\/wp-json\/wp\/v2\/product_cat?post=736914"},{"taxonomy":"product_tag","embeddable":true,"href":"https:\/\/roveyayinevi.com.tr\/index.php\/wp-json\/wp\/v2\/product_tag?post=736914"}],"curies":[{"name":"wp","href":"https:\/\/api.w.org\/{rel}","templated":true}]}}