{"id":736906,"date":"2025-08-27T23:17:38","date_gmt":"2025-08-27T20:17:38","guid":{"rendered":"https:\/\/roveyayinevi.com.tr\/index.php\/urun\/koca-gokyuzu\/"},"modified":"2026-04-16T02:45:56","modified_gmt":"2026-04-15T23:45:56","slug":"koca-gokyuzu","status":"publish","type":"product","link":"https:\/\/roveyayinevi.com.tr\/index.php\/urun\/koca-gokyuzu\/","title":{"rendered":"Koca G\u00f6ky\u00fcz\u00fc"},"content":{"rendered":"<p>Nikola \u00e7ok merakl\u0131 bir \u00e7ocuk ve dedesiyle \u00e7ok iyi anla\u015f\u0131yor. Dedesi torununun b\u00fct\u00fcn sorular\u0131n\u0131 yan\u0131tl\u0131yor, ona hik\u00e2yeler anlat\u0131yor. Derken bir g\u00fcn Nikola annesine dedesinin nerede oldu\u011funu soruyor. Annesi dedesinin g\u00f6\u011fe u\u00e7tu\u011funu s\u00f6yleyince k\u00fc\u00e7\u00fck \u00e7ocuk g\u00f6ky\u00fcz\u00fcn\u00fc g\u00f6zlemeye ba\u015fl\u0131yor. Ama g\u00f6ky\u00fcz\u00fc o kadar kocaman, o kadar b\u00fcy\u00fck ki, dedesini bir t\u00fcrl\u00fc g\u00f6remiyor.   Sebastiano Ruiz Mignone b\u00fcy\u00fcklerin belki de yan\u0131tlamakta en \u00e7ok zorland\u0131\u011f\u0131 sorular\u0131 s\u0131ms\u0131cak bir dede torun hik\u00e2yesine d\u00f6n\u00fc\u015ft\u00fcr\u00fcyor. <\/p>\n","protected":false},"excerpt":{"rendered":"<p>Nikola \u00e7ok merakl\u0131 bir \u00e7ocuk ve dedesiyle \u00e7ok iyi anla\u015f\u0131yor. Dedesi torununun b\u00fct\u00fcn sorular\u0131n\u0131 yan\u0131tl\u0131yor, ona hik\u00e2yeler anlat\u0131yor. Derken bir g\u00fcn Nikola annesine dedesinin nerede oldu\u011funu<span class=\"excerpt-hellip\"> [\u2026]<\/span><\/p>\n","protected":false},"featured_media":0,"template":"","meta":{"_monsterinsights_skip_tracking":false,"_monsterinsights_sitenote_active":false,"_monsterinsights_sitenote_note":"","_monsterinsights_sitenote_category":0},"product_brand":[],"product_cat":[12275,12274],"product_tag":[],"class_list":{"0":"post-736906","1":"product","2":"type-product","3":"status-publish","5":"product_cat-6-12-yas-kitaplari","6":"product_cat-cocuk-ve-genclik-kitaplari","7":"pa_cilt-ciltsiz","8":"pa_tur-kitap","9":"pa_yayinevi-yapi-kredi-yayinlari","10":"pa_yazar-sebastiano-ruiz-mignone","12":"first","13":"instock","14":"sale","15":"shipping-taxable","16":"purchasable","17":"product-type-simple"},"_links":{"self":[{"href":"https:\/\/roveyayinevi.com.tr\/index.php\/wp-json\/wp\/v2\/product\/736906","targetHints":{"allow":["GET"]}}],"collection":[{"href":"https:\/\/roveyayinevi.com.tr\/index.php\/wp-json\/wp\/v2\/product"}],"about":[{"href":"https:\/\/roveyayinevi.com.tr\/index.php\/wp-json\/wp\/v2\/types\/product"}],"wp:attachment":[{"href":"https:\/\/roveyayinevi.com.tr\/index.php\/wp-json\/wp\/v2\/media?parent=736906"}],"wp:term":[{"taxonomy":"product_brand","embeddable":true,"href":"https:\/\/roveyayinevi.com.tr\/index.php\/wp-json\/wp\/v2\/product_brand?post=736906"},{"taxonomy":"product_cat","embeddable":true,"href":"https:\/\/roveyayinevi.com.tr\/index.php\/wp-json\/wp\/v2\/product_cat?post=736906"},{"taxonomy":"product_tag","embeddable":true,"href":"https:\/\/roveyayinevi.com.tr\/index.php\/wp-json\/wp\/v2\/product_tag?post=736906"}],"curies":[{"name":"wp","href":"https:\/\/api.w.org\/{rel}","templated":true}]}}