{"id":736905,"date":"2025-08-27T23:17:37","date_gmt":"2025-08-27T20:17:37","guid":{"rendered":"https:\/\/roveyayinevi.com.tr\/index.php\/urun\/buyutucu-mercek-proust-ustune-yeni-yazilar\/"},"modified":"2026-04-16T02:45:56","modified_gmt":"2026-04-15T23:45:56","slug":"buyutucu-mercek-proust-ustune-yeni-yazilar","status":"publish","type":"product","link":"https:\/\/roveyayinevi.com.tr\/index.php\/urun\/buyutucu-mercek-proust-ustune-yeni-yazilar\/","title":{"rendered":"B\u00fcy\u00fct\u00fcc\u00fc Mercek &#8211; Proust \u00dcst\u00fcne Yeni Yaz\u0131lar"},"content":{"rendered":"<p>\u201cB\u00fcy\u00fct\u00fcc\u00fc Mercek: Marcel Proust 1871\u2019in 10 Temmuz\u2019undan do\u011fmu\u015f, 18 Kas\u0131m 1922\u2019de 51 ya\u015f\u0131ndayken \u00f6lm\u00fc\u015ft\u00fc. Do\u011fumunun 150. y\u0131l\u0131nda kitap-l\u0131k dergisinde bir dosyayla (Temmuz-A\u011fustos 2021) selamlam\u0131\u015ft\u0131k kendisini; 2022\u2019de bu kez \u00f6l\u00fcm\u00fcn\u00fcn 100. y\u0131l\u0131nda elinizdeki bu kitapla an\u0131yoruz onu. Esinlenerek ama \u00f6yk\u00fcnmeden ve al\u00e7akg\u00f6n\u00fcll\u00fcl\u00fckle s\u00f6yl\u00fcyorum: Proust ve yap\u0131t\u0131 hakk\u0131nda burada yazd\u0131klar\u0131m bir \u2018g\u00f6zl\u00fck\u00e7\u00fcn\u00fcn m\u00fc\u015fterilerine sundu\u011fu b\u00fcy\u00fct\u00fcc\u00fc mercekler gibi bir \u015fey\u2019 olsun, okurlara bir kez daha Proust\u2019u iyice yak\u0131ndan tan\u0131ma olana\u011f\u0131 versin!\u201d * * * Marcel Proust\u2019un Al\u0131mlanmas\u0131 \/ Proust Sisteminin Bir Minyat\u00fcr\u00fc \/ Ger\u00e7ek Konteslerden Kurmaca Guermantes D\u00fc\u015fesi\u2019ne \/ Bir Ressam Yaratmak \/ Proust\u2019un Yap\u0131tlar\u0131nda Baudelaire\u2019in Dizeleri Dola\u015f\u0131yor \/ Kalem S\u00fcr\u00e7mesi ve Ele\u015ftirinin Yorumu \/ Kay\u0131p Zaman\u0131n \u0130zinde\u2019de S\u00f6z\u00fc Edilen Yazarlar, \u015eairler, Ele\u015ftirmenler. <\/p>\n","protected":false},"excerpt":{"rendered":"<p>\u201cB\u00fcy\u00fct\u00fcc\u00fc Mercek: Marcel Proust 1871\u2019in 10 Temmuz\u2019undan do\u011fmu\u015f, 18 Kas\u0131m 1922\u2019de 51 ya\u015f\u0131ndayken \u00f6lm\u00fc\u015ft\u00fc. Do\u011fumunun 150. y\u0131l\u0131nda kitap-l\u0131k dergisinde bir dosyayla (Temmuz-A\u011fustos 2021) selamlam\u0131\u015ft\u0131k kendisini; 2022\u2019de<span class=\"excerpt-hellip\"> [\u2026]<\/span><\/p>\n","protected":false},"featured_media":0,"template":"","meta":{"_monsterinsights_skip_tracking":false,"_monsterinsights_sitenote_active":false,"_monsterinsights_sitenote_note":"","_monsterinsights_sitenote_category":0},"product_brand":[],"product_cat":[13072,12291],"product_tag":[],"class_list":{"0":"post-736905","1":"product","2":"type-product","3":"status-publish","5":"product_cat-arastirma-inceleme-referans","6":"product_cat-edebiyat","7":"pa_cilt-ciltsiz","8":"pa_tur-kitap","9":"pa_yayinevi-yapi-kredi-yayinlari","10":"pa_yazar-mehmet-rifat","12":"first","13":"instock","14":"sale","15":"shipping-taxable","16":"purchasable","17":"product-type-simple"},"_links":{"self":[{"href":"https:\/\/roveyayinevi.com.tr\/index.php\/wp-json\/wp\/v2\/product\/736905","targetHints":{"allow":["GET"]}}],"collection":[{"href":"https:\/\/roveyayinevi.com.tr\/index.php\/wp-json\/wp\/v2\/product"}],"about":[{"href":"https:\/\/roveyayinevi.com.tr\/index.php\/wp-json\/wp\/v2\/types\/product"}],"wp:attachment":[{"href":"https:\/\/roveyayinevi.com.tr\/index.php\/wp-json\/wp\/v2\/media?parent=736905"}],"wp:term":[{"taxonomy":"product_brand","embeddable":true,"href":"https:\/\/roveyayinevi.com.tr\/index.php\/wp-json\/wp\/v2\/product_brand?post=736905"},{"taxonomy":"product_cat","embeddable":true,"href":"https:\/\/roveyayinevi.com.tr\/index.php\/wp-json\/wp\/v2\/product_cat?post=736905"},{"taxonomy":"product_tag","embeddable":true,"href":"https:\/\/roveyayinevi.com.tr\/index.php\/wp-json\/wp\/v2\/product_tag?post=736905"}],"curies":[{"name":"wp","href":"https:\/\/api.w.org\/{rel}","templated":true}]}}