{"id":736903,"date":"2025-08-27T23:17:34","date_gmt":"2025-08-27T20:17:34","guid":{"rendered":"https:\/\/roveyayinevi.com.tr\/index.php\/urun\/scarlet-ve-ivy-6-son-sir\/"},"modified":"2026-04-16T02:45:55","modified_gmt":"2026-04-15T23:45:55","slug":"scarlet-ve-ivy-6-son-sir","status":"publish","type":"product","link":"https:\/\/roveyayinevi.com.tr\/index.php\/urun\/scarlet-ve-ivy-6-son-sir\/","title":{"rendered":"Scarlet ve Ivy 6 -Son S\u0131r"},"content":{"rendered":"<p>Son S\u0131r Scarlet and Ivy serisinin alt\u0131nc\u0131 ve son kitab\u0131. Scarlet ve Ivy tatilden sonra okula d\u00f6nd\u00fcklerinde okulun tehlikede oldu\u011funu \u00e7abucak anlarlar. \u0130kizlerin hayatta kalma \u015fanslar\u0131 varsa, ge\u00e7mi\u015f ve \u015fimdiki d\u00fc\u015fmanlar\u0131yla y\u00fczle\u015fmeleri gerekecek. Rookwood\u2019daki son s\u0131r, onu alt eden s\u0131r olabilir mi? Yoksa Scarlet ve Ivy onu kurtarmak i\u00e7in ipu\u00e7lar\u0131n\u0131n ve k\u0131rm\u0131z\u0131 ringalar\u0131n izlerini zaman\u0131nda \u00e7\u00f6zebilecekler mi? Scarlet ve Ivy serisininheyecan verici finalini okumaya haz\u0131r m\u0131s\u0131n\u0131z?<\/p>\n","protected":false},"excerpt":{"rendered":"<p>Son S\u0131r Scarlet and Ivy serisinin alt\u0131nc\u0131 ve son kitab\u0131. Scarlet ve Ivy tatilden sonra okula d\u00f6nd\u00fcklerinde okulun tehlikede oldu\u011funu \u00e7abucak anlarlar. \u0130kizlerin hayatta kalma \u015fanslar\u0131<span class=\"excerpt-hellip\"> [\u2026]<\/span><\/p>\n","protected":false},"featured_media":0,"template":"","meta":{"_monsterinsights_skip_tracking":false,"_monsterinsights_sitenote_active":false,"_monsterinsights_sitenote_note":"","_monsterinsights_sitenote_category":0},"product_brand":[],"product_cat":[12275,12274],"product_tag":[],"class_list":{"0":"post-736903","1":"product","2":"type-product","3":"status-publish","5":"product_cat-6-12-yas-kitaplari","6":"product_cat-cocuk-ve-genclik-kitaplari","7":"pa_cilt-ciltsiz","8":"pa_tur-kitap","9":"pa_yayinevi-eksik-parca-yayinlari","10":"pa_yazar-sophie-cleverly","12":"first","13":"instock","14":"sale","15":"shipping-taxable","16":"purchasable","17":"product-type-simple"},"_links":{"self":[{"href":"https:\/\/roveyayinevi.com.tr\/index.php\/wp-json\/wp\/v2\/product\/736903","targetHints":{"allow":["GET"]}}],"collection":[{"href":"https:\/\/roveyayinevi.com.tr\/index.php\/wp-json\/wp\/v2\/product"}],"about":[{"href":"https:\/\/roveyayinevi.com.tr\/index.php\/wp-json\/wp\/v2\/types\/product"}],"wp:attachment":[{"href":"https:\/\/roveyayinevi.com.tr\/index.php\/wp-json\/wp\/v2\/media?parent=736903"}],"wp:term":[{"taxonomy":"product_brand","embeddable":true,"href":"https:\/\/roveyayinevi.com.tr\/index.php\/wp-json\/wp\/v2\/product_brand?post=736903"},{"taxonomy":"product_cat","embeddable":true,"href":"https:\/\/roveyayinevi.com.tr\/index.php\/wp-json\/wp\/v2\/product_cat?post=736903"},{"taxonomy":"product_tag","embeddable":true,"href":"https:\/\/roveyayinevi.com.tr\/index.php\/wp-json\/wp\/v2\/product_tag?post=736903"}],"curies":[{"name":"wp","href":"https:\/\/api.w.org\/{rel}","templated":true}]}}