{"id":736899,"date":"2025-08-27T23:17:31","date_gmt":"2025-08-27T20:17:31","guid":{"rendered":"https:\/\/roveyayinevi.com.tr\/index.php\/urun\/psikoloji-101\/"},"modified":"2026-04-16T02:45:55","modified_gmt":"2026-04-15T23:45:55","slug":"psikoloji-101","status":"publish","type":"product","link":"https:\/\/roveyayinevi.com.tr\/index.php\/urun\/psikoloji-101\/","title":{"rendered":"Psikoloji 101"},"content":{"rendered":"<p>Psikologlar ilk g\u00fcnden beri insan beyninin en \u00fccra k\u00f6\u015felerine \u0131\u015f\u0131k tutarlar. Sanat tercihlerinden di\u011ferk\u00e2ml\u0131\u011fa, rehberlikten su\u00e7lulu\u011fa, mizah anlay\u0131\u015f\u0131ndan adalet ve d\u00fcr\u00fcstl\u00fc\u011fe kadar bir\u00e7ok konu \u00fczerinde \u00e7al\u0131\u015f\u0131rlar. Bir\u00e7ok uygulamal\u0131 psikolog, insanlar\u0131 daha mutlu etmeye ve potansiyellerinin fark\u0131na varmalar\u0131n\u0131 sa\u011flama amac\u0131 g\u00fcder.   PS\u0130KOLOJ\u0130 101 bir\u00e7ok alanda uzmanl\u0131\u011f\u0131 bulunan ba\u015far\u0131l\u0131 psikolog Adrian Furnham&#8217;\u0131n s\u00fczgecinden ge\u00e7irilmi\u015f, her biri tabiri caizse tek lokmal\u0131k 101 psikolojik konuya de\u011finmektedir. Elinizdeki bu kitap psikoloji tarihinin, teorilerinin, kavram ve inan\u00e7lar\u0131n\u0131n b\u00fcy\u00fcleyici d\u00fcnyas\u0131na ilgisi bulunan herkes i\u00e7in rehber olabilecek niteliktedir. <\/p>\n","protected":false},"excerpt":{"rendered":"<p>Psikologlar ilk g\u00fcnden beri insan beyninin en \u00fccra k\u00f6\u015felerine \u0131\u015f\u0131k tutarlar. Sanat tercihlerinden di\u011ferk\u00e2ml\u0131\u011fa, rehberlikten su\u00e7lulu\u011fa, mizah anlay\u0131\u015f\u0131ndan adalet ve d\u00fcr\u00fcstl\u00fc\u011fe kadar bir\u00e7ok konu \u00fczerinde \u00e7al\u0131\u015f\u0131rlar.<span class=\"excerpt-hellip\"> [\u2026]<\/span><\/p>\n","protected":false},"featured_media":0,"template":"","meta":{"_monsterinsights_skip_tracking":false,"_monsterinsights_sitenote_active":false,"_monsterinsights_sitenote_note":"","_monsterinsights_sitenote_category":0},"product_brand":[],"product_cat":[12358,12357],"product_tag":[],"class_list":{"0":"post-736899","1":"product","2":"type-product","3":"status-publish","5":"product_cat-genel-psikoloji","6":"product_cat-psikoloji","7":"pa_cilt-ciltsiz","8":"pa_tur-kitap","9":"pa_yayinevi-orenda","10":"pa_yazar-adrian-furnham","12":"first","13":"instock","14":"sale","15":"shipping-taxable","16":"purchasable","17":"product-type-simple"},"_links":{"self":[{"href":"https:\/\/roveyayinevi.com.tr\/index.php\/wp-json\/wp\/v2\/product\/736899","targetHints":{"allow":["GET"]}}],"collection":[{"href":"https:\/\/roveyayinevi.com.tr\/index.php\/wp-json\/wp\/v2\/product"}],"about":[{"href":"https:\/\/roveyayinevi.com.tr\/index.php\/wp-json\/wp\/v2\/types\/product"}],"wp:attachment":[{"href":"https:\/\/roveyayinevi.com.tr\/index.php\/wp-json\/wp\/v2\/media?parent=736899"}],"wp:term":[{"taxonomy":"product_brand","embeddable":true,"href":"https:\/\/roveyayinevi.com.tr\/index.php\/wp-json\/wp\/v2\/product_brand?post=736899"},{"taxonomy":"product_cat","embeddable":true,"href":"https:\/\/roveyayinevi.com.tr\/index.php\/wp-json\/wp\/v2\/product_cat?post=736899"},{"taxonomy":"product_tag","embeddable":true,"href":"https:\/\/roveyayinevi.com.tr\/index.php\/wp-json\/wp\/v2\/product_tag?post=736899"}],"curies":[{"name":"wp","href":"https:\/\/api.w.org\/{rel}","templated":true}]}}