{"id":736875,"date":"2025-08-27T23:17:04","date_gmt":"2025-08-27T20:17:04","guid":{"rendered":"https:\/\/roveyayinevi.com.tr\/index.php\/urun\/benlik-ve-otekiler\/"},"modified":"2026-04-16T02:45:54","modified_gmt":"2026-04-15T23:45:54","slug":"benlik-ve-otekiler","status":"publish","type":"product","link":"https:\/\/roveyayinevi.com.tr\/index.php\/urun\/benlik-ve-otekiler\/","title":{"rendered":"Benlik ve \u00d6tekiler"},"content":{"rendered":"<p>.D. Laing, elinizdeki kitapta, her bir ki\u015finin, birinin kendine dair ya\u015fant\u0131s\u0131n\u0131 nas\u0131l etkiledi\u011finin yollar\u0131n\u0131 ve [aralar\u0131ndaki] etkile\u015fimin nas\u0131l meydana geldi\u011fini anlamak i\u00e7in bir sosyal sistem ya da insanlar \u201cgrubu\u201d i\u00e7indeki ki\u015fileri resmetmeye \u00e7al\u0131\u015fmaktad\u0131r. Ona g\u00f6re, herkes bir \u00f6tekinin tamamlanmas\u0131na ya da yok edilmesine katk\u0131 sunar. Kitap, \u00f6zellikle evlilik ve aile i\u00e7lerindeki etkile\u015fim s\u00fcre\u00e7leri \u00fczerine yap\u0131lan ara\u015ft\u0131rmalar\u0131n bir \u00e7\u0131kt\u0131s\u0131 niteli\u011findedir. Bu \u00e7er\u00e7evede kitap boyunca, Laing\u2019in klinik deneyimleri temelinde \u00e7o\u011funlukla psikoza referans yap\u0131lm\u0131\u015ft\u0131r. Kitab\u0131n bir di\u011fer amac\u0131, ya\u015fant\u0131 ve davran\u0131\u015f\u0131 tutarl\u0131 bir teoride birle\u015ftirmektir; zira yazara g\u00f6re ya\u015fant\u0131 ve davran\u0131\u015f ger\u00e7ek hayatta i\u00e7 i\u00e7edir. Ne var ki bu ikisini ayr\u0131\u015ft\u0131rmaya \u00e7al\u0131\u015fan kuramsal g\u00f6r\u00fc\u015f bu kitab\u0131n yaz\u0131lmas\u0131ndan bu yana devam etmektedir. Laing bu durumu ki\u015filer aras\u0131ndaki ili\u015fkiyi ki\u015fisel a\u00e7\u0131dan anlamak i\u00e7in kendi d\u00f6neminde g\u00f6sterilen nispeten az say\u0131daki \u00e7abayla tutarl\u0131 olmaya \u00e7al\u0131\u015fmak olarak de\u011ferlendirmektedir. <\/p>\n","protected":false},"excerpt":{"rendered":"<p>.D. Laing, elinizdeki kitapta, her bir ki\u015finin, birinin kendine dair ya\u015fant\u0131s\u0131n\u0131 nas\u0131l etkiledi\u011finin yollar\u0131n\u0131 ve [aralar\u0131ndaki] etkile\u015fimin nas\u0131l meydana geldi\u011fini anlamak i\u00e7in bir sosyal sistem ya<span class=\"excerpt-hellip\"> [\u2026]<\/span><\/p>\n","protected":false},"featured_media":0,"template":"","meta":{"_monsterinsights_skip_tracking":false,"_monsterinsights_sitenote_active":false,"_monsterinsights_sitenote_note":"","_monsterinsights_sitenote_category":0},"product_brand":[],"product_cat":[12755,12357],"product_tag":[],"class_list":{"0":"post-736875","1":"product","2":"type-product","3":"status-publish","5":"product_cat-gelisim-psikolojisi","6":"product_cat-psikoloji","7":"pa_cilt-ciltsiz","8":"pa_tur-kitap","9":"pa_yayinevi-albaraka-yayinlari","10":"pa_yazar-r-d-laing","12":"first","13":"instock","14":"sale","15":"shipping-taxable","16":"purchasable","17":"product-type-simple"},"_links":{"self":[{"href":"https:\/\/roveyayinevi.com.tr\/index.php\/wp-json\/wp\/v2\/product\/736875","targetHints":{"allow":["GET"]}}],"collection":[{"href":"https:\/\/roveyayinevi.com.tr\/index.php\/wp-json\/wp\/v2\/product"}],"about":[{"href":"https:\/\/roveyayinevi.com.tr\/index.php\/wp-json\/wp\/v2\/types\/product"}],"wp:attachment":[{"href":"https:\/\/roveyayinevi.com.tr\/index.php\/wp-json\/wp\/v2\/media?parent=736875"}],"wp:term":[{"taxonomy":"product_brand","embeddable":true,"href":"https:\/\/roveyayinevi.com.tr\/index.php\/wp-json\/wp\/v2\/product_brand?post=736875"},{"taxonomy":"product_cat","embeddable":true,"href":"https:\/\/roveyayinevi.com.tr\/index.php\/wp-json\/wp\/v2\/product_cat?post=736875"},{"taxonomy":"product_tag","embeddable":true,"href":"https:\/\/roveyayinevi.com.tr\/index.php\/wp-json\/wp\/v2\/product_tag?post=736875"}],"curies":[{"name":"wp","href":"https:\/\/api.w.org\/{rel}","templated":true}]}}