{"id":736874,"date":"2025-08-27T23:17:03","date_gmt":"2025-08-27T20:17:03","guid":{"rendered":"https:\/\/roveyayinevi.com.tr\/index.php\/urun\/dogal-teoloji-olarak-politik-ekonomi\/"},"modified":"2026-04-16T02:45:54","modified_gmt":"2026-04-15T23:45:54","slug":"dogal-teoloji-olarak-politik-ekonomi","status":"publish","type":"product","link":"https:\/\/roveyayinevi.com.tr\/index.php\/urun\/dogal-teoloji-olarak-politik-ekonomi\/","title":{"rendered":"Do\u011fal Teoloji Olarak Politik Ekonomi"},"content":{"rendered":"<p>\u0130ktisat, \u0130ngilizce konu\u015fulan \u00fclkelerde 20. y\u00fczy\u0131l\u0131n ba\u015f\u0131ndan bu yana h\u00e2kim s\u00f6ylem olmu\u015f ve Hristiyan teolojisini [ilahiyat\u0131n\u0131] \u00f6nceki otorite pozisyonundan uzakla\u015ft\u0131rm\u0131\u015ft\u0131r. \u0130\u015fte bu \u00e7\u0131\u011f\u0131r a\u00e7\u0131c\u0131 kitap, iktisat ve din aras\u0131ndaki disiplinler aras\u0131 diyalo\u011fa b\u00fcy\u00fck katk\u0131 sa\u011flamaktad\u0131r.   Do\u011fal Teoloji Olarak Politik Ekonomi\u2019de 18. y\u00fczy\u0131l\u0131n sonlar\u0131 ila 19. y\u00fczy\u0131l\u0131n ba\u015flar\u0131nda politik ekonomiyi \u015fekillendiren do\u011fal teolojinin [natural theology] hik\u00e2yesini anlatan ve iktisat disiplini i\u00e7in teolojik meselelerin devam edegelen \u00f6nemini Adam Smith, Josiah Tucker, Edmund Burke, William Paley, T.R. Malthus, Richard Whately, J.B. Sumner, Thomas Chalmers ve William Whewell gibi erken d\u00f6nem politik ekonomistler \u00fczerinden ele alan Oslington, konunun standart iktisat tarihlerinde, bilim ve \u00e7a\u011fda\u015f teoloji tarihlerinde ihmal edilen y\u00f6nlerini ele almaktad\u0131r. <\/p>\n","protected":false},"excerpt":{"rendered":"<p>\u0130ktisat, \u0130ngilizce konu\u015fulan \u00fclkelerde 20. y\u00fczy\u0131l\u0131n ba\u015f\u0131ndan bu yana h\u00e2kim s\u00f6ylem olmu\u015f ve Hristiyan teolojisini [ilahiyat\u0131n\u0131] \u00f6nceki otorite pozisyonundan uzakla\u015ft\u0131rm\u0131\u015ft\u0131r. \u0130\u015fte bu \u00e7\u0131\u011f\u0131r a\u00e7\u0131c\u0131 kitap, iktisat<span class=\"excerpt-hellip\"> [\u2026]<\/span><\/p>\n","protected":false},"featured_media":0,"template":"","meta":{"_monsterinsights_skip_tracking":false,"_monsterinsights_sitenote_active":false,"_monsterinsights_sitenote_note":"","_monsterinsights_sitenote_category":0},"product_brand":[],"product_cat":[20333,13043],"product_tag":[],"class_list":{"0":"post-736874","1":"product","2":"type-product","3":"status-publish","5":"product_cat-diger-ekonomi","6":"product_cat-ekonomi","7":"pa_cilt-ciltsiz","8":"pa_tur-kitap","9":"pa_yayinevi-albaraka-yayinlari","10":"pa_yazar-paul-oslington","12":"first","13":"instock","14":"sale","15":"shipping-taxable","16":"purchasable","17":"product-type-simple"},"_links":{"self":[{"href":"https:\/\/roveyayinevi.com.tr\/index.php\/wp-json\/wp\/v2\/product\/736874","targetHints":{"allow":["GET"]}}],"collection":[{"href":"https:\/\/roveyayinevi.com.tr\/index.php\/wp-json\/wp\/v2\/product"}],"about":[{"href":"https:\/\/roveyayinevi.com.tr\/index.php\/wp-json\/wp\/v2\/types\/product"}],"wp:attachment":[{"href":"https:\/\/roveyayinevi.com.tr\/index.php\/wp-json\/wp\/v2\/media?parent=736874"}],"wp:term":[{"taxonomy":"product_brand","embeddable":true,"href":"https:\/\/roveyayinevi.com.tr\/index.php\/wp-json\/wp\/v2\/product_brand?post=736874"},{"taxonomy":"product_cat","embeddable":true,"href":"https:\/\/roveyayinevi.com.tr\/index.php\/wp-json\/wp\/v2\/product_cat?post=736874"},{"taxonomy":"product_tag","embeddable":true,"href":"https:\/\/roveyayinevi.com.tr\/index.php\/wp-json\/wp\/v2\/product_tag?post=736874"}],"curies":[{"name":"wp","href":"https:\/\/api.w.org\/{rel}","templated":true}]}}