{"id":736866,"date":"2025-08-27T23:16:55","date_gmt":"2025-08-27T20:16:55","guid":{"rendered":"https:\/\/roveyayinevi.com.tr\/index.php\/urun\/evdeki-misafir-minik-kedi-sekerin-maceralari\/"},"modified":"2026-04-16T02:45:54","modified_gmt":"2026-04-15T23:45:54","slug":"evdeki-misafir-minik-kedi-sekerin-maceralari","status":"publish","type":"product","link":"https:\/\/roveyayinevi.com.tr\/index.php\/urun\/evdeki-misafir-minik-kedi-sekerin-maceralari\/","title":{"rendered":"Evdeki Misafir &#8211; Minik Kedi \u015eeker\u2019in Maceralar\u0131"},"content":{"rendered":"<p>Bazen eve yeni birinin geli\u015fi belirsizlikle dolu ve korkutucudur.Evin tek kedisi \u015eeker de tam olarak b\u00f6yle bir durumun i\u00e7indeydi, \u00e7\u00fcnk\u00fc uyand\u0131\u011f\u0131nda evindekendisinden de ufak bir kedi ile kar\u015f\u0131la\u015fm\u0131\u015ft\u0131: Sar\u0131.Kendisine hi\u00e7 benzemiyordu, ayr\u0131ca sahibi Beliz de Sar\u0131 ile \u00e7ok fazla ilgileniyordu.Bu durum \u015eeker\u2019in hi\u00e7 ho\u015funa gitmemi\u015fti. \u015eeker \u015fimdi ne yapacakt\u0131?<\/p>\n","protected":false},"excerpt":{"rendered":"<p>Bazen eve yeni birinin geli\u015fi belirsizlikle dolu ve korkutucudur.Evin tek kedisi \u015eeker de tam olarak b\u00f6yle bir durumun i\u00e7indeydi, \u00e7\u00fcnk\u00fc uyand\u0131\u011f\u0131nda evindekendisinden de ufak bir kedi<span class=\"excerpt-hellip\"> [\u2026]<\/span><\/p>\n","protected":false},"featured_media":0,"template":"","meta":{"_monsterinsights_skip_tracking":false,"_monsterinsights_sitenote_active":false,"_monsterinsights_sitenote_note":"","_monsterinsights_sitenote_category":0},"product_brand":[],"product_cat":[12274],"product_tag":[],"class_list":{"0":"post-736866","1":"product","2":"type-product","3":"status-publish","5":"product_cat-cocuk-ve-genclik-kitaplari","6":"pa_cilt-ciltsiz","7":"pa_tur-kitap","8":"pa_yayinevi-eksik-parca-yayinlari","9":"pa_yazar-begum-tekon-eyilik","11":"first","12":"instock","13":"sale","14":"shipping-taxable","15":"purchasable","16":"product-type-simple"},"_links":{"self":[{"href":"https:\/\/roveyayinevi.com.tr\/index.php\/wp-json\/wp\/v2\/product\/736866","targetHints":{"allow":["GET"]}}],"collection":[{"href":"https:\/\/roveyayinevi.com.tr\/index.php\/wp-json\/wp\/v2\/product"}],"about":[{"href":"https:\/\/roveyayinevi.com.tr\/index.php\/wp-json\/wp\/v2\/types\/product"}],"wp:attachment":[{"href":"https:\/\/roveyayinevi.com.tr\/index.php\/wp-json\/wp\/v2\/media?parent=736866"}],"wp:term":[{"taxonomy":"product_brand","embeddable":true,"href":"https:\/\/roveyayinevi.com.tr\/index.php\/wp-json\/wp\/v2\/product_brand?post=736866"},{"taxonomy":"product_cat","embeddable":true,"href":"https:\/\/roveyayinevi.com.tr\/index.php\/wp-json\/wp\/v2\/product_cat?post=736866"},{"taxonomy":"product_tag","embeddable":true,"href":"https:\/\/roveyayinevi.com.tr\/index.php\/wp-json\/wp\/v2\/product_tag?post=736866"}],"curies":[{"name":"wp","href":"https:\/\/api.w.org\/{rel}","templated":true}]}}