{"id":736843,"date":"2025-08-27T23:16:30","date_gmt":"2025-08-27T20:16:30","guid":{"rendered":"https:\/\/roveyayinevi.com.tr\/index.php\/urun\/efil-ekonomi-arastirmalari-dergisi-cilt-2-sayi-8\/"},"modified":"2026-04-16T02:45:52","modified_gmt":"2026-04-15T23:45:52","slug":"efil-ekonomi-arastirmalari-dergisi-cilt-2-sayi-8","status":"publish","type":"product","link":"https:\/\/roveyayinevi.com.tr\/index.php\/urun\/efil-ekonomi-arastirmalari-dergisi-cilt-2-sayi-8\/","title":{"rendered":"Efil Ekonomi Ara\u015ft\u0131rmalar\u0131 Dergisi Cilt 2 Say\u0131 8"},"content":{"rendered":"<p>Pop\u00fclizm(ler) ve Temsili &#8211; Liberal Demokrasi\u2019nin Bunal\u0131mlar\u0131 &#8211; Ersin Kalayc\u0131o\u011fluPost-Keynesian Economics \u2013 Challenging the Neo-Classical Mainstream &#8211; Arne HeiseFourth Industrial Revolution and Readiness of Turkey &#8211; Erkan ErdilEnflasyon ve G\u00f6reli Fiyatlar &#8211; Bar\u0131\u015f Soybilgen, Ege YazganBirikim Tarz\u0131 ve Zihniyet D\u00f6n\u00fc\u015f\u00fcm\u00fc: Sabri F. \u00dclgener ve Ay\u015fe Bu\u011fra I\u015f\u0131\u011f\u0131nda T\u00fcrkiye\u2019de Yeni Kapitalizm (?) &#8211; \u00d6zlem K\u0131rl\u0131, Cem Mehmet BaydurUlusal Varl\u0131k Fonu ve \u0130ktisadi B\u00fcy\u00fcmeye Olas\u0131 Etkisi &#8211; Salih Bar\u0131\u015f\u0131k, Nalan Kangal21. Y\u00fczy\u0131l\u2019da E\u015fitsizlikler \u00dczerine Bir De\u011ferlendirme &#8211; R. Funda Barbaros, Cemre \u00c7ak\u0131rA Literature Study on Local Based Marketing and Related Technologies &#8211; Y\u00fcksel Akay \u00dcnvan<\/p>\n","protected":false},"excerpt":{"rendered":"<p>Pop\u00fclizm(ler) ve Temsili &#8211; Liberal Demokrasi\u2019nin Bunal\u0131mlar\u0131 &#8211; Ersin Kalayc\u0131o\u011fluPost-Keynesian Economics \u2013 Challenging the Neo-Classical Mainstream &#8211; Arne HeiseFourth Industrial Revolution and Readiness of Turkey &#8211;<span class=\"excerpt-hellip\"> [\u2026]<\/span><\/p>\n","protected":false},"featured_media":0,"template":"","meta":{"_monsterinsights_skip_tracking":false,"_monsterinsights_sitenote_active":false,"_monsterinsights_sitenote_note":"","_monsterinsights_sitenote_category":0},"product_brand":[],"product_cat":[13527],"product_tag":[],"class_list":{"0":"post-736843","1":"product","2":"type-product","3":"status-publish","5":"product_cat-sureli-yayinlar","6":"pa_cilt-ciltsiz","7":"pa_tur-dergi","8":"pa_yayinevi-efil-yayinevi-dergi","9":"pa_yazar-efil-yayinevi-kolektif","11":"first","12":"instock","13":"sale","14":"shipping-taxable","15":"purchasable","16":"product-type-simple"},"_links":{"self":[{"href":"https:\/\/roveyayinevi.com.tr\/index.php\/wp-json\/wp\/v2\/product\/736843","targetHints":{"allow":["GET"]}}],"collection":[{"href":"https:\/\/roveyayinevi.com.tr\/index.php\/wp-json\/wp\/v2\/product"}],"about":[{"href":"https:\/\/roveyayinevi.com.tr\/index.php\/wp-json\/wp\/v2\/types\/product"}],"wp:attachment":[{"href":"https:\/\/roveyayinevi.com.tr\/index.php\/wp-json\/wp\/v2\/media?parent=736843"}],"wp:term":[{"taxonomy":"product_brand","embeddable":true,"href":"https:\/\/roveyayinevi.com.tr\/index.php\/wp-json\/wp\/v2\/product_brand?post=736843"},{"taxonomy":"product_cat","embeddable":true,"href":"https:\/\/roveyayinevi.com.tr\/index.php\/wp-json\/wp\/v2\/product_cat?post=736843"},{"taxonomy":"product_tag","embeddable":true,"href":"https:\/\/roveyayinevi.com.tr\/index.php\/wp-json\/wp\/v2\/product_tag?post=736843"}],"curies":[{"name":"wp","href":"https:\/\/api.w.org\/{rel}","templated":true}]}}