{"id":736842,"date":"2025-08-27T23:16:30","date_gmt":"2025-08-27T20:16:30","guid":{"rendered":"https:\/\/roveyayinevi.com.tr\/index.php\/urun\/efil-ekonomi-arastirmalari-dergisi-cilt-4-sayi-4\/"},"modified":"2026-04-16T02:45:52","modified_gmt":"2026-04-15T23:45:52","slug":"efil-ekonomi-arastirmalari-dergisi-cilt-4-sayi-4","status":"publish","type":"product","link":"https:\/\/roveyayinevi.com.tr\/index.php\/urun\/efil-ekonomi-arastirmalari-dergisi-cilt-4-sayi-4\/","title":{"rendered":"Efil Ekonomi Ara\u015ft\u0131rmalar\u0131 Dergisi Cilt 4 Say\u0131 4"},"content":{"rendered":"<p>Uluslararas\u0131 Do\u011frudan Yat\u0131r\u0131mlar ve Ekonomik B\u00fcy\u00fcme \u2013 A. Suut Do\u011fruelDynamic Linkages between Germany Trade Trends and Export of Turkey: Evidence from DCC-GARCH Model and  News Impact Curves \u2013 Sabri Burak Arzova, Caner \u00d6zdurakGenel Denge Analizinde S\u0131\u00e7ramalar ve S\u00fcreklilik: Bir Evrimsel Epistemoloji Denemesi \u2013 M. Aykut AttarSubjective Well-Being Among Ethnic Minorities: The Role of Socio-economic and Non-economic Factors \u2013 the Dutch Case \u2013 \u00d6zge G\u00f6kdemir, Devrim Dumluda\u011fWithout a Father and Education: The Effect of Paternal Loss on the Schooling Outcomes of Children in Turkey \u2013 P\u0131nar Tat, Meltem Day\u0131o\u011flu<\/p>\n","protected":false},"excerpt":{"rendered":"<p>Uluslararas\u0131 Do\u011frudan Yat\u0131r\u0131mlar ve Ekonomik B\u00fcy\u00fcme \u2013 A. Suut Do\u011fruelDynamic Linkages between Germany Trade Trends and Export of Turkey: Evidence from DCC-GARCH Model and News Impact<span class=\"excerpt-hellip\"> [\u2026]<\/span><\/p>\n","protected":false},"featured_media":0,"template":"","meta":{"_monsterinsights_skip_tracking":false,"_monsterinsights_sitenote_active":false,"_monsterinsights_sitenote_note":"","_monsterinsights_sitenote_category":0},"product_brand":[],"product_cat":[13527],"product_tag":[],"class_list":{"0":"post-736842","1":"product","2":"type-product","3":"status-publish","5":"product_cat-sureli-yayinlar","6":"pa_cilt-ciltsiz","7":"pa_tur-dergi","8":"pa_yayinevi-efil-yayinevi-dergi","9":"pa_yazar-efil-yayinevi-kolektif","11":"first","12":"instock","13":"sale","14":"shipping-taxable","15":"purchasable","16":"product-type-simple"},"_links":{"self":[{"href":"https:\/\/roveyayinevi.com.tr\/index.php\/wp-json\/wp\/v2\/product\/736842","targetHints":{"allow":["GET"]}}],"collection":[{"href":"https:\/\/roveyayinevi.com.tr\/index.php\/wp-json\/wp\/v2\/product"}],"about":[{"href":"https:\/\/roveyayinevi.com.tr\/index.php\/wp-json\/wp\/v2\/types\/product"}],"wp:attachment":[{"href":"https:\/\/roveyayinevi.com.tr\/index.php\/wp-json\/wp\/v2\/media?parent=736842"}],"wp:term":[{"taxonomy":"product_brand","embeddable":true,"href":"https:\/\/roveyayinevi.com.tr\/index.php\/wp-json\/wp\/v2\/product_brand?post=736842"},{"taxonomy":"product_cat","embeddable":true,"href":"https:\/\/roveyayinevi.com.tr\/index.php\/wp-json\/wp\/v2\/product_cat?post=736842"},{"taxonomy":"product_tag","embeddable":true,"href":"https:\/\/roveyayinevi.com.tr\/index.php\/wp-json\/wp\/v2\/product_tag?post=736842"}],"curies":[{"name":"wp","href":"https:\/\/api.w.org\/{rel}","templated":true}]}}

Efil Ekonomi Araştırmaları Dergisi Cilt 4 Sayı 4

<p>Uluslararası Doğrudan Yatırımlar ve Ekonomik Büyüme – A. Suut DoğruelDynamic Linkages between Germany Trade Trends and Export of Turkey: Evidence from DCC-GARCH Model and  News Impact Curves – Sabri Burak Arzova, Caner ÖzdurakGenel Denge Analizinde Sıçramalar ve Süreklilik: Bir Evrimsel Epistemoloji Denemesi – M. Aykut AttarSubjective Well-Being Among Ethnic Minorities: The Role of Socio-economic and Non-economic Factors – the Dutch Case – Özge Gökdemir, Devrim DumludağWithout a Father and Education: The Effect of Paternal Loss on the Schooling Outcomes of Children in Turkey – Pınar Tat, Meltem Dayıoğlu</p>

<p>Uluslararası Doğrudan Yatırımlar ve Ekonomik Büyüme – A. Suut DoğruelDynamic Linkages between Germany Trade Trends and Export of Turkey: Evidence from DCC-GARCH Model and News Impact<span class="excerpt-hellip"> […]</span></p>
