{"id":736839,"date":"2025-08-27T23:16:27","date_gmt":"2025-08-27T20:16:27","guid":{"rendered":"https:\/\/roveyayinevi.com.tr\/index.php\/urun\/ask-i-memnu-14\/"},"modified":"2026-04-16T02:45:52","modified_gmt":"2026-04-15T23:45:52","slug":"ask-i-memnu-14","status":"publish","type":"product","link":"https:\/\/roveyayinevi.com.tr\/index.php\/urun\/ask-i-memnu-14\/","title":{"rendered":"A\u015fk-\u0131 Memnu"},"content":{"rendered":"<p>Kendinden \u00f6nceki edeb\u00ee gelene\u011fi sarsan, sonraki edebiyat\u0131nsa \u00f6nc\u00fclerinden olan Halit Ziya U\u015fakl\u0131gil\u2019in modern bireyi \u00e7at\u0131\u015fma, \u00e7eli\u015fki ve i\u00e7 hesapla\u015fmalar\u0131, en \u00f6nemlisi arzular\u0131yla T\u00fcrk romanc\u0131l\u0131\u011f\u0131na ta\u015f\u0131d\u0131\u011f\u0131 benzersiz eseri: A\u015fk-\u0131 Memnu.<\/p>\n","protected":false},"excerpt":{"rendered":"<p>Kendinden \u00f6nceki edeb\u00ee gelene\u011fi sarsan, sonraki edebiyat\u0131nsa \u00f6nc\u00fclerinden olan Halit Ziya U\u015fakl\u0131gil\u2019in modern bireyi \u00e7at\u0131\u015fma, \u00e7eli\u015fki ve i\u00e7 hesapla\u015fmalar\u0131, en \u00f6nemlisi arzular\u0131yla T\u00fcrk romanc\u0131l\u0131\u011f\u0131na ta\u015f\u0131d\u0131\u011f\u0131 benzersiz<span class=\"excerpt-hellip\"> [\u2026]<\/span><\/p>\n","protected":false},"featured_media":0,"template":"","meta":{"_monsterinsights_skip_tracking":false,"_monsterinsights_sitenote_active":false,"_monsterinsights_sitenote_note":"","_monsterinsights_sitenote_category":0},"product_brand":[],"product_cat":[12291,12292],"product_tag":[],"class_list":{"0":"post-736839","1":"product","2":"type-product","3":"status-publish","5":"product_cat-edebiyat","6":"product_cat-turk-edebiyati","7":"pa_cilt-ciltsiz","8":"pa_tur-kitap","9":"pa_yayinevi-turkuvaz-kitap","10":"pa_yazar-halid-ziya-usakligil","12":"first","13":"instock","14":"sale","15":"shipping-taxable","16":"purchasable","17":"product-type-simple"},"_links":{"self":[{"href":"https:\/\/roveyayinevi.com.tr\/index.php\/wp-json\/wp\/v2\/product\/736839","targetHints":{"allow":["GET"]}}],"collection":[{"href":"https:\/\/roveyayinevi.com.tr\/index.php\/wp-json\/wp\/v2\/product"}],"about":[{"href":"https:\/\/roveyayinevi.com.tr\/index.php\/wp-json\/wp\/v2\/types\/product"}],"wp:attachment":[{"href":"https:\/\/roveyayinevi.com.tr\/index.php\/wp-json\/wp\/v2\/media?parent=736839"}],"wp:term":[{"taxonomy":"product_brand","embeddable":true,"href":"https:\/\/roveyayinevi.com.tr\/index.php\/wp-json\/wp\/v2\/product_brand?post=736839"},{"taxonomy":"product_cat","embeddable":true,"href":"https:\/\/roveyayinevi.com.tr\/index.php\/wp-json\/wp\/v2\/product_cat?post=736839"},{"taxonomy":"product_tag","embeddable":true,"href":"https:\/\/roveyayinevi.com.tr\/index.php\/wp-json\/wp\/v2\/product_tag?post=736839"}],"curies":[{"name":"wp","href":"https:\/\/api.w.org\/{rel}","templated":true}]}}