{"id":736836,"date":"2025-08-27T23:16:23","date_gmt":"2025-08-27T20:16:23","guid":{"rendered":"https:\/\/roveyayinevi.com.tr\/index.php\/urun\/kendine-don\/"},"modified":"2026-04-11T14:04:38","modified_gmt":"2026-04-11T11:04:38","slug":"kendine-don","status":"publish","type":"product","link":"https:\/\/roveyayinevi.com.tr\/index.php\/urun\/kendine-don\/","title":{"rendered":"Kendine D\u00f6n"},"content":{"rendered":"<p>Bir g\u00fcn elinde kahven ve y\u00fcz\u00fcndeki sessiz g\u00fcl\u00fcmsemeyle, kendini kimsenin yar\u0131m, eksik sevgisine muhta\u00e7 etmedi\u011fin i\u00e7in, do\u011fana uymayana uymad\u0131\u011f\u0131n i\u00e7in, seni sen yapan taraflar\u0131n\u0131 kabul edemeyenleri hayat\u0131ndan u\u011furlad\u0131\u011f\u0131n i\u00e7in kendine te\u015fekk\u00fcr edeceksin.   Bir g\u00fcn arkana yaslanacaks\u0131n ve sevmeye yeteneksiz insanlara ra\u011fmen i\u00e7indeki sevgiyi b\u00fcy\u00fctt\u00fc\u011f\u00fcn i\u00e7in, en s\u0131k\u0131nt\u0131l\u0131 zamanlarda dahi ne\u015fenin kaybolmas\u0131na m\u00fcsaade etmedi\u011fin i\u00e7in, en b\u00fcy\u00fck sadakati kendi ruhuna g\u00f6sterdi\u011fin i\u00e7in, hayat\u0131ndaki bo\u015fluklar\u0131 \u00f6nce kendin kapatmay\u0131 se\u00e7ti\u011fin i\u00e7in, b\u00fct\u00fcn modunu, gelecek planlar\u0131n\u0131 bir ki\u015finin keyfine, vicdan\u0131na, tercihine b\u0131rakmad\u0131\u011f\u0131n i\u00e7in, kendine kocaman bir te\u015fekk\u00fcr edeceksin. <\/p>\n","protected":false},"excerpt":{"rendered":"<p>Bir g\u00fcn elinde kahven ve y\u00fcz\u00fcndeki sessiz g\u00fcl\u00fcmsemeyle, kendini kimsenin yar\u0131m, eksik sevgisine muhta\u00e7 etmedi\u011fin i\u00e7in, do\u011fana uymayana uymad\u0131\u011f\u0131n i\u00e7in, seni sen yapan taraflar\u0131n\u0131 kabul edemeyenleri<span class=\"excerpt-hellip\"> [\u2026]<\/span><\/p>\n","protected":false},"featured_media":0,"template":"","meta":{"_monsterinsights_skip_tracking":false,"_monsterinsights_sitenote_active":false,"_monsterinsights_sitenote_note":"","_monsterinsights_sitenote_category":0},"product_brand":[],"product_cat":[12364,12376],"product_tag":[],"class_list":{"0":"post-736836","1":"product","2":"type-product","3":"status-publish","5":"product_cat-genel-konular","6":"product_cat-kisisel-gelisim","7":"pa_cilt-ciltsiz","8":"pa_tur-kitap","9":"pa_yayinevi-muptela-yayinevi","10":"pa_yazar-mert-ser","12":"first","13":"instock","14":"sale","15":"shipping-taxable","16":"purchasable","17":"product-type-simple"},"_links":{"self":[{"href":"https:\/\/roveyayinevi.com.tr\/index.php\/wp-json\/wp\/v2\/product\/736836","targetHints":{"allow":["GET"]}}],"collection":[{"href":"https:\/\/roveyayinevi.com.tr\/index.php\/wp-json\/wp\/v2\/product"}],"about":[{"href":"https:\/\/roveyayinevi.com.tr\/index.php\/wp-json\/wp\/v2\/types\/product"}],"wp:attachment":[{"href":"https:\/\/roveyayinevi.com.tr\/index.php\/wp-json\/wp\/v2\/media?parent=736836"}],"wp:term":[{"taxonomy":"product_brand","embeddable":true,"href":"https:\/\/roveyayinevi.com.tr\/index.php\/wp-json\/wp\/v2\/product_brand?post=736836"},{"taxonomy":"product_cat","embeddable":true,"href":"https:\/\/roveyayinevi.com.tr\/index.php\/wp-json\/wp\/v2\/product_cat?post=736836"},{"taxonomy":"product_tag","embeddable":true,"href":"https:\/\/roveyayinevi.com.tr\/index.php\/wp-json\/wp\/v2\/product_tag?post=736836"}],"curies":[{"name":"wp","href":"https:\/\/api.w.org\/{rel}","templated":true}]}}