{"id":736822,"date":"2025-08-27T23:15:35","date_gmt":"2025-08-27T20:15:35","guid":{"rendered":"https:\/\/roveyayinevi.com.tr\/index.php\/urun\/marsin-tanrilari\/"},"modified":"2026-04-16T02:45:52","modified_gmt":"2026-04-15T23:45:52","slug":"marsin-tanrilari","status":"publish","type":"product","link":"https:\/\/roveyayinevi.com.tr\/index.php\/urun\/marsin-tanrilari\/","title":{"rendered":"Mars&#8217;\u0131n Tanr\u0131lar\u0131"},"content":{"rendered":"<p>\u201cMezara girdi. Koca kap\u0131 yava\u015f\u00e7a sars\u0131ld\u0131. Hantal s\u00fcrg\u00fcler yerlerine oturdu. Kilidin sesi duyuldu. Virginial\u0131 Y\u00fczba\u015f\u0131 John Carter\u2019\u0131 o g\u00fcnden sonra bir daha g\u00f6rmedim. Ama i\u015fte elinizde onun ba\u015fka bir vesileyle Mars\u2019a d\u00f6n\u00fc\u015f\u00fcn\u00fcn hikayesi var; bunu benim i\u00e7in, Richmond\u2019daki otel odas\u0131ndaki masaya b\u0131rakt\u0131\u011f\u0131 bir y\u0131\u011f\u0131n nottan derledim. D\u0131\u015farda b\u0131rakt\u0131\u011f\u0131m pek \u00e7ok \u015fey var; s\u00f6ylemeye cesaret edemedi\u011fim pek \u00e7ok \u015fey var. Ancak k\u0131sa bir s\u00fcre \u00f6nce, inan\u0131lmaz bir d\u00fcnyay\u0131 aktard\u0131\u011f\u0131m ve burada, sava\u015f\u00e7\u0131 Virginial\u0131y\u0131 Mars\u2019\u0131n aylar\u0131 alt\u0131ndaki \u00f6l\u00fc deniz taban\u0131 boyunca izledi\u011fimiz ilk elyazmas\u0131ndan daha da dikkat \u00e7ekici olan \u015feyi, Helium Prensesi Dejah Thoris\u2019i ikinci kez aray\u0131\u015f\u0131n\u0131n hikayesini bulacaks\u0131n\u0131z.\u201d <\/p>\n","protected":false},"excerpt":{"rendered":"<p>\u201cMezara girdi. Koca kap\u0131 yava\u015f\u00e7a sars\u0131ld\u0131. Hantal s\u00fcrg\u00fcler yerlerine oturdu. Kilidin sesi duyuldu. Virginial\u0131 Y\u00fczba\u015f\u0131 John Carter\u2019\u0131 o g\u00fcnden sonra bir daha g\u00f6rmedim. Ama i\u015fte elinizde<span class=\"excerpt-hellip\"> [\u2026]<\/span><\/p>\n","protected":false},"featured_media":0,"template":"","meta":{"_monsterinsights_skip_tracking":false,"_monsterinsights_sitenote_active":false,"_monsterinsights_sitenote_note":"","_monsterinsights_sitenote_category":0},"product_brand":[],"product_cat":[12540,12291],"product_tag":[],"class_list":{"0":"post-736822","1":"product","2":"type-product","3":"status-publish","5":"product_cat-bilim-kurgu","6":"product_cat-edebiyat","7":"pa_cilt-ciltsiz","8":"pa_tur-kitap","9":"pa_yayinevi-bilgesu-yayincilik","10":"pa_yazar-edgar-rice-burroughs","12":"first","13":"instock","14":"sale","15":"shipping-taxable","16":"purchasable","17":"product-type-simple"},"_links":{"self":[{"href":"https:\/\/roveyayinevi.com.tr\/index.php\/wp-json\/wp\/v2\/product\/736822","targetHints":{"allow":["GET"]}}],"collection":[{"href":"https:\/\/roveyayinevi.com.tr\/index.php\/wp-json\/wp\/v2\/product"}],"about":[{"href":"https:\/\/roveyayinevi.com.tr\/index.php\/wp-json\/wp\/v2\/types\/product"}],"wp:attachment":[{"href":"https:\/\/roveyayinevi.com.tr\/index.php\/wp-json\/wp\/v2\/media?parent=736822"}],"wp:term":[{"taxonomy":"product_brand","embeddable":true,"href":"https:\/\/roveyayinevi.com.tr\/index.php\/wp-json\/wp\/v2\/product_brand?post=736822"},{"taxonomy":"product_cat","embeddable":true,"href":"https:\/\/roveyayinevi.com.tr\/index.php\/wp-json\/wp\/v2\/product_cat?post=736822"},{"taxonomy":"product_tag","embeddable":true,"href":"https:\/\/roveyayinevi.com.tr\/index.php\/wp-json\/wp\/v2\/product_tag?post=736822"}],"curies":[{"name":"wp","href":"https:\/\/api.w.org\/{rel}","templated":true}]}}