{"id":736813,"date":"2025-08-27T23:15:25","date_gmt":"2025-08-27T20:15:25","guid":{"rendered":"https:\/\/roveyayinevi.com.tr\/index.php\/urun\/bir-philip-k-dick-hayati\/"},"modified":"2026-04-16T02:45:51","modified_gmt":"2026-04-15T23:45:51","slug":"bir-philip-k-dick-hayati","status":"publish","type":"product","link":"https:\/\/roveyayinevi.com.tr\/index.php\/urun\/bir-philip-k-dick-hayati\/","title":{"rendered":"Bir Philip K. Dick Hayat\u0131"},"content":{"rendered":"<p>Philip K. Dick (1928-1982) XX. Y\u00fczy\u0131l\u0131n en yenilik\u00e7i ve etkili bilimkurgu yazarlar\u0131ndan biridir. 1980\u2019li y\u0131llardan itibaren, ger\u00e7ekli\u011fi ve insanl\u0131k ilkelerini sorgulayan eserleri kendi hayran kitlesini yaratm\u0131\u015f olup say\u0131s\u0131z defa sinema ve televizyona uyarlanm\u0131\u015ft\u0131r. \u00c7\u0131\u011fr\u0131ndan \u00c7\u0131km\u0131\u015f Zaman, Valis \u00dc\u00e7lemesi, Aks\u0131n G\u00f6zya\u015flar\u0131m Dedi Polis, Ubik, Az\u0131nl\u0131k Raporu, Androidler Elektrikli Koyun D\u00fc\u015fler mi?, Kader Ajanlar\u0131,Y\u00fcksek \u015eato\u2019daki Adam, Electrikli D\u00fc\u015fler \u2026 onun \u00fcretken zihninin \u00fcr\u00fcn\u00fc evrenlerden sadece bir k\u0131sm\u0131d\u0131r. PKD ba\u015far\u0131y\u0131 ancak \u00f6l\u00fcm\u00fcnden sonra yakalam\u0131\u015ft\u0131r, ya\u015farken daha ziyade zorluklar, depresyonlar, dizi dizi bo\u015fanmalar ve mistik deneyimlerle u\u011fra\u015fm\u0131\u015ft\u0131r\u2026 \u201cParlak ve tutkulu bir yarat\u0131c\u0131n\u0131n ini\u015fli \u00e7\u0131k\u0131\u015fl\u0131 hayat\u0131na ili\u015fkin kapsaml\u0131 ve derinlemesine bir bak\u0131\u015f.\u201d \u2013dBD<\/p>\n","protected":false},"excerpt":{"rendered":"<p>Philip K. Dick (1928-1982) XX. Y\u00fczy\u0131l\u0131n en yenilik\u00e7i ve etkili bilimkurgu yazarlar\u0131ndan biridir. 1980\u2019li y\u0131llardan itibaren, ger\u00e7ekli\u011fi ve insanl\u0131k ilkelerini sorgulayan eserleri kendi hayran kitlesini yaratm\u0131\u015f<span class=\"excerpt-hellip\"> [\u2026]<\/span><\/p>\n","protected":false},"featured_media":0,"template":"","meta":{"_monsterinsights_skip_tracking":false,"_monsterinsights_sitenote_active":false,"_monsterinsights_sitenote_note":"","_monsterinsights_sitenote_category":0},"product_brand":[],"product_cat":[12416,12291],"product_tag":[],"class_list":{"0":"post-736813","1":"product","2":"type-product","3":"status-publish","5":"product_cat-cizgi-roman","6":"product_cat-edebiyat","7":"pa_cilt-ciltsiz","8":"pa_tur-dergi","9":"pa_yayinevi-alfa-akademi","10":"pa_yazar-philip-k-dick","12":"first","13":"instock","14":"sale","15":"shipping-taxable","16":"purchasable","17":"product-type-simple"},"_links":{"self":[{"href":"https:\/\/roveyayinevi.com.tr\/index.php\/wp-json\/wp\/v2\/product\/736813","targetHints":{"allow":["GET"]}}],"collection":[{"href":"https:\/\/roveyayinevi.com.tr\/index.php\/wp-json\/wp\/v2\/product"}],"about":[{"href":"https:\/\/roveyayinevi.com.tr\/index.php\/wp-json\/wp\/v2\/types\/product"}],"wp:attachment":[{"href":"https:\/\/roveyayinevi.com.tr\/index.php\/wp-json\/wp\/v2\/media?parent=736813"}],"wp:term":[{"taxonomy":"product_brand","embeddable":true,"href":"https:\/\/roveyayinevi.com.tr\/index.php\/wp-json\/wp\/v2\/product_brand?post=736813"},{"taxonomy":"product_cat","embeddable":true,"href":"https:\/\/roveyayinevi.com.tr\/index.php\/wp-json\/wp\/v2\/product_cat?post=736813"},{"taxonomy":"product_tag","embeddable":true,"href":"https:\/\/roveyayinevi.com.tr\/index.php\/wp-json\/wp\/v2\/product_tag?post=736813"}],"curies":[{"name":"wp","href":"https:\/\/api.w.org\/{rel}","templated":true}]}}