{"id":736809,"date":"2025-08-27T23:15:21","date_gmt":"2025-08-27T20:15:21","guid":{"rendered":"https:\/\/roveyayinevi.com.tr\/index.php\/urun\/genel-isletme-2\/"},"modified":"2026-04-16T02:45:51","modified_gmt":"2026-04-15T23:45:51","slug":"genel-isletme-2","status":"publish","type":"product","link":"https:\/\/roveyayinevi.com.tr\/index.php\/urun\/genel-isletme-2\/","title":{"rendered":"Genel \u0130\u015fletme"},"content":{"rendered":"<p>Kitap Tan\u0131t\u0131m Yaz\u0131s\u0131 :                                                                                                                        \u0130\u00e7indekiler   1.      B\u00d6L\u00dcM : \u0130\u015eLETME B\u0130L\u0130M\u0130NDE TEMEL KAVRAMLAR   2.      B\u00d6L\u00dcM : \u0130\u015eLETME KURULU\u015eU   3.      B\u00d6L\u00dcM : Y\u00d6NET\u0130M   4.      B\u00d6L\u00dcM : \u0130NSAN KAYNAKLARI   5.      B\u00d6L\u00dcM : \u00dcRET\u0130M   6.      B\u00d6L\u00dcM : PAZARLAMA   7.      B\u00d6L\u00dcM : MUHASEBE   8.      B\u00d6L\u00dcM : F\u0130NANS   9.      B\u00d6L\u00dcM : LOJ\u0130ST\u0130K   10.  B\u00d6L\u00dcM : ARA\u015eTIRMA VE GEL\u0130\u015eT\u0130RME   11.  B\u00d6L\u00dcM : \u0130LET\u0130\u015e\u0130M   12.  B\u00d6L\u00dcM : SOSYAL SORUMLULUK VE ET\u0130K   <\/p>\n","protected":false},"excerpt":{"rendered":"<p>Kitap Tan\u0131t\u0131m Yaz\u0131s\u0131 : \u0130\u00e7indekiler 1. B\u00d6L\u00dcM : \u0130\u015eLETME B\u0130L\u0130M\u0130NDE TEMEL KAVRAMLAR 2. B\u00d6L\u00dcM : \u0130\u015eLETME KURULU\u015eU 3. B\u00d6L\u00dcM : Y\u00d6NET\u0130M 4. B\u00d6L\u00dcM : \u0130NSAN KAYNAKLARI<span class=\"excerpt-hellip\"> [\u2026]<\/span><\/p>\n","protected":false},"featured_media":0,"template":"","meta":{"_monsterinsights_skip_tracking":false,"_monsterinsights_sitenote_active":false,"_monsterinsights_sitenote_note":"","_monsterinsights_sitenote_category":0},"product_brand":[],"product_cat":[12573,12566],"product_tag":[],"class_list":{"0":"post-736809","1":"product","2":"type-product","3":"status-publish","5":"product_cat-akademik-kitaplar","6":"product_cat-egitim","7":"pa_cilt-ciltsiz","8":"pa_tur-kitap","9":"pa_yayinevi-gazi-kitabevi","10":"pa_yazar-abdulkadir-gumus-k-seckin-karahan","12":"first","13":"instock","14":"sale","15":"shipping-taxable","16":"purchasable","17":"product-type-simple"},"_links":{"self":[{"href":"https:\/\/roveyayinevi.com.tr\/index.php\/wp-json\/wp\/v2\/product\/736809","targetHints":{"allow":["GET"]}}],"collection":[{"href":"https:\/\/roveyayinevi.com.tr\/index.php\/wp-json\/wp\/v2\/product"}],"about":[{"href":"https:\/\/roveyayinevi.com.tr\/index.php\/wp-json\/wp\/v2\/types\/product"}],"wp:attachment":[{"href":"https:\/\/roveyayinevi.com.tr\/index.php\/wp-json\/wp\/v2\/media?parent=736809"}],"wp:term":[{"taxonomy":"product_brand","embeddable":true,"href":"https:\/\/roveyayinevi.com.tr\/index.php\/wp-json\/wp\/v2\/product_brand?post=736809"},{"taxonomy":"product_cat","embeddable":true,"href":"https:\/\/roveyayinevi.com.tr\/index.php\/wp-json\/wp\/v2\/product_cat?post=736809"},{"taxonomy":"product_tag","embeddable":true,"href":"https:\/\/roveyayinevi.com.tr\/index.php\/wp-json\/wp\/v2\/product_tag?post=736809"}],"curies":[{"name":"wp","href":"https:\/\/api.w.org\/{rel}","templated":true}]}}