{"id":736798,"date":"2025-08-27T23:15:11","date_gmt":"2025-08-27T20:15:11","guid":{"rendered":"https:\/\/roveyayinevi.com.tr\/index.php\/urun\/turuncu-renkli-sokakta\/"},"modified":"2026-04-16T02:45:50","modified_gmt":"2026-04-15T23:45:50","slug":"turuncu-renkli-sokakta","status":"publish","type":"product","link":"https:\/\/roveyayinevi.com.tr\/index.php\/urun\/turuncu-renkli-sokakta\/","title":{"rendered":"Turuncu Renkli Sokakta"},"content":{"rendered":"<p>dondurduk zaman\u0131, oynad\u0131k\u00e7a oynad\u0131k, \u00e7ocuklar parkta, biz sokakta oynad\u0131k, bir bakt\u0131k, turuncu misketlerle doldu sokak, bizde onun ad\u0131n\u0131 koyduk \u2018turuncu renkli sokak.\u2019   ne de \u00e7abuk ge\u00e7iyor zaman, ve her ge\u00e7en g\u00fcn\u00fcn \u0131zd\u0131rab\u0131 y\u00fcre\u011fimde. bir g\u00fcn turuncu sokaktan tek ba\u015f\u0131na ge\u00e7ersen, sen b\u00fcy\u00fcm\u00fc\u015f olacaks\u0131n, ve bende, seninle ge\u00e7en y\u0131llara hasret kalaca\u011f\u0131m. <\/p>\n","protected":false},"excerpt":{"rendered":"<p>dondurduk zaman\u0131, oynad\u0131k\u00e7a oynad\u0131k, \u00e7ocuklar parkta, biz sokakta oynad\u0131k, bir bakt\u0131k, turuncu misketlerle doldu sokak, bizde onun ad\u0131n\u0131 koyduk \u2018turuncu renkli sokak.\u2019 ne de \u00e7abuk ge\u00e7iyor<span class=\"excerpt-hellip\"> [\u2026]<\/span><\/p>\n","protected":false},"featured_media":0,"template":"","meta":{"_monsterinsights_skip_tracking":false,"_monsterinsights_sitenote_active":false,"_monsterinsights_sitenote_note":"","_monsterinsights_sitenote_category":0},"product_brand":[],"product_cat":[12291,12509],"product_tag":[],"class_list":{"0":"post-736798","1":"product","2":"type-product","3":"status-publish","5":"product_cat-edebiyat","6":"product_cat-siir","7":"pa_cilt-ciltsiz","8":"pa_tur-kitap","9":"pa_yayinevi-gulnar-yayinlari","10":"pa_yazar-tacettin-aksu","12":"first","13":"instock","14":"sale","15":"shipping-taxable","16":"purchasable","17":"product-type-simple"},"_links":{"self":[{"href":"https:\/\/roveyayinevi.com.tr\/index.php\/wp-json\/wp\/v2\/product\/736798","targetHints":{"allow":["GET"]}}],"collection":[{"href":"https:\/\/roveyayinevi.com.tr\/index.php\/wp-json\/wp\/v2\/product"}],"about":[{"href":"https:\/\/roveyayinevi.com.tr\/index.php\/wp-json\/wp\/v2\/types\/product"}],"wp:attachment":[{"href":"https:\/\/roveyayinevi.com.tr\/index.php\/wp-json\/wp\/v2\/media?parent=736798"}],"wp:term":[{"taxonomy":"product_brand","embeddable":true,"href":"https:\/\/roveyayinevi.com.tr\/index.php\/wp-json\/wp\/v2\/product_brand?post=736798"},{"taxonomy":"product_cat","embeddable":true,"href":"https:\/\/roveyayinevi.com.tr\/index.php\/wp-json\/wp\/v2\/product_cat?post=736798"},{"taxonomy":"product_tag","embeddable":true,"href":"https:\/\/roveyayinevi.com.tr\/index.php\/wp-json\/wp\/v2\/product_tag?post=736798"}],"curies":[{"name":"wp","href":"https:\/\/api.w.org\/{rel}","templated":true}]}}