{"id":736795,"date":"2025-08-27T23:15:08","date_gmt":"2025-08-27T20:15:08","guid":{"rendered":"https:\/\/roveyayinevi.com.tr\/index.php\/urun\/birikmis-siirler\/"},"modified":"2026-04-16T02:45:50","modified_gmt":"2026-04-15T23:45:50","slug":"birikmis-siirler","status":"publish","type":"product","link":"https:\/\/roveyayinevi.com.tr\/index.php\/urun\/birikmis-siirler\/","title":{"rendered":"Birikmi\u015f \u015eiirler"},"content":{"rendered":"<p>\u015fiirin yeri yok art\u0131k k\u0131zlara g\u00fcl verilmedi\u011fi gibi b\u00fck\u00fclemeyen elin s\u0131k\u0131lmad\u0131\u011f\u0131 gibi kahvenin hat\u0131r\u0131n\u0131n be\u015f dakikaya indi\u011fi gibi ak\u0131l verenin aptallarca yuhaland\u0131\u011f\u0131 gibi romanlar\u0131n hikaye san\u0131ld\u0131\u011f\u0131 tiyatrolar\u0131n maskaral\u0131k felsefenin faso fiso s\u00fckutun boyun e\u011fme ibadetin birilerine ba\u011fl\u0131 olmas\u0131n\u0131n istendi\u011fi gibi \u015fiir anlat\u0131r ve d\u00fc\u015f\u00fcnd\u00fcr\u00fcrken duygular\u0131m\u0131z\u0131 demlendirirken hayat\u0131 ilahilere ba\u011flamak gibi ey g\u00fczel \u015fairim yolla \u015fiirlerini yeri g\u00f6nl\u00fcmde ruhumda dilimde elimde bir \u00e7i\u00e7ek gibi sunaca\u011f\u0131m yery\u00fcz\u00fcne a\u00e7s\u0131n isterim orman gibi h\u00fcr ve renkli ey \u015fairim ben kaleminin ucunday\u0131m her yazd\u0131\u011f\u0131n beni anlat\u0131r beni anlamayanlara bir k\u00f6r tap\u0131nak verece\u011fim silgimi silerek bitirece\u011fim <\/p>\n","protected":false},"excerpt":{"rendered":"<p>\u015fiirin yeri yok art\u0131k k\u0131zlara g\u00fcl verilmedi\u011fi gibi b\u00fck\u00fclemeyen elin s\u0131k\u0131lmad\u0131\u011f\u0131 gibi kahvenin hat\u0131r\u0131n\u0131n be\u015f dakikaya indi\u011fi gibi ak\u0131l verenin aptallarca yuhaland\u0131\u011f\u0131 gibi romanlar\u0131n hikaye san\u0131ld\u0131\u011f\u0131<span class=\"excerpt-hellip\"> [\u2026]<\/span><\/p>\n","protected":false},"featured_media":0,"template":"","meta":{"_monsterinsights_skip_tracking":false,"_monsterinsights_sitenote_active":false,"_monsterinsights_sitenote_note":"","_monsterinsights_sitenote_category":0},"product_brand":[],"product_cat":[12291,12509],"product_tag":[],"class_list":{"0":"post-736795","1":"product","2":"type-product","3":"status-publish","5":"product_cat-edebiyat","6":"product_cat-siir","7":"pa_cilt-ciltsiz","8":"pa_tur-kitap","9":"pa_yayinevi-imgenin-cocuklari","10":"pa_yazar-attila-turnaoglu","12":"first","13":"instock","14":"sale","15":"shipping-taxable","16":"purchasable","17":"product-type-simple"},"_links":{"self":[{"href":"https:\/\/roveyayinevi.com.tr\/index.php\/wp-json\/wp\/v2\/product\/736795","targetHints":{"allow":["GET"]}}],"collection":[{"href":"https:\/\/roveyayinevi.com.tr\/index.php\/wp-json\/wp\/v2\/product"}],"about":[{"href":"https:\/\/roveyayinevi.com.tr\/index.php\/wp-json\/wp\/v2\/types\/product"}],"wp:attachment":[{"href":"https:\/\/roveyayinevi.com.tr\/index.php\/wp-json\/wp\/v2\/media?parent=736795"}],"wp:term":[{"taxonomy":"product_brand","embeddable":true,"href":"https:\/\/roveyayinevi.com.tr\/index.php\/wp-json\/wp\/v2\/product_brand?post=736795"},{"taxonomy":"product_cat","embeddable":true,"href":"https:\/\/roveyayinevi.com.tr\/index.php\/wp-json\/wp\/v2\/product_cat?post=736795"},{"taxonomy":"product_tag","embeddable":true,"href":"https:\/\/roveyayinevi.com.tr\/index.php\/wp-json\/wp\/v2\/product_tag?post=736795"}],"curies":[{"name":"wp","href":"https:\/\/api.w.org\/{rel}","templated":true}]}}