{"id":736791,"date":"2025-08-27T23:15:03","date_gmt":"2025-08-27T20:15:03","guid":{"rendered":"https:\/\/roveyayinevi.com.tr\/index.php\/urun\/dusunmeme-oyunu\/"},"modified":"2026-04-16T02:45:50","modified_gmt":"2026-04-15T23:45:50","slug":"dusunmeme-oyunu","status":"publish","type":"product","link":"https:\/\/roveyayinevi.com.tr\/index.php\/urun\/dusunmeme-oyunu\/","title":{"rendered":"D\u00fc\u015f\u00fcnmeme Oyunu"},"content":{"rendered":"<p>\u0130nsan en \u00e7ok unutmak istediklerini hat\u0131rlar.Sevtap Ayhan, Tudem Edebiyat \u00d6d\u00fclleri Birincilik \u00d6d\u00fcl\u00fcne de\u011fer g\u00f6r\u00fclen D\u00fc\u015f\u00fcnme(me) Oyunu adl\u0131 roman\u0131nda, an\u0131lar\u0131nda gizlenmi\u015f eski bir yapbozu birle\u015ftirmeye \u00e7al\u0131\u015fan Fabula&#8217;n\u0131n d\u00fcnyas\u0131na g\u00f6t\u00fcr\u00fcyor okurlar\u0131.Kederin ne\u015feyle, reddin kabulle omuz omuza y\u00fcr\u00fcd\u00fc\u011f\u00fc bir b\u00fcy\u00fcme hik\u00e2yesini sayfalar\u0131na ta\u015f\u0131yan kitap; ya\u015fam\u0131n getirdiklerine ve g\u00f6t\u00fcrd\u00fcklerine dair \u00f6nemli sorgulamalarda bulunuyor. \u0130\u00e7imizdeki mutlulu\u011fu uyand\u0131racak g\u00fcc\u00fcn kimi zaman h\u00fcz\u00fcnle bar\u0131\u015fmaktan ge\u00e7ti\u011fini hat\u0131rlatan yazar, kalp k\u0131r\u0131kl\u0131klar\u0131n\u0131 onarman\u0131n yollar\u0131 \u00fcst\u00fcne d\u00fc\u015f\u00fcnd\u00fcr\u00fcyor.\u201cNeden kalanlar\u0131 de\u011fil de gidenleri d\u00fc\u015f\u00fcn\u00fcr\u00fcz hep?\u201dHayata kar\u015f\u0131 tepkili olan Fabula, zihninde beliren d\u00fc\u015f\u00fcnceleri \u201chi\u00e7bir \u015fey d\u00fc\u015f\u00fcnmeme\u201d oyunuyla bertaraf etmeye \u00e7al\u0131\u015fsa da, yaramaz d\u00fc\u015f\u00fcnce par\u00e7ac\u0131klar\u0131 buna ge\u00e7it vermemekte \u0131srarc\u0131d\u0131r. K\u0131r\u0131k d\u00f6k\u00fck e\u015fyalar\u0131, reng\u00e2renk \u00e7i\u00e7eklerle bezeli bah\u00e7esi, okunmay\u0131 bekleyen kitaplar\u0131 ve \u201ctek ki\u015filik zaman makinesi\u201d kaykay\u0131yla kurdu\u011fu k\u00fc\u00e7\u00fck d\u00fcnyas\u0131nda kimseye yer a\u00e7maya niyeti yoktur Fabula&#8217;n\u0131n&#8230; Ta ki haylaz bir kargan\u0131n pe\u015finden giden komik giyimli k\u00fc\u00e7\u00fck bir beyefendi, as\u0131rl\u0131k bir a\u011fa\u00e7tan d\u00fc\u015f\u00fcp de kar\u015f\u0131s\u0131nda belirene dek. Yar\u0131m kalm\u0131\u015f bir ba\u015fka \u00f6yk\u00fcn\u00fcn kahraman\u0131 olan Heros, tan\u0131d\u0131k bir yabanc\u0131d\u0131r Fabula i\u00e7in. Vaktinden \u00f6nce b\u00fcy\u00fcm\u00fc\u015f bu tuhaf yabanc\u0131, itiraf edilememi\u015f ger\u00e7eklerin tutsa\u011f\u0131ndaki Fabula&#8217;ya ge\u00e7mi\u015fin izlerini g\u00f6sterebilecek midir?  D\u00fc\u015f\u00fcnme(me) Oyunu, yitirdiklerini unutmay\u0131 se\u00e7erek ac\u0131s\u0131n\u0131 hafifletmeye \u00e7al\u0131\u015fan bir \u00e7ocu\u011fun h\u00fcz\u00fcnl\u00fc ama umut dolu hik\u00e2yesini anlat\u0131yor. Sevtap Ayhan, incelikli sat\u0131rlar\u0131nda b\u0131rak\u0131p gidenleri sonsuza kadar sevmenin ve hat\u0131rlaman\u0131n \u201ciyile\u015ftirici\u201d g\u00fcc\u00fcn\u00fc g\u00f6zler \u00f6n\u00fcne seriyor.<\/p>\n","protected":false},"excerpt":{"rendered":"<p>\u0130nsan en \u00e7ok unutmak istediklerini hat\u0131rlar.Sevtap Ayhan, Tudem Edebiyat \u00d6d\u00fclleri Birincilik \u00d6d\u00fcl\u00fcne de\u011fer g\u00f6r\u00fclen D\u00fc\u015f\u00fcnme(me) Oyunu adl\u0131 roman\u0131nda, an\u0131lar\u0131nda gizlenmi\u015f eski bir yapbozu birle\u015ftirmeye \u00e7al\u0131\u015fan Fabula&#8217;n\u0131n<span class=\"excerpt-hellip\"> [\u2026]<\/span><\/p>\n","protected":false},"featured_media":0,"template":"","meta":{"_monsterinsights_skip_tracking":false,"_monsterinsights_sitenote_active":false,"_monsterinsights_sitenote_note":"","_monsterinsights_sitenote_category":0},"product_brand":[],"product_cat":[12275,12274],"product_tag":[],"class_list":{"0":"post-736791","1":"product","2":"type-product","3":"status-publish","5":"product_cat-6-12-yas-kitaplari","6":"product_cat-cocuk-ve-genclik-kitaplari","7":"pa_cilt-ciltsiz","8":"pa_tur-kitap","9":"pa_yayinevi-tudem-yayinlari","10":"pa_yazar-sevtap-ayhan","12":"first","13":"instock","14":"sale","15":"shipping-taxable","16":"purchasable","17":"product-type-simple"},"_links":{"self":[{"href":"https:\/\/roveyayinevi.com.tr\/index.php\/wp-json\/wp\/v2\/product\/736791","targetHints":{"allow":["GET"]}}],"collection":[{"href":"https:\/\/roveyayinevi.com.tr\/index.php\/wp-json\/wp\/v2\/product"}],"about":[{"href":"https:\/\/roveyayinevi.com.tr\/index.php\/wp-json\/wp\/v2\/types\/product"}],"wp:attachment":[{"href":"https:\/\/roveyayinevi.com.tr\/index.php\/wp-json\/wp\/v2\/media?parent=736791"}],"wp:term":[{"taxonomy":"product_brand","embeddable":true,"href":"https:\/\/roveyayinevi.com.tr\/index.php\/wp-json\/wp\/v2\/product_brand?post=736791"},{"taxonomy":"product_cat","embeddable":true,"href":"https:\/\/roveyayinevi.com.tr\/index.php\/wp-json\/wp\/v2\/product_cat?post=736791"},{"taxonomy":"product_tag","embeddable":true,"href":"https:\/\/roveyayinevi.com.tr\/index.php\/wp-json\/wp\/v2\/product_tag?post=736791"}],"curies":[{"name":"wp","href":"https:\/\/api.w.org\/{rel}","templated":true}]}}