{"id":736785,"date":"2025-08-27T23:14:56","date_gmt":"2025-08-27T20:14:56","guid":{"rendered":"https:\/\/roveyayinevi.com.tr\/index.php\/urun\/cig-tanesi\/"},"modified":"2026-04-16T02:45:49","modified_gmt":"2026-04-15T23:45:49","slug":"cig-tanesi","status":"publish","type":"product","link":"https:\/\/roveyayinevi.com.tr\/index.php\/urun\/cig-tanesi\/","title":{"rendered":"\u00c7i\u011f Tanesi"},"content":{"rendered":"<p>Metin \u015eahin, kalbinden gelen duygular\u0131 usta kalemiyle yo\u011furdu\u011fu \u015fiirleriyle okuruyla bulu\u015fuyor. Hepimizin i\u00e7inde bir par\u00e7a umut, biraz sevgi, \u00e7ok\u00e7a \u00f6fke, bolca \u00fcz\u00fcnt\u00fc var \u015f\u00fcphesiz. Fakat baz\u0131lar\u0131m\u0131z bunu yaln\u0131zca ya\u015farken baz\u0131lar\u0131m\u0131z da geri kalanlar\u0131n hislerine terc\u00fcman oluyor. \u015eiirlerini okurken \u015eahin\u2019in ne denli usta bir terc\u00fcman oldu\u011funu derinden hissedecek, kalbinizin tozlu raflar\u0131n\u0131 aralay\u0131p bir\u00e7ok duyguyla yeniden y\u00fczle\u015feceksiniz. O, \u201cRakamlarla aram iyi de\u011fil. Sorma \u015fu s\u0131ralar beni.\u201d  derken; b\u00f6l\u00fcn\u00fcrken, \u00e7arp\u0131l\u0131rken siz de onunla birlikte duyacaks\u0131n\u0131z \u00f6zlemini. <\/p>\n","protected":false},"excerpt":{"rendered":"<p>Metin \u015eahin, kalbinden gelen duygular\u0131 usta kalemiyle yo\u011furdu\u011fu \u015fiirleriyle okuruyla bulu\u015fuyor. Hepimizin i\u00e7inde bir par\u00e7a umut, biraz sevgi, \u00e7ok\u00e7a \u00f6fke, bolca \u00fcz\u00fcnt\u00fc var \u015f\u00fcphesiz. Fakat baz\u0131lar\u0131m\u0131z<span class=\"excerpt-hellip\"> [\u2026]<\/span><\/p>\n","protected":false},"featured_media":0,"template":"","meta":{"_monsterinsights_skip_tracking":false,"_monsterinsights_sitenote_active":false,"_monsterinsights_sitenote_note":"","_monsterinsights_sitenote_category":0},"product_brand":[],"product_cat":[12291,12509],"product_tag":[],"class_list":{"0":"post-736785","1":"product","2":"type-product","3":"status-publish","5":"product_cat-edebiyat","6":"product_cat-siir","7":"pa_cilt-ciltsiz","8":"pa_tur-kitap","9":"pa_yayinevi-karina-yayinevi","10":"pa_yazar-metin-sahin","12":"first","13":"instock","14":"sale","15":"shipping-taxable","16":"purchasable","17":"product-type-simple"},"_links":{"self":[{"href":"https:\/\/roveyayinevi.com.tr\/index.php\/wp-json\/wp\/v2\/product\/736785","targetHints":{"allow":["GET"]}}],"collection":[{"href":"https:\/\/roveyayinevi.com.tr\/index.php\/wp-json\/wp\/v2\/product"}],"about":[{"href":"https:\/\/roveyayinevi.com.tr\/index.php\/wp-json\/wp\/v2\/types\/product"}],"wp:attachment":[{"href":"https:\/\/roveyayinevi.com.tr\/index.php\/wp-json\/wp\/v2\/media?parent=736785"}],"wp:term":[{"taxonomy":"product_brand","embeddable":true,"href":"https:\/\/roveyayinevi.com.tr\/index.php\/wp-json\/wp\/v2\/product_brand?post=736785"},{"taxonomy":"product_cat","embeddable":true,"href":"https:\/\/roveyayinevi.com.tr\/index.php\/wp-json\/wp\/v2\/product_cat?post=736785"},{"taxonomy":"product_tag","embeddable":true,"href":"https:\/\/roveyayinevi.com.tr\/index.php\/wp-json\/wp\/v2\/product_tag?post=736785"}],"curies":[{"name":"wp","href":"https:\/\/api.w.org\/{rel}","templated":true}]}}