{"id":736780,"date":"2025-08-27T23:14:51","date_gmt":"2025-08-27T20:14:51","guid":{"rendered":"https:\/\/roveyayinevi.com.tr\/index.php\/urun\/halk-ulkesine-kisa-yolculuklar\/"},"modified":"2026-04-16T02:45:49","modified_gmt":"2026-04-15T23:45:49","slug":"halk-ulkesine-kisa-yolculuklar","status":"publish","type":"product","link":"https:\/\/roveyayinevi.com.tr\/index.php\/urun\/halk-ulkesine-kisa-yolculuklar\/","title":{"rendered":"Halk \u00dclkesine K\u0131sa Yolculuklar"},"content":{"rendered":"<p>Jacques Ranci\u00e8re, ge\u00e7mi\u015ften bu yana \u00e7e\u015fitli deneyimler ve kar\u015f\u0131la\u015fmalardan hareketle, ar\u015fivlerde sakl\u0131 belgeler ve yeniden yorumlanmay\u0131 bekleyen k\u00e2h edebi k\u00e2h sinematografik anlat\u0131lar \u0131\u015f\u0131\u011f\u0131nda, \u00fctopyan\u0131n temelindeki d\u00fcrt\u00fcy\u00fc, kar\u015f\u0131 konulmaz arzuyu mercek alt\u0131na al\u0131yor: halka, halk\u0131n \u00fclkesine do\u011fru yolculuk. Burada halk sosyoekonomik bir kategori de\u011fil kesinlikle, otantik bir \u00fctopya diyar\u0131nda ya\u015fayan muhayyel bir toplumsal g\u00f6vde. Diyar ise ger\u00e7ekte hi\u00e7bir yerde var olmayan bir uzak ada de\u011fil \u00f6rne\u011fin. Tam tersine hemen yan\u0131 ba\u015f\u0131m\u0131zda duruyor; bo\u011faz\u0131n \u00f6b\u00fcr yakas\u0131nda, caddenin hemen \u00f6tesinde, her g\u00fcn bindi\u011fimiz metronun en son dura\u011f\u0131nda&#8230; Ziyaret\u00e7isine ba\u015fka bir d\u00fcnyan\u0131n, ba\u015fka bir insanl\u0131\u011f\u0131n g\u00f6r\u00fcnt\u00fcs\u00fcn\u00fcn farkl\u0131 y\u00fczlerini sunuyor &#8220;halk \u00fclkesi&#8221;, ke\u015ffe \u00e7\u0131kt\u0131\u011f\u0131n\u0131z her bir co\u011frafyada.\u00d6te yandan Ranci\u00e8re var olmayan de\u011filse bile yolculu\u011fa \u00e7\u0131kan a\u00e7\u0131s\u0131ndan var\u0131\u015f\u0131 \u00e7o\u011fu zaman olanaks\u0131z bir \u00fclkeye de\u011finiyor. Wordsworth&#8217;un Prel\u00fcd&#8217;\u00fcnden B\u00fcchner&#8217;in Woyzeck&#8217;ine, Rilke&#8217;nin Duino A\u011f\u0131tlar\u0131&#8217;ndan Rossellini&#8217;nin Avrupa &#8217;51&#8217;ine, s\u00f6kt\u00fc\u011f\u00fc her kurguda, e\u015feledi\u011fi her ipucunda i\u015fte bu olanaks\u0131zl\u0131\u011f\u0131n tarihsel ve felsefi k\u00f6klerini sorgulayarak saptamalarda bulunuyor. &#8220;Bir \u00c7ocuk Kendini \u00d6ld\u00fcr\u00fcyor&#8221; ba\u015fl\u0131kl\u0131 yaz\u0131da etrafl\u0131ca ele ald\u0131\u011f\u0131 Rossellini&#8217;nin ba\u015frolde Ingrid Bergman&#8217;\u0131 izledi\u011fimiz filmi, iki ayr\u0131 zamanda ya\u015fanan iki farkl\u0131 deneyimle Ranci\u00e8re&#8217;in siyasal ufkunu de\u011fi\u015ftirecek bir uyan\u0131\u015fa i\u015faret etmesi bak\u0131m\u0131ndan ki\u015fisel bir \u00f6nem de ta\u015f\u0131yor.<\/p>\n","protected":false},"excerpt":{"rendered":"<p>Jacques Ranci\u00e8re, ge\u00e7mi\u015ften bu yana \u00e7e\u015fitli deneyimler ve kar\u015f\u0131la\u015fmalardan hareketle, ar\u015fivlerde sakl\u0131 belgeler ve yeniden yorumlanmay\u0131 bekleyen k\u00e2h edebi k\u00e2h sinematografik anlat\u0131lar \u0131\u015f\u0131\u011f\u0131nda, \u00fctopyan\u0131n temelindeki d\u00fcrt\u00fcy\u00fc,<span class=\"excerpt-hellip\"> [\u2026]<\/span><\/p>\n","protected":false},"featured_media":0,"template":"","meta":{"_monsterinsights_skip_tracking":false,"_monsterinsights_sitenote_active":false,"_monsterinsights_sitenote_note":"","_monsterinsights_sitenote_category":0},"product_brand":[],"product_cat":[12835,12324],"product_tag":[],"class_list":{"0":"post-736780","1":"product","2":"type-product","3":"status-publish","5":"product_cat-genel-sosyoloji","6":"product_cat-sosyoloji","7":"pa_cilt-ciltsiz","8":"pa_tur-kitap","9":"pa_yayinevi-sel-yayincilik","10":"pa_yazar-jacques-ranciere","12":"first","13":"instock","14":"sale","15":"shipping-taxable","16":"purchasable","17":"product-type-simple"},"_links":{"self":[{"href":"https:\/\/roveyayinevi.com.tr\/index.php\/wp-json\/wp\/v2\/product\/736780","targetHints":{"allow":["GET"]}}],"collection":[{"href":"https:\/\/roveyayinevi.com.tr\/index.php\/wp-json\/wp\/v2\/product"}],"about":[{"href":"https:\/\/roveyayinevi.com.tr\/index.php\/wp-json\/wp\/v2\/types\/product"}],"wp:attachment":[{"href":"https:\/\/roveyayinevi.com.tr\/index.php\/wp-json\/wp\/v2\/media?parent=736780"}],"wp:term":[{"taxonomy":"product_brand","embeddable":true,"href":"https:\/\/roveyayinevi.com.tr\/index.php\/wp-json\/wp\/v2\/product_brand?post=736780"},{"taxonomy":"product_cat","embeddable":true,"href":"https:\/\/roveyayinevi.com.tr\/index.php\/wp-json\/wp\/v2\/product_cat?post=736780"},{"taxonomy":"product_tag","embeddable":true,"href":"https:\/\/roveyayinevi.com.tr\/index.php\/wp-json\/wp\/v2\/product_tag?post=736780"}],"curies":[{"name":"wp","href":"https:\/\/api.w.org\/{rel}","templated":true}]}}