{"id":736767,"date":"2025-08-27T23:14:36","date_gmt":"2025-08-27T20:14:36","guid":{"rendered":"https:\/\/roveyayinevi.com.tr\/index.php\/urun\/zerreye-yolculuk\/"},"modified":"2026-04-16T02:45:49","modified_gmt":"2026-04-15T23:45:49","slug":"zerreye-yolculuk","status":"publish","type":"product","link":"https:\/\/roveyayinevi.com.tr\/index.php\/urun\/zerreye-yolculuk\/","title":{"rendered":"Zerreye Yolculuk"},"content":{"rendered":"<p>Damladan h\u00fccreye zerremi kar\u0131p, Deryada as\u0131l olan y\u00e2rda de\u011fil mi? Canan\u2019dan Ana\u2019ya ger\u00e7e\u011fe var\u0131p, Varl\u0131\u011f\u0131n birli\u011fi zarda de\u011fil mi?   Hi\u00e7 birinde eksik yok do\u011furanda. Do\u011fanda emek\u00e7i, can yo\u011furanda. Canl\u0131dan cans\u0131za e\u015fitlik anda H\u0131z\u0131r\u2019dan var olan arda de\u011fil mi?   Pirce, demi emen \u015ferbetli giziz. D\u00f6n\u00fc\u015f\u00fcm, hakik\u00e2t, enel-l Hakk biziz. Devriye kab\u0131ndan tohuma saz\u0131z. B\u00fct\u00fcnl\u00fck i\u00e7inde s\u0131ra de\u011fil mi? <\/p>\n","protected":false},"excerpt":{"rendered":"<p>Damladan h\u00fccreye zerremi kar\u0131p, Deryada as\u0131l olan y\u00e2rda de\u011fil mi? Canan\u2019dan Ana\u2019ya ger\u00e7e\u011fe var\u0131p, Varl\u0131\u011f\u0131n birli\u011fi zarda de\u011fil mi? Hi\u00e7 birinde eksik yok do\u011furanda. Do\u011fanda emek\u00e7i,<span class=\"excerpt-hellip\"> [\u2026]<\/span><\/p>\n","protected":false},"featured_media":0,"template":"","meta":{"_monsterinsights_skip_tracking":false,"_monsterinsights_sitenote_active":false,"_monsterinsights_sitenote_note":"","_monsterinsights_sitenote_category":0},"product_brand":[],"product_cat":[12291,12509],"product_tag":[],"class_list":{"0":"post-736767","1":"product","2":"type-product","3":"status-publish","5":"product_cat-edebiyat","6":"product_cat-siir","7":"pa_cilt-ciltsiz","8":"pa_tur-kitap","9":"pa_yayinevi-sinirsiz-kitap","10":"pa_yazar-nadir-sayin","12":"first","13":"instock","14":"sale","15":"shipping-taxable","16":"purchasable","17":"product-type-simple"},"_links":{"self":[{"href":"https:\/\/roveyayinevi.com.tr\/index.php\/wp-json\/wp\/v2\/product\/736767","targetHints":{"allow":["GET"]}}],"collection":[{"href":"https:\/\/roveyayinevi.com.tr\/index.php\/wp-json\/wp\/v2\/product"}],"about":[{"href":"https:\/\/roveyayinevi.com.tr\/index.php\/wp-json\/wp\/v2\/types\/product"}],"wp:attachment":[{"href":"https:\/\/roveyayinevi.com.tr\/index.php\/wp-json\/wp\/v2\/media?parent=736767"}],"wp:term":[{"taxonomy":"product_brand","embeddable":true,"href":"https:\/\/roveyayinevi.com.tr\/index.php\/wp-json\/wp\/v2\/product_brand?post=736767"},{"taxonomy":"product_cat","embeddable":true,"href":"https:\/\/roveyayinevi.com.tr\/index.php\/wp-json\/wp\/v2\/product_cat?post=736767"},{"taxonomy":"product_tag","embeddable":true,"href":"https:\/\/roveyayinevi.com.tr\/index.php\/wp-json\/wp\/v2\/product_tag?post=736767"}],"curies":[{"name":"wp","href":"https:\/\/api.w.org\/{rel}","templated":true}]}}