{"id":736765,"date":"2025-08-27T23:14:34","date_gmt":"2025-08-27T20:14:34","guid":{"rendered":"https:\/\/roveyayinevi.com.tr\/index.php\/urun\/bana-bir-turku-soyle\/"},"modified":"2026-04-08T02:54:14","modified_gmt":"2026-04-07T23:54:14","slug":"bana-bir-turku-soyle","status":"publish","type":"product","link":"https:\/\/roveyayinevi.com.tr\/index.php\/urun\/bana-bir-turku-soyle\/","title":{"rendered":"Bana Bir T\u00fcrk\u00fc S\u00f6yle"},"content":{"rendered":"<p>Anadolu\u2019nun Bin Y\u0131ll\u0131k T\u00fcrk\u00fcs\u00fc Ahmet \u00c7uhac\u0131\u2019n\u0131n bir\u00e7ok \u015fiirinin t\u00fcrk\u00fcle\u015ftirilmesinin nedeni var. O, eski Anadolu ozanlar\u0131n\u0131n i\u015fledi\u011fi dostlu\u011fu dizelerine serpi\u015ftirirken hem co\u015fkuludur hem c\u00f6merttir. Anadolu\u2019nun o bilgelik kokan deyimleri \u00c7uhac\u0131\u2019n\u0131n \u015fiirlerinde dizenin \u00f6yle bir yerine gelir oturur ki dersiniz o s\u00f6zc\u00fck y\u0131llar \u00f6nce bu dize i\u00e7in denmi\u015f, bu dize i\u00e7in a\u011f\u0131zdan a\u011fza u\u00e7up gelmi\u015ftir. \u00c7o\u011fu zaman g\u00fcnl\u00fck ya\u015famda kulland\u0131\u011f\u0131m\u0131z s\u0131radan deyimlerin s\u00f6z sanat\u0131nda ne b\u00fcy\u00fck bir g\u00fcce sahip oldu\u011funu, Ahmet \u00c7uhac\u0131\u2019n\u0131n dizelerinde ba\u015fkala\u015ft\u0131\u011f\u0131n\u0131, y\u00fcceldi\u011fini g\u00f6r\u00fcr\u00fcz. \u00c7uhac\u0131\u2019n\u0131n \u015fiiri Yunus\u2019tan, Pir Sultan\u2019dan, K\u00f6ro\u011flu\u2019ndan dam\u0131t\u0131lm\u0131\u015f, Nasreddin Hoca\u2019n\u0131n g\u00fclmecesiyle beslenmi\u015ftir. \u015eiirlerinde \u00e7ocuklara, ku\u015flara, a\u011fa\u00e7lara hep yer vard\u0131r; hem de her dizede. Ahmet \u00c7uhac\u0131, Anadolu\u2019nun bin y\u0131ll\u0131k t\u00fcrk\u00fcs\u00fcn\u00fc s\u00f6yl\u00fcyor. <\/p>\n","protected":false},"excerpt":{"rendered":"<p>Anadolu\u2019nun Bin Y\u0131ll\u0131k T\u00fcrk\u00fcs\u00fc Ahmet \u00c7uhac\u0131\u2019n\u0131n bir\u00e7ok \u015fiirinin t\u00fcrk\u00fcle\u015ftirilmesinin nedeni var. O, eski Anadolu ozanlar\u0131n\u0131n i\u015fledi\u011fi dostlu\u011fu dizelerine serpi\u015ftirirken hem co\u015fkuludur hem c\u00f6merttir. Anadolu\u2019nun o bilgelik<span class=\"excerpt-hellip\"> [\u2026]<\/span><\/p>\n","protected":false},"featured_media":0,"template":"","meta":{"_monsterinsights_skip_tracking":false,"_monsterinsights_sitenote_active":false,"_monsterinsights_sitenote_note":"","_monsterinsights_sitenote_category":0},"product_brand":[],"product_cat":[12291,12509],"product_tag":[],"class_list":{"0":"post-736765","1":"product","2":"type-product","3":"status-publish","5":"product_cat-edebiyat","6":"product_cat-siir","7":"pa_cilt-ciltsiz","8":"pa_tur-kitap","9":"pa_yayinevi-sinirsiz-kitap","10":"pa_yazar-ahmet-cuhaci","12":"first","13":"instock","14":"sale","15":"shipping-taxable","16":"purchasable","17":"product-type-simple"},"_links":{"self":[{"href":"https:\/\/roveyayinevi.com.tr\/index.php\/wp-json\/wp\/v2\/product\/736765","targetHints":{"allow":["GET"]}}],"collection":[{"href":"https:\/\/roveyayinevi.com.tr\/index.php\/wp-json\/wp\/v2\/product"}],"about":[{"href":"https:\/\/roveyayinevi.com.tr\/index.php\/wp-json\/wp\/v2\/types\/product"}],"wp:attachment":[{"href":"https:\/\/roveyayinevi.com.tr\/index.php\/wp-json\/wp\/v2\/media?parent=736765"}],"wp:term":[{"taxonomy":"product_brand","embeddable":true,"href":"https:\/\/roveyayinevi.com.tr\/index.php\/wp-json\/wp\/v2\/product_brand?post=736765"},{"taxonomy":"product_cat","embeddable":true,"href":"https:\/\/roveyayinevi.com.tr\/index.php\/wp-json\/wp\/v2\/product_cat?post=736765"},{"taxonomy":"product_tag","embeddable":true,"href":"https:\/\/roveyayinevi.com.tr\/index.php\/wp-json\/wp\/v2\/product_tag?post=736765"}],"curies":[{"name":"wp","href":"https:\/\/api.w.org\/{rel}","templated":true}]}}