{"id":736751,"date":"2025-08-27T23:14:19","date_gmt":"2025-08-27T20:14:19","guid":{"rendered":"https:\/\/roveyayinevi.com.tr\/index.php\/urun\/pandeminin-sosyolojisi\/"},"modified":"2026-04-16T02:45:48","modified_gmt":"2026-04-15T23:45:48","slug":"pandeminin-sosyolojisi","status":"publish","type":"product","link":"https:\/\/roveyayinevi.com.tr\/index.php\/urun\/pandeminin-sosyolojisi\/","title":{"rendered":"Pandeminin Sosyolojisi"},"content":{"rendered":"<p>Bir g\u00fcn bir vir\u00fcs ortaya \u00e7\u0131kt\u0131, aniden d\u00fcnyam\u0131z de\u011fi\u015fti. \u015eimdilerde herkes \u201cart\u0131k hi\u00e7bir \u015fey eskisi gibi olamayacak\u201d diyor. Ger\u00e7ekten \u00f6yle mi olacak? Yoksa \u015fimdilik kendimizi avutup kand\u0131r\u0131yor muyuz?D\u00fcnya, daha \u00f6nce de salg\u0131nlar ya\u015fad\u0131; ama hi\u00e7biri koronavir\u00fcs salg\u0131n\u0131 gibi olmam\u0131\u015ft\u0131. Ya\u015fad\u0131\u011f\u0131m\u0131z ula\u015f\u0131m \u00e7a\u011f\u0131n\u0131n bize sunmu\u015f oldu\u011fu kolayl\u0131klar, bu defa bize sald\u0131ran bir vir\u00fcse arac\u0131l\u0131k etti, onu h\u0131zla b\u00fct\u00fcn d\u00fcnyaya yayd\u0131. COVID-19 olarak adland\u0131r\u0131lan bu vir\u00fcs, bir pandemiye d\u00f6n\u00fc\u015ferek k\u0131sa bir s\u00fcrede b\u00fct\u00fcn d\u00fcnyay\u0131 etkisi alt\u0131na ald\u0131. Ama vir\u00fcs\u00fcn bu denli h\u0131zla yay\u0131lmas\u0131n\u0131 sa\u011flayan k\u00fcresel olanaklar, ne yaz\u0131k ki onu \u00f6nlemede yetersiz kald\u0131. Bu s\u00fcre\u00e7te sadece k\u00fcreselle\u015fme \u00e7\u00f6kmedi; ulus \u00fcst\u00fc kurumlar, b\u00fcy\u00fck devletler, devasa ordular da itibar kaybetti. Do\u011fa ve insan\u0131 mahvetmek i\u00e7in kulland\u0131klar\u0131 g\u00fc\u00e7, g\u00f6zle g\u00f6r\u00fclmeyen k\u00fc\u00e7\u00fck bir vir\u00fcs kar\u015f\u0131s\u0131nda yerle yeksan oldu.K\u00fcresel salg\u0131na k\u00fcresel \u00e7\u00f6z\u00fcmler bulunamay\u0131nca, herkes kendi ba\u015f\u0131n\u0131n \u00e7aresine bakt\u0131. Ama bunun da sa\u011fl\u0131kl\u0131 bir yol olmad\u0131\u011f\u0131, d\u00fcnyan\u0131n bir yerinden bu vir\u00fcs oldu\u011fu m\u00fcddet\u00e7e d\u00fcnyan\u0131n hi\u00e7bir yerinin g\u00fcvende olamayaca\u011f\u0131 biliniyor art\u0131k.<\/p>\n","protected":false},"excerpt":{"rendered":"<p>Bir g\u00fcn bir vir\u00fcs ortaya \u00e7\u0131kt\u0131, aniden d\u00fcnyam\u0131z de\u011fi\u015fti. \u015eimdilerde herkes \u201cart\u0131k hi\u00e7bir \u015fey eskisi gibi olamayacak\u201d diyor. Ger\u00e7ekten \u00f6yle mi olacak? Yoksa \u015fimdilik kendimizi avutup<span class=\"excerpt-hellip\"> [\u2026]<\/span><\/p>\n","protected":false},"featured_media":0,"template":"","meta":{"_monsterinsights_skip_tracking":false,"_monsterinsights_sitenote_active":false,"_monsterinsights_sitenote_note":"","_monsterinsights_sitenote_category":0},"product_brand":[],"product_cat":[12325,12324],"product_tag":[],"class_list":{"0":"post-736751","1":"product","2":"type-product","3":"status-publish","5":"product_cat-diger-sosyoloji","6":"product_cat-sosyoloji","7":"pa_cilt-ciltsiz","8":"pa_tur-kitap","9":"pa_yayinevi-sinirsiz-kitap","10":"pa_yazar-ahmet-ozer","12":"first","13":"instock","14":"sale","15":"shipping-taxable","16":"purchasable","17":"product-type-simple"},"_links":{"self":[{"href":"https:\/\/roveyayinevi.com.tr\/index.php\/wp-json\/wp\/v2\/product\/736751","targetHints":{"allow":["GET"]}}],"collection":[{"href":"https:\/\/roveyayinevi.com.tr\/index.php\/wp-json\/wp\/v2\/product"}],"about":[{"href":"https:\/\/roveyayinevi.com.tr\/index.php\/wp-json\/wp\/v2\/types\/product"}],"wp:attachment":[{"href":"https:\/\/roveyayinevi.com.tr\/index.php\/wp-json\/wp\/v2\/media?parent=736751"}],"wp:term":[{"taxonomy":"product_brand","embeddable":true,"href":"https:\/\/roveyayinevi.com.tr\/index.php\/wp-json\/wp\/v2\/product_brand?post=736751"},{"taxonomy":"product_cat","embeddable":true,"href":"https:\/\/roveyayinevi.com.tr\/index.php\/wp-json\/wp\/v2\/product_cat?post=736751"},{"taxonomy":"product_tag","embeddable":true,"href":"https:\/\/roveyayinevi.com.tr\/index.php\/wp-json\/wp\/v2\/product_tag?post=736751"}],"curies":[{"name":"wp","href":"https:\/\/api.w.org\/{rel}","templated":true}]}}