{"id":736750,"date":"2025-08-27T23:14:18","date_gmt":"2025-08-27T20:14:18","guid":{"rendered":"https:\/\/roveyayinevi.com.tr\/index.php\/urun\/kirik-aynalar\/"},"modified":"2026-04-16T02:45:48","modified_gmt":"2026-04-15T23:45:48","slug":"kirik-aynalar","status":"publish","type":"product","link":"https:\/\/roveyayinevi.com.tr\/index.php\/urun\/kirik-aynalar\/","title":{"rendered":"K\u0131r\u0131k Aynalar"},"content":{"rendered":"<p>Perdeleri \u00e7ekiyorum \u00fczerime Duvarlar\u0131n\u0131n ard\u0131nda ba\u015fl\u0131yor d\u00fcnyam. T\u00fcm e\u015fyalar tan\u0131d\u0131k H\u0131rkan as\u0131l\u0131 duvarda Sigaran\u0131 s\u00f6nd\u00fcrd\u00fc\u011f\u00fcn k\u00fcll\u00fck Dudaklar\u0131na de\u011fen kadeh\u2026 K\u0131r\u0131k bir ayna Ve aynan\u0131n i\u00e7inde duran ben. K\u0131r\u0131k par\u00e7alardan biri durmadan an\u0131lar\u0131m\u0131z\u0131 hat\u0131rlat\u0131yor. Di\u011fer par\u00e7alar\u0131 maziye kar\u0131\u015fan y\u00fcz\u00fcm\u00fcz\u00fc an\u0131msat\u0131yor durmadan. Aynalar yoklu\u011fum benim Kederli y\u00fcz\u00fcm\u2026 <\/p>\n","protected":false},"excerpt":{"rendered":"<p>Perdeleri \u00e7ekiyorum \u00fczerime Duvarlar\u0131n\u0131n ard\u0131nda ba\u015fl\u0131yor d\u00fcnyam. T\u00fcm e\u015fyalar tan\u0131d\u0131k H\u0131rkan as\u0131l\u0131 duvarda Sigaran\u0131 s\u00f6nd\u00fcrd\u00fc\u011f\u00fcn k\u00fcll\u00fck Dudaklar\u0131na de\u011fen kadeh\u2026 K\u0131r\u0131k bir ayna Ve aynan\u0131n i\u00e7inde duran<span class=\"excerpt-hellip\"> [\u2026]<\/span><\/p>\n","protected":false},"featured_media":0,"template":"","meta":{"_monsterinsights_skip_tracking":false,"_monsterinsights_sitenote_active":false,"_monsterinsights_sitenote_note":"","_monsterinsights_sitenote_category":0},"product_brand":[],"product_cat":[12291,12509],"product_tag":[],"class_list":{"0":"post-736750","1":"product","2":"type-product","3":"status-publish","5":"product_cat-edebiyat","6":"product_cat-siir","7":"pa_cilt-ciltsiz","8":"pa_tur-kitap","9":"pa_yayinevi-sinirsiz-kitap","10":"pa_yazar-zozan-sarica","12":"first","13":"instock","14":"sale","15":"shipping-taxable","16":"purchasable","17":"product-type-simple"},"_links":{"self":[{"href":"https:\/\/roveyayinevi.com.tr\/index.php\/wp-json\/wp\/v2\/product\/736750","targetHints":{"allow":["GET"]}}],"collection":[{"href":"https:\/\/roveyayinevi.com.tr\/index.php\/wp-json\/wp\/v2\/product"}],"about":[{"href":"https:\/\/roveyayinevi.com.tr\/index.php\/wp-json\/wp\/v2\/types\/product"}],"wp:attachment":[{"href":"https:\/\/roveyayinevi.com.tr\/index.php\/wp-json\/wp\/v2\/media?parent=736750"}],"wp:term":[{"taxonomy":"product_brand","embeddable":true,"href":"https:\/\/roveyayinevi.com.tr\/index.php\/wp-json\/wp\/v2\/product_brand?post=736750"},{"taxonomy":"product_cat","embeddable":true,"href":"https:\/\/roveyayinevi.com.tr\/index.php\/wp-json\/wp\/v2\/product_cat?post=736750"},{"taxonomy":"product_tag","embeddable":true,"href":"https:\/\/roveyayinevi.com.tr\/index.php\/wp-json\/wp\/v2\/product_tag?post=736750"}],"curies":[{"name":"wp","href":"https:\/\/api.w.org\/{rel}","templated":true}]}}