{"id":736738,"date":"2025-08-27T23:14:05","date_gmt":"2025-08-27T20:14:05","guid":{"rendered":"https:\/\/roveyayinevi.com.tr\/index.php\/urun\/cocugumu-nasil-anlarim\/"},"modified":"2026-04-16T02:45:47","modified_gmt":"2026-04-15T23:45:47","slug":"cocugumu-nasil-anlarim","status":"publish","type":"product","link":"https:\/\/roveyayinevi.com.tr\/index.php\/urun\/cocugumu-nasil-anlarim\/","title":{"rendered":"\u00c7ocu\u011fumu Nas\u0131l Anlar\u0131m?"},"content":{"rendered":"<p>D\u00fcnyan\u0131n en zor i\u015fi, galiba bir \u00e7ocu\u011fu b\u00fcy\u00fctmek ve ona insanl\u0131\u011fa faydal\u0131 bir birey olma bilinci kazand\u0131rmak. \u00c7ocuk yeti\u015ftirmek b\u00fcy\u00fck bir \u00e7aba ve sorumluluk gerektirir. Bu kadar b\u00fcy\u00fck bir sorumluluk ne sadece annenin narin omuzlar\u0131na b\u0131rak\u0131labilir ne de sadece bir ebeveyn olarak babadan beklenebilir. 2-6 ya\u015f aras\u0131 ilk \u00e7ocukluk d\u00f6nemine hitap eden \u201c\u00c7ocu\u011fumu Nas\u0131l Anlar\u0131m?\u201d kitab\u0131m\u0131z anne babalara en de\u011ferli varl\u0131klar\u0131 olan \u00e7ocuklar\u0131n\u0131 yeti\u015ftirirken ve e\u011fitirken kar\u015f\u0131la\u015facaklar\u0131 problemlere pratik \u00e7\u00f6z\u00fcmler bulmalar\u0131 y\u00f6n\u00fcnde yard\u0131mc\u0131 olabilmek amac\u0131yla haz\u0131rland\u0131. <\/p>\n","protected":false},"excerpt":{"rendered":"<p>D\u00fcnyan\u0131n en zor i\u015fi, galiba bir \u00e7ocu\u011fu b\u00fcy\u00fctmek ve ona insanl\u0131\u011fa faydal\u0131 bir birey olma bilinci kazand\u0131rmak. \u00c7ocuk yeti\u015ftirmek b\u00fcy\u00fck bir \u00e7aba ve sorumluluk gerektirir. Bu<span class=\"excerpt-hellip\"> [\u2026]<\/span><\/p>\n","protected":false},"featured_media":0,"template":"","meta":{"_monsterinsights_skip_tracking":false,"_monsterinsights_sitenote_active":false,"_monsterinsights_sitenote_note":"","_monsterinsights_sitenote_category":0},"product_brand":[],"product_cat":[12831,12324],"product_tag":[],"class_list":{"0":"post-736738","1":"product","2":"type-product","3":"status-publish","5":"product_cat-aile-ve-cocuk","6":"product_cat-sosyoloji","7":"pa_cilt-ciltsiz","8":"pa_tur-kitap","9":"pa_yayinevi-nesil-yayinlari","10":"pa_yazar-asuman-saritac","12":"first","13":"instock","14":"sale","15":"shipping-taxable","16":"purchasable","17":"product-type-simple"},"_links":{"self":[{"href":"https:\/\/roveyayinevi.com.tr\/index.php\/wp-json\/wp\/v2\/product\/736738","targetHints":{"allow":["GET"]}}],"collection":[{"href":"https:\/\/roveyayinevi.com.tr\/index.php\/wp-json\/wp\/v2\/product"}],"about":[{"href":"https:\/\/roveyayinevi.com.tr\/index.php\/wp-json\/wp\/v2\/types\/product"}],"wp:attachment":[{"href":"https:\/\/roveyayinevi.com.tr\/index.php\/wp-json\/wp\/v2\/media?parent=736738"}],"wp:term":[{"taxonomy":"product_brand","embeddable":true,"href":"https:\/\/roveyayinevi.com.tr\/index.php\/wp-json\/wp\/v2\/product_brand?post=736738"},{"taxonomy":"product_cat","embeddable":true,"href":"https:\/\/roveyayinevi.com.tr\/index.php\/wp-json\/wp\/v2\/product_cat?post=736738"},{"taxonomy":"product_tag","embeddable":true,"href":"https:\/\/roveyayinevi.com.tr\/index.php\/wp-json\/wp\/v2\/product_tag?post=736738"}],"curies":[{"name":"wp","href":"https:\/\/api.w.org\/{rel}","templated":true}]}}