{"id":736735,"date":"2025-08-27T23:14:02","date_gmt":"2025-08-27T20:14:02","guid":{"rendered":"https:\/\/roveyayinevi.com.tr\/index.php\/urun\/dunyayi-bisikletle-dolasan-cocuk-seti-3-kitap\/"},"modified":"2026-04-16T02:45:47","modified_gmt":"2026-04-15T23:45:47","slug":"dunyayi-bisikletle-dolasan-cocuk-seti-3-kitap","status":"publish","type":"product","link":"https:\/\/roveyayinevi.com.tr\/index.php\/urun\/dunyayi-bisikletle-dolasan-cocuk-seti-3-kitap\/","title":{"rendered":"D\u00fcnyay\u0131 Bisikletle Dola\u015fan \u00c7ocuk Seti (3 Kitap)"},"content":{"rendered":"<p>&#8220;Ben d\u00fcnyay\u0131 bisikletle dola\u015faca\u011f\u0131m!\u201dHer \u015fey bir iddia ile ba\u015flar ve gece g\u00fcnd\u00fcz bir k\u00e2\u015fif olup d\u00fcnyay\u0131 dola\u015fma hayalleri kuran Tom onunla alay eden s\u0131n\u0131f arkada\u015flar\u0131na yan\u0131ld\u0131klar\u0131n\u0131 kan\u0131tlamak i\u00e7in bisikletine atlay\u0131p yollara d\u00fc\u015fer. Onu \u0130ngiltere\u2019den Afrika\u2019ya kadar uzanan zorlu ama bir o kadar da e\u011flenceli bir yolculuk beklemektedir.D\u00fcnyay\u0131 Bisikletle Dola\u015fan \u00c7ocuk, bir g\u00fcn evinden \u00e7\u0131k\u0131p d\u00f6rt y\u0131l boyunca bisikletiyle t\u00fcm d\u00fcnyay\u0131 dola\u015fan ve bug\u00fcn 21. yy\u2019\u0131n en b\u00fcy\u00fck maceraperesti olarak tan\u0131nan Alastair Humphreys\u2019den gelece\u011fin gezginlerine ilham verecek bir macera kitab\u0131. <\/p>\n","protected":false},"excerpt":{"rendered":"<p>&#8220;Ben d\u00fcnyay\u0131 bisikletle dola\u015faca\u011f\u0131m!\u201dHer \u015fey bir iddia ile ba\u015flar ve gece g\u00fcnd\u00fcz bir k\u00e2\u015fif olup d\u00fcnyay\u0131 dola\u015fma hayalleri kuran Tom onunla alay eden s\u0131n\u0131f arkada\u015flar\u0131na yan\u0131ld\u0131klar\u0131n\u0131<span class=\"excerpt-hellip\"> [\u2026]<\/span><\/p>\n","protected":false},"featured_media":0,"template":"","meta":{"_monsterinsights_skip_tracking":false,"_monsterinsights_sitenote_active":false,"_monsterinsights_sitenote_note":"","_monsterinsights_sitenote_category":0},"product_brand":[],"product_cat":[12274,12284],"product_tag":[],"class_list":{"0":"post-736735","1":"product","2":"type-product","3":"status-publish","5":"product_cat-cocuk-ve-genclik-kitaplari","6":"product_cat-hikayeler","7":"pa_cilt-set","8":"pa_tur-kitap","9":"pa_yayinevi-beyaz-balina-yayinlari","10":"pa_yazar-alastair-humphreys","12":"first","13":"instock","14":"sale","15":"shipping-taxable","16":"purchasable","17":"product-type-simple"},"_links":{"self":[{"href":"https:\/\/roveyayinevi.com.tr\/index.php\/wp-json\/wp\/v2\/product\/736735","targetHints":{"allow":["GET"]}}],"collection":[{"href":"https:\/\/roveyayinevi.com.tr\/index.php\/wp-json\/wp\/v2\/product"}],"about":[{"href":"https:\/\/roveyayinevi.com.tr\/index.php\/wp-json\/wp\/v2\/types\/product"}],"wp:attachment":[{"href":"https:\/\/roveyayinevi.com.tr\/index.php\/wp-json\/wp\/v2\/media?parent=736735"}],"wp:term":[{"taxonomy":"product_brand","embeddable":true,"href":"https:\/\/roveyayinevi.com.tr\/index.php\/wp-json\/wp\/v2\/product_brand?post=736735"},{"taxonomy":"product_cat","embeddable":true,"href":"https:\/\/roveyayinevi.com.tr\/index.php\/wp-json\/wp\/v2\/product_cat?post=736735"},{"taxonomy":"product_tag","embeddable":true,"href":"https:\/\/roveyayinevi.com.tr\/index.php\/wp-json\/wp\/v2\/product_tag?post=736735"}],"curies":[{"name":"wp","href":"https:\/\/api.w.org\/{rel}","templated":true}]}}