{"id":736720,"date":"2025-08-27T23:13:48","date_gmt":"2025-08-27T20:13:48","guid":{"rendered":"https:\/\/roveyayinevi.com.tr\/index.php\/urun\/takas\/"},"modified":"2026-04-16T02:45:46","modified_gmt":"2026-04-15T23:45:46","slug":"takas","status":"publish","type":"product","link":"https:\/\/roveyayinevi.com.tr\/index.php\/urun\/takas\/","title":{"rendered":"Takas"},"content":{"rendered":"<p>Locus En \u0130yi Korku Roman\u0131 \u00d6d\u00fcl\u00fc Kazanan\u0131   D\u00fcnya Fantazi En \u0130yi Roman \u00d6d\u00fcl\u00fc Kazanan\u0131   Britanya Fantazi En \u0130yi Korku Roman\u0131 \u00d6d\u00fcl\u00fc Kazanan\u0131   Apollo Kagwa, babas\u0131 ortadan kaybolduktan sonra k\u00e2buslar g\u00f6rmeye ba\u015flad\u0131. Babas\u0131 ona, i\u00e7inde bir kitab\u0131n da bulundu\u011fu tuhaf e\u015fyalarla dolu bir kutuyu miras b\u0131rakm\u0131\u015ft\u0131. Y\u0131llar ge\u00e7mi\u015fti ve art\u0131k Apollo da bir babayd\u0131 ama e\u015fi Emma yeni do\u011fan bebeklerine pek de s\u0131cak yakla\u015fm\u0131yordu. \u00d6nceleri bu durum Apollo\u2019ya do\u011fum sonras\u0131 depresyonu gibi g\u00f6r\u00fcn\u00fcyordu ama Emma korkun\u00e7 bir \u015fey yap\u0131p kay\u0131plara kar\u0131\u015ft\u0131ktan sonra deh\u015fetin kap\u0131lar\u0131 yava\u015f yava\u015f aralanacak, Apollo\u2019nun k\u00e2buslar\u0131 anlam kazanacakt\u0131.   Emma\u2019n\u0131n ak\u0131beti hakk\u0131nda bilgi sahibi oldu\u011funu iddia eden bir yabanc\u0131yla tan\u0131\u015fmas\u0131n\u0131n ard\u0131ndan ba\u015flayan maceras\u0131, Apollo\u2019yu bir adaya, s\u0131rlar\u0131n g\u00f6m\u00fcld\u00fc\u011f\u00fc bir mezarl\u0131\u011fa, efsanelerle dolu bir ormana g\u00f6t\u00fcrecekti. LaValle, klasik bir peri masal\u0131n\u0131 yeniden anlatt\u0131\u011f\u0131 bu t\u00fcyler \u00fcrpertici roman\u0131nda, sevdi\u011fimiz insanlar\u0131 yabanc\u0131ya d\u00f6n\u00fc\u015ft\u00fcren s\u0131rlar\u0131 ke\u015ffetmeye \u00e7a\u011f\u0131r\u0131yor bizi.   \u201cEdebiyat tanr\u0131lar\u0131 Haruki Murakami ile Ralph Ellison\u2019dan bir harman yapsalard\u0131 ortaya Victor LaValle \u00e7\u0131kard\u0131.\u201d \u2013Anthony Doerr   \u201cSa\u011flam bir Coen Karde\u015fler filmi gibi.\u201d \u2013Paul Beatty   \u201c\u0130lgi uyand\u0131ran, deh\u015fet dolu bir kitap.\u201d \u2013Kelly Link   \u201cB\u00fcy\u00fcleyici, heybetli bir eser.\u201d \u2013Marlon James <\/p>\n","protected":false},"excerpt":{"rendered":"<p>Locus En \u0130yi Korku Roman\u0131 \u00d6d\u00fcl\u00fc Kazanan\u0131 D\u00fcnya Fantazi En \u0130yi Roman \u00d6d\u00fcl\u00fc Kazanan\u0131 Britanya Fantazi En \u0130yi Korku Roman\u0131 \u00d6d\u00fcl\u00fc Kazanan\u0131 Apollo Kagwa, babas\u0131 ortadan<span class=\"excerpt-hellip\"> [\u2026]<\/span><\/p>\n","protected":false},"featured_media":0,"template":"","meta":{"_monsterinsights_skip_tracking":false,"_monsterinsights_sitenote_active":false,"_monsterinsights_sitenote_note":"","_monsterinsights_sitenote_category":0},"product_brand":[],"product_cat":[12291,17033],"product_tag":[],"class_list":{"0":"post-736720","1":"product","2":"type-product","3":"status-publish","5":"product_cat-edebiyat","6":"product_cat-korku-gerilim","7":"pa_cilt-ciltsiz","8":"pa_tur-kitap","9":"pa_yayinevi-ithaki-yayinlari","10":"pa_yazar-victor-lavalle","12":"first","13":"instock","14":"sale","15":"shipping-taxable","16":"purchasable","17":"product-type-simple"},"_links":{"self":[{"href":"https:\/\/roveyayinevi.com.tr\/index.php\/wp-json\/wp\/v2\/product\/736720","targetHints":{"allow":["GET"]}}],"collection":[{"href":"https:\/\/roveyayinevi.com.tr\/index.php\/wp-json\/wp\/v2\/product"}],"about":[{"href":"https:\/\/roveyayinevi.com.tr\/index.php\/wp-json\/wp\/v2\/types\/product"}],"wp:attachment":[{"href":"https:\/\/roveyayinevi.com.tr\/index.php\/wp-json\/wp\/v2\/media?parent=736720"}],"wp:term":[{"taxonomy":"product_brand","embeddable":true,"href":"https:\/\/roveyayinevi.com.tr\/index.php\/wp-json\/wp\/v2\/product_brand?post=736720"},{"taxonomy":"product_cat","embeddable":true,"href":"https:\/\/roveyayinevi.com.tr\/index.php\/wp-json\/wp\/v2\/product_cat?post=736720"},{"taxonomy":"product_tag","embeddable":true,"href":"https:\/\/roveyayinevi.com.tr\/index.php\/wp-json\/wp\/v2\/product_tag?post=736720"}],"curies":[{"name":"wp","href":"https:\/\/api.w.org\/{rel}","templated":true}]}}