{"id":736713,"date":"2025-08-27T23:13:40","date_gmt":"2025-08-27T20:13:40","guid":{"rendered":"https:\/\/roveyayinevi.com.tr\/index.php\/urun\/kuzey-kafkasya-devletlerinin-olusumu-turkiye-ve-azerbeycan-in-yardimindan-rusyanin-isgaline-kadar\/"},"modified":"2026-04-16T02:45:46","modified_gmt":"2026-04-15T23:45:46","slug":"kuzey-kafkasya-devletlerinin-olusumu-turkiye-ve-azerbeycan-in-yardimindan-rusyanin-isgaline-kadar","status":"publish","type":"product","link":"https:\/\/roveyayinevi.com.tr\/index.php\/urun\/kuzey-kafkasya-devletlerinin-olusumu-turkiye-ve-azerbeycan-in-yardimindan-rusyanin-isgaline-kadar\/","title":{"rendered":"Kuzey Kafkasya Devletlerinin Olu\u015fumu T\u00fcrkiye ve Azerbeycan&#8217; \u0131n Yard\u0131m\u0131ndan Rusya&#8217;n\u0131n \u0130\u015fgaline Kadar"},"content":{"rendered":"<p>B\u00d6L\u00dcM 1: RUSYA \u0130MPARATORLU\u011eU\u2019NUN \u00c7\u00d6K\u00dc\u015e\u00dc SONRASI AZERBAYCAN VE KUZEY KAFKASYA\u2019DA T\u00dcRK\u0130YE\u2019N\u0130N ROL\u00dc   B\u00d6L\u00dcM 2: KAFKASLAR\u2019DA YEN\u0130 DEVLETLER\u0130N OLU\u015eUMU: AZERBAYCAN VE KUZEY KAFKASYA   B\u00d6L\u00dcM 3: DA\u011eLI CUMHUR\u0130YET\u0130\u2019N\u0130N KURULMASI   B\u00d6L\u00dcM 4: KUZEY KAFKASYA EM\u0130RL\u0130\u011e\u0130   B\u00d6L\u00dcM 5: GOTS\u0130NSK\u0130 \u0130MAMLI\u011eI <\/p>\n","protected":false},"excerpt":{"rendered":"<p>B\u00d6L\u00dcM 1: RUSYA \u0130MPARATORLU\u011eU\u2019NUN \u00c7\u00d6K\u00dc\u015e\u00dc SONRASI AZERBAYCAN VE KUZEY KAFKASYA\u2019DA T\u00dcRK\u0130YE\u2019N\u0130N ROL\u00dc B\u00d6L\u00dcM 2: KAFKASLAR\u2019DA YEN\u0130 DEVLETLER\u0130N OLU\u015eUMU: AZERBAYCAN VE KUZEY KAFKASYA B\u00d6L\u00dcM 3: DA\u011eLI CUMHUR\u0130YET\u0130\u2019N\u0130N<span class=\"excerpt-hellip\"> [\u2026]<\/span><\/p>\n","protected":false},"featured_media":0,"template":"","meta":{"_monsterinsights_skip_tracking":false,"_monsterinsights_sitenote_active":false,"_monsterinsights_sitenote_note":"","_monsterinsights_sitenote_category":0},"product_brand":[],"product_cat":[12370,12304],"product_tag":[],"class_list":{"0":"post-736713","1":"product","2":"type-product","3":"status-publish","5":"product_cat-arastirma-inceleme","6":"product_cat-tarih","7":"pa_cilt-ciltsiz","8":"pa_tur-kitap","9":"pa_yayinevi-gazi-kitabevi","10":"pa_yazar-sevinc-aliyeva","12":"first","13":"instock","14":"sale","15":"shipping-taxable","16":"purchasable","17":"product-type-simple"},"_links":{"self":[{"href":"https:\/\/roveyayinevi.com.tr\/index.php\/wp-json\/wp\/v2\/product\/736713","targetHints":{"allow":["GET"]}}],"collection":[{"href":"https:\/\/roveyayinevi.com.tr\/index.php\/wp-json\/wp\/v2\/product"}],"about":[{"href":"https:\/\/roveyayinevi.com.tr\/index.php\/wp-json\/wp\/v2\/types\/product"}],"wp:attachment":[{"href":"https:\/\/roveyayinevi.com.tr\/index.php\/wp-json\/wp\/v2\/media?parent=736713"}],"wp:term":[{"taxonomy":"product_brand","embeddable":true,"href":"https:\/\/roveyayinevi.com.tr\/index.php\/wp-json\/wp\/v2\/product_brand?post=736713"},{"taxonomy":"product_cat","embeddable":true,"href":"https:\/\/roveyayinevi.com.tr\/index.php\/wp-json\/wp\/v2\/product_cat?post=736713"},{"taxonomy":"product_tag","embeddable":true,"href":"https:\/\/roveyayinevi.com.tr\/index.php\/wp-json\/wp\/v2\/product_tag?post=736713"}],"curies":[{"name":"wp","href":"https:\/\/api.w.org\/{rel}","templated":true}]}}