{"id":736712,"date":"2025-08-27T23:13:40","date_gmt":"2025-08-27T20:13:40","guid":{"rendered":"https:\/\/roveyayinevi.com.tr\/index.php\/urun\/sosyal-bilimler-acisindan-covid-19-pandemisinin-turkiyeye-etkileri\/"},"modified":"2026-04-16T02:45:46","modified_gmt":"2026-04-15T23:45:46","slug":"sosyal-bilimler-acisindan-covid-19-pandemisinin-turkiyeye-etkileri","status":"publish","type":"product","link":"https:\/\/roveyayinevi.com.tr\/index.php\/urun\/sosyal-bilimler-acisindan-covid-19-pandemisinin-turkiyeye-etkileri\/","title":{"rendered":"Sosyal Bilimler A\u00e7\u0131s\u0131ndan Covid-19 Pandemisinin T\u00fcrkiye\u2019ye Etkileri"},"content":{"rendered":"<p>B\u0130R\u0130NC\u0130 B\u00d6L\u00dcM Covid -19 Krizi Bilan\u00e7olar\u0131 Nas\u0131l Etkiledi? Bist-30 Bilan\u00e7olar\u0131nda G\u00f6zlemlenen Anomaliler   \u0130K\u0130NC\u0130 B\u00d6L\u00dcM Covid-19 S\u00fcrecinde Muhasebe ve Finansal Raporlama Standartlardaki Semptomlar \u0130le Muhasebele\u015ftirme \u00c7al\u0131\u015fmalar\u0131     \u00dc\u00c7\u00dcNC\u00dc B\u00d6L\u00dcM Covid-19&#8217;un Ba\u011f\u0131ms\u0131z Denetime Olan Etkileri: Bist \u0130malat Sekt\u00f6r\u00fc \u00dczerine Bir Ara\u015ft\u0131rma       D\u00d6RD\u00dcNC\u00dc B\u00d6L\u00dcM Pandemi S\u00fcreci ve Borsa \u0130stanbul&#8217;daki Geli\u015fmeler   BE\u015e\u0130NC\u0130 B\u00d6L\u00dcM Covid-19 Pandemisinin Gayrimenkul Piyasas\u0131 \u00dczerine Etkisi: T\u00fcrkiye \u0130ncelemesi   ALTINCI B\u00d6L\u00dcM Covid-19&#8217;un Bitcoin ve Alt\u0131n Aras\u0131ndaki \u0130li\u015fkiye Etkisi   YED\u0130NC\u0130 B\u00d6L\u00dcM Covid-19 Salg\u0131n\u0131n T\u00fcrkiye&#8217;de Tar\u0131m Sekt\u00f6r\u00fcne Etkisi   SEK\u0130Z\u0130NC\u0130 B\u00d6L\u00dcM Covid-19 S\u00fcrecinde T\u00fcrk Bankac\u0131l\u0131k Sekt\u00f6r\u00fcndeki Geli\u015fmeler   DOKUZUNCU B\u00d6L\u00dcM Covid-19 S\u00fcrecinde D\u00fcnyada ve T\u00fcrkiye&#8217;de Merkez Bankalar\u0131n\u0131n Uygulad\u0131\u011f\u0131 Para Politikalar\u0131   ONUNCU B\u00d6L\u00dcM Kat\u0131l\u0131m ve Liberal Bankac\u0131l\u0131k Sistemlerinin Katastrofik Risklere Kar\u015f\u0131 K\u0131r\u0131lganl\u0131\u011f\u0131: Covid-19 Vakas\u0131   ONB\u0130R\u0130NC\u0130 B\u00d6L\u00dcM Alternatif \u00d6demelerin Y\u00fckseli\u015fi: Covid-19 Pandemisi   ON\u0130K\u0130NC\u0130 B\u00d6L\u00dcM \u00d6rg\u00fctlerde Etkin Kriz \u0130leti\u015fim Y\u00f6netimi Stratejileri: Covid-19 \u00d6rne\u011fi   ON\u00dc\u00c7\u00dcNC\u00dc B\u00d6L\u00dcM Pandemi D\u00f6neminde Dijital Medya ve Mobil Kullan\u0131m\u0131   OND\u00d6RD\u00dcNC\u00dc B\u00d6L\u00dcM Covid-19 S\u00fcrecinde D\u00fcnya&#8217;da ve T\u00fcrkiye&#8217;de Uzaktan E\u011fitim ve Kullan\u0131lan Web 2.0 Ara\u00e7lar\u0131 <\/p>\n","protected":false},"excerpt":{"rendered":"<p>B\u0130R\u0130NC\u0130 B\u00d6L\u00dcM Covid -19 Krizi Bilan\u00e7olar\u0131 Nas\u0131l Etkiledi? Bist-30 Bilan\u00e7olar\u0131nda G\u00f6zlemlenen Anomaliler \u0130K\u0130NC\u0130 B\u00d6L\u00dcM Covid-19 S\u00fcrecinde Muhasebe ve Finansal Raporlama Standartlardaki Semptomlar \u0130le Muhasebele\u015ftirme \u00c7al\u0131\u015fmalar\u0131 \u00dc\u00c7\u00dcNC\u00dc<span class=\"excerpt-hellip\"> [\u2026]<\/span><\/p>\n","protected":false},"featured_media":0,"template":"","meta":{"_monsterinsights_skip_tracking":false,"_monsterinsights_sitenote_active":false,"_monsterinsights_sitenote_note":"","_monsterinsights_sitenote_category":0},"product_brand":[],"product_cat":[13043,14144],"product_tag":[],"class_list":{"0":"post-736712","1":"product","2":"type-product","3":"status-publish","5":"product_cat-ekonomi","6":"product_cat-turkiye-ekonomisi","7":"pa_cilt-ciltsiz","8":"pa_tur-kitap","9":"pa_yayinevi-gazi-kitabevi","10":"pa_yazar-sedat-yenice","12":"first","13":"instock","14":"sale","15":"shipping-taxable","16":"purchasable","17":"product-type-simple"},"_links":{"self":[{"href":"https:\/\/roveyayinevi.com.tr\/index.php\/wp-json\/wp\/v2\/product\/736712","targetHints":{"allow":["GET"]}}],"collection":[{"href":"https:\/\/roveyayinevi.com.tr\/index.php\/wp-json\/wp\/v2\/product"}],"about":[{"href":"https:\/\/roveyayinevi.com.tr\/index.php\/wp-json\/wp\/v2\/types\/product"}],"wp:attachment":[{"href":"https:\/\/roveyayinevi.com.tr\/index.php\/wp-json\/wp\/v2\/media?parent=736712"}],"wp:term":[{"taxonomy":"product_brand","embeddable":true,"href":"https:\/\/roveyayinevi.com.tr\/index.php\/wp-json\/wp\/v2\/product_brand?post=736712"},{"taxonomy":"product_cat","embeddable":true,"href":"https:\/\/roveyayinevi.com.tr\/index.php\/wp-json\/wp\/v2\/product_cat?post=736712"},{"taxonomy":"product_tag","embeddable":true,"href":"https:\/\/roveyayinevi.com.tr\/index.php\/wp-json\/wp\/v2\/product_tag?post=736712"}],"curies":[{"name":"wp","href":"https:\/\/api.w.org\/{rel}","templated":true}]}}