{"id":736708,"date":"2025-08-27T23:13:36","date_gmt":"2025-08-27T20:13:36","guid":{"rendered":"https:\/\/roveyayinevi.com.tr\/index.php\/urun\/gelenekten-gelecege-osmanli-mutfagi\/"},"modified":"2026-04-16T02:45:46","modified_gmt":"2026-04-15T23:45:46","slug":"gelenekten-gelecege-osmanli-mutfagi","status":"publish","type":"product","link":"https:\/\/roveyayinevi.com.tr\/index.php\/urun\/gelenekten-gelecege-osmanli-mutfagi\/","title":{"rendered":"Gelenekten Gelece\u011fe Osmanl\u0131 Mutfa\u011f\u0131"},"content":{"rendered":"<p>\u00b7         B\u0130R\u0130NC\u0130 B\u00d6L\u00dcM: OSMANLI MUTFA\u011eININ GEL\u0130\u015e\u0130M\u0130NE Y\u00d6NEL\u0130K TEOR\u0130K \u00c7ER\u00c7EVE   \u00b7         \u0130K\u0130NC\u0130 B\u00d6L\u00dcM: OSMANLI MUTFA\u011eINA Y\u00d6NEL\u0130K VATANDA\u015e \u0130LG\u0130 VE TUTUMLARINA DA\u0130R B\u0130R ARA\u015eTIRMA   \u00b7         \u00dc\u00c7\u00dcNC\u00dc B\u00d6L\u00dcM: GELENEKTEN GELECE\u011eE OSMANLI MUTFA\u011eINA DA\u0130R B\u0130R\u00d6RNEK: YEN\u0130 USUL YEMEK K\u0130TABI <\/p>\n","protected":false},"excerpt":{"rendered":"<p>\u00b7 B\u0130R\u0130NC\u0130 B\u00d6L\u00dcM: OSMANLI MUTFA\u011eININ GEL\u0130\u015e\u0130M\u0130NE Y\u00d6NEL\u0130K TEOR\u0130K \u00c7ER\u00c7EVE \u00b7 \u0130K\u0130NC\u0130 B\u00d6L\u00dcM: OSMANLI MUTFA\u011eINA Y\u00d6NEL\u0130K VATANDA\u015e \u0130LG\u0130 VE TUTUMLARINA DA\u0130R B\u0130R ARA\u015eTIRMA \u00b7 \u00dc\u00c7\u00dcNC\u00dc B\u00d6L\u00dcM: GELENEKTEN<span class=\"excerpt-hellip\"> [\u2026]<\/span><\/p>\n","protected":false},"featured_media":0,"template":"","meta":{"_monsterinsights_skip_tracking":false,"_monsterinsights_sitenote_active":false,"_monsterinsights_sitenote_note":"","_monsterinsights_sitenote_category":0},"product_brand":[],"product_cat":[13517,12304],"product_tag":[],"class_list":{"0":"post-736708","1":"product","2":"type-product","3":"status-publish","5":"product_cat-osmanli-tarihi","6":"product_cat-tarih","7":"pa_cilt-ciltsiz","8":"pa_tur-kitap","9":"pa_yayinevi-gazi-kitabevi","10":"pa_yazar-gazi-kitabevi-kolektif","12":"first","13":"instock","14":"sale","15":"shipping-taxable","16":"purchasable","17":"product-type-simple"},"_links":{"self":[{"href":"https:\/\/roveyayinevi.com.tr\/index.php\/wp-json\/wp\/v2\/product\/736708","targetHints":{"allow":["GET"]}}],"collection":[{"href":"https:\/\/roveyayinevi.com.tr\/index.php\/wp-json\/wp\/v2\/product"}],"about":[{"href":"https:\/\/roveyayinevi.com.tr\/index.php\/wp-json\/wp\/v2\/types\/product"}],"wp:attachment":[{"href":"https:\/\/roveyayinevi.com.tr\/index.php\/wp-json\/wp\/v2\/media?parent=736708"}],"wp:term":[{"taxonomy":"product_brand","embeddable":true,"href":"https:\/\/roveyayinevi.com.tr\/index.php\/wp-json\/wp\/v2\/product_brand?post=736708"},{"taxonomy":"product_cat","embeddable":true,"href":"https:\/\/roveyayinevi.com.tr\/index.php\/wp-json\/wp\/v2\/product_cat?post=736708"},{"taxonomy":"product_tag","embeddable":true,"href":"https:\/\/roveyayinevi.com.tr\/index.php\/wp-json\/wp\/v2\/product_tag?post=736708"}],"curies":[{"name":"wp","href":"https:\/\/api.w.org\/{rel}","templated":true}]}}

Gelenekten Geleceğe Osmanlı Mutfağı

<p>·         BİRİNCİ BÖLÜM: OSMANLI MUTFAĞININ GELİŞİMİNE YÖNELİK TEORİK ÇERÇEVE   ·         İKİNCİ BÖLÜM: OSMANLI MUTFAĞINA YÖNELİK VATANDAŞ İLGİ VE TUTUMLARINA DAİR BİR ARAŞTIRMA   ·         ÜÇÜNCÜ BÖLÜM: GELENEKTEN GELECEĞE OSMANLI MUTFAĞINA DAİR BİRÖRNEK: YENİ USUL YEMEK KİTABI </p>

<p>· BİRİNCİ BÖLÜM: OSMANLI MUTFAĞININ GELİŞİMİNE YÖNELİK TEORİK ÇERÇEVE · İKİNCİ BÖLÜM: OSMANLI MUTFAĞINA YÖNELİK VATANDAŞ İLGİ VE TUTUMLARINA DAİR BİR ARAŞTIRMA · ÜÇÜNCÜ BÖLÜM: GELENEKTEN<span class="excerpt-hellip"> […]</span></p>
